{"id":8261,"date":"2019-12-09T17:17:01","date_gmt":"2019-12-09T16:17:01","guid":{"rendered":"http:\/\/agora.xtec.cat\/inslacetania\/?page_id=8261"},"modified":"2022-09-24T19:33:14","modified_gmt":"2022-09-24T17:33:14","slug":"indi40","status":"publish","type":"page","link":"https:\/\/agora.xtec.cat\/inslacetania\/projectes\/erasmusplus\/erasmuspluska2\/indi40\/","title":{"rendered":"INDI4.0 (Industry Interaction 4.0)"},"content":{"rendered":"<p>Erasmus+ KA2 Project. 2019 &#8211; 2021. Extended until 2022<br \/>\nProject leader: <a href=\"https:\/\/www.mes-stuttgart.de\/max-eyth-schule\" target=\"_blank\" rel=\"noopener\">Max-Eyth Schule<\/a><br \/>\n<a href=\"http:\/\/indi40.bplaced.net\/Outputs\/outputs.html\" target=\"_blank\" rel=\"noopener\">Project Website<\/a><\/p>\n<hr \/>\n<p style=\"text-align: justify;\">La formaci\u00f3 sobre ind\u00fastria 4.0 \u00e9s molt important a tota Europa. El projecte Erasmus+ <strong>INDI4.0<\/strong> (Industrial Interaction 4.0) pret\u00e8n ser un intercanvi de formaci\u00f3 i experi\u00e8ncies entre instituts i institucions dels pa\u00efsos participants.<\/p>\n<p style=\"text-align: justify;\">L\u2019objectiu del projecte INDI4.0 \u00e9s apropar els estudiants al concepte d\u2019Ind\u00fastria 4.0 com un primer pas per a explicar i comprendre les relacions, els processos i les xarxes que s&#8217;estableixen entre els components d&#8217;aquests tipus de sistemes. Aquest objectiu es vol aconseguir mitjan\u00e7ant la impartici\u00f3 de tallers de formaci\u00f3 a partir dels quals es proporcioni la capacitaci\u00f3 i es desenvolupin les habilitats necess\u00e0ries dins del context d&#8217;ind\u00fastria 4.0. Per a assolir aquet coneixement, \u00e9s important que l&#8217;alumnat acompleixi les exig\u00e8ncies de l\u2019aprenentatge al llarg de la vida, necessari en una ind\u00fastria d&#8217;evoluci\u00f3 tan r\u00e0pida. Als tallers s\u2019utilitzaran m\u00e8todes i t\u00e8cniques modernes i innovadores amb la utilitzaci\u00f3 de material d\u2019aprenentatge digital.<\/p>\n<p style=\"text-align: justify;\">Al projecte Erasmus + INDI4.0 participen tres escoles t\u00e8cniques professionals d&#8217;Alemanya (Max-Eyth Schule d&#8217;Stuttgart), Espanya (Institut Lacet\u00e0nia de Manresa) i Portugal (CENFIM amb seu a Lisboa i a diferents ciutats de Portugal), l\u2019empresa alemanya Pilz especialista en temes de seguretat en m\u00e0quines la divisi\u00f3 tecnol\u00f2gica de la qual ha desenvolupat un sistema demostratiu Industry 4.0, i la Fundaci\u00f3 Lacet\u00e0nia com a centre de formaci\u00f3 ocupacional i cont\u00ednua de refer\u00e8ncia a la Catalunya Central.<\/p>\n<p style=\"text-align: justify;\">Com a resultat, hi ha prevista la realitzaci\u00f3 de lli\u00e7ons interactives que es podran utilitzar en la implementaci\u00f3 del tema de la ind\u00fastria 4.0 en instituts i institucions. A m\u00e9s, els m\u00e8todes i eines que orienten i ajuden en el disseny d&#8217;aquestes activitats podrien ser utilizats en el desenvolupament de dissenys educatius similars.<\/p>\n<hr \/>\n<p style=\"text-align: justify;\">The Industry 4.0 topic has also become relevant in educational and training organizations throughout Europe. For example, the implementation of this topic in the vocational training system has been much debated in Germany, mainly due to the creation of knowledge factories in Baden-Wuerttemberg. The INDI 4.0 project (Industrial Interaction 4.0) is designed to be a platform for ideas and proposals among European partner organizations.<\/p>\n<p>The aim of the project INDI 4.0 was as a first step, to introduce the young learners to Industry 4.0 and to bring it to life in their learning cycle. In the second step, competencies and skills selected were imparted, which are up-to-date and useful in both Industry 4.0. In communicating knowledge, great importance has been placed on providing learners with the requirements of lifelong learning in the rapidly evolving industry that throws contents up to date and that uses modern methods and techniques.<\/p>\n<p>The Erasmus + project INDU 4.0 involves three vocational schools in the field of automation technology (Germany, Spain and Portugal), as well as the company Pilz, which is active in the field of safety technology and has developed an Industry 4.0 demonstration plant. As a result interactive lesson plans are available, which are used in the implementation of the Industry 4.0 topics at schools and in training.<\/p>\n<p>Furthermore, methods and tools are shown, which are used in the design to guide and support similar lesson plans. The results can be found on the project&#8217;s own website.<\/p>\n<p>Institut Lacet\u00e0nia and Centre de Formaci\u00f3 Pr\u00e0ctica (CFP) was assigned on the development of a remote lab, to allow students to learn through complex active learning techniques from home and is currently available on the <a href=\"https:\/\/educaciodigital.cat\/inslacetania\/moodle\/course\/view.php?id=11824\" target=\"_blank\" rel=\"noopener\">Project&#8217;s moodle<\/a> (enter as a guest). To achieve this goal we have done:<\/p>\n<ul>\n<li>A practical guide for all instructors, instructional designers, and online learning administrators designing, developing, teaching, and leading online, hybrid and blended learning courses and programs, who seek to provide supportive, engaging, and interactive learner experiences.<\/li>\n<li>A method to allow students to carry out laboratory practices entirely remotely from the home of each student, only being necessary for a previous period of work in the classroom for the preparation and interconnection of equipment, so that they are remotely accessible.<\/li>\n<li>Explore the integration of active and experiential learning approaches and activities including simulations, project-based learning and scenario-based learning as they relate to the development of authentic skill-building, communication, problem solving, and critical-thinking in learners.<\/li>\n<\/ul>\n<p><a href=\"https:\/\/www.youtube.com\/watch?v=ky3O2A_KKg0\" target=\"_blank\" rel=\"noopener\">An example of the project can be seen here<\/a>.<\/p>\n<table style=\"border-collapse: collapse; width: 100%;\">\n<tbody>\n<tr>\n<td style=\"width: 50%; text-align: center;\"><img loading=\"lazy\" decoding=\"async\" class=\"aligncenter wp-image-15139\" style=\"border: none; color: #2795b6; text-align: start;\" src=\"https:\/\/agora.xtec.cat\/inslacetania\/wp-content\/uploads\/usu1045\/2022\/09\/remoteLabSchool-300x147.png\" alt=\"\" width=\"511\" height=\"250\" srcset=\"https:\/\/agora.xtec.cat\/inslacetania\/wp-content\/uploads\/usu1045\/2022\/09\/remoteLabSchool-300x147.png 300w, https:\/\/agora.xtec.cat\/inslacetania\/wp-content\/uploads\/usu1045\/2022\/09\/remoteLabSchool-768x376.png 768w, https:\/\/agora.xtec.cat\/inslacetania\/wp-content\/uploads\/usu1045\/2022\/09\/remoteLabSchool.png 907w\" sizes=\"auto, (max-width: 511px) 100vw, 511px\" \/><\/p>\n<p>Remote Lab in School<\/td>\n<td style=\"width: 50%;\"><a href=\"https:\/\/agora.xtec.cat\/inslacetania\/wp-content\/uploads\/usu1045\/2022\/09\/studentHome.png\"><img loading=\"lazy\" decoding=\"async\" class=\"aligncenter wp-image-15138\" src=\"https:\/\/agora.xtec.cat\/inslacetania\/wp-content\/uploads\/usu1045\/2022\/09\/studentHome-285x300.png\" alt=\"\" width=\"238\" height=\"250\" srcset=\"https:\/\/agora.xtec.cat\/inslacetania\/wp-content\/uploads\/usu1045\/2022\/09\/studentHome-285x300.png 285w, https:\/\/agora.xtec.cat\/inslacetania\/wp-content\/uploads\/usu1045\/2022\/09\/studentHome.png 601w\" sizes=\"auto, (max-width: 238px) 100vw, 238px\" \/><\/a><\/p>\n<p style=\"text-align: center;\">Student at home controlling the remote lab<\/p>\n<\/td>\n<\/tr>\n<\/tbody>\n<\/table>\n<p>Partners:<\/p>\n<p><a href=\"https:\/\/agora.xtec.cat\/inslacetania\/wp-content\/uploads\/usu1045\/2022\/09\/PartnersIndi40.png\"><img loading=\"lazy\" decoding=\"async\" class=\"alignnone wp-image-15140\" src=\"https:\/\/agora.xtec.cat\/inslacetania\/wp-content\/uploads\/usu1045\/2022\/09\/PartnersIndi40-300x57.png\" alt=\"\" width=\"532\" height=\"101\" srcset=\"https:\/\/agora.xtec.cat\/inslacetania\/wp-content\/uploads\/usu1045\/2022\/09\/PartnersIndi40-300x57.png 300w, https:\/\/agora.xtec.cat\/inslacetania\/wp-content\/uploads\/usu1045\/2022\/09\/PartnersIndi40.png 607w\" sizes=\"auto, (max-width: 532px) 100vw, 532px\" \/><\/a><\/p>\n<hr \/>\n<p style=\"text-align: right;\"><a href=\"https:\/\/agora.xtec.cat\/inslacetania\/wp-content\/uploads\/usu1045\/2019\/12\/LogosBeneficairesErasmusRIGHT_EN_0.jpg\"><img loading=\"lazy\" decoding=\"async\" class=\"alignnone wp-image-8263 size-medium\" src=\"https:\/\/agora.xtec.cat\/inslacetania\/wp-content\/uploads\/usu1045\/2019\/12\/LogosBeneficairesErasmusRIGHT_EN_0-300x62.jpg\" alt=\"\" width=\"300\" height=\"62\" srcset=\"https:\/\/agora.xtec.cat\/inslacetania\/wp-content\/uploads\/usu1045\/2019\/12\/LogosBeneficairesErasmusRIGHT_EN_0-300x62.jpg 300w, https:\/\/agora.xtec.cat\/inslacetania\/wp-content\/uploads\/usu1045\/2019\/12\/LogosBeneficairesErasmusRIGHT_EN_0-768x158.jpg 768w, https:\/\/agora.xtec.cat\/inslacetania\/wp-content\/uploads\/usu1045\/2019\/12\/LogosBeneficairesErasmusRIGHT_EN_0-1024x210.jpg 1024w\" sizes=\"auto, (max-width: 300px) 100vw, 300px\" \/><\/a><\/p>\n","protected":false},"excerpt":{"rendered":"<p>Erasmus+ KA2 Project. 2019 &#8211; 2021. Extended until 2022 Project leader: Max-Eyth Schule Project Website La formaci\u00f3 sobre ind\u00fastria 4.0 \u00e9s molt important a tota Europa. El projecte Erasmus+ INDI4.0 (Industrial Interaction 4.0) pret\u00e8n ser un intercanvi de formaci\u00f3 i experi\u00e8ncies entre instituts i institucions dels pa\u00efsos participants. L\u2019objectiu del projecte INDI4.0 \u00e9s apropar els [&hellip;]<\/p>\n","protected":false},"author":4,"featured_media":0,"parent":797,"menu_order":10,"comment_status":"closed","ping_status":"closed","template":"page-templates\/side-menu.php","meta":{"_bbp_topic_count":0,"_bbp_reply_count":0,"_bbp_total_topic_count":0,"_bbp_total_reply_count":0,"_bbp_voice_count":0,"_bbp_anonymous_reply_count":0,"_bbp_topic_count_hidden":0,"_bbp_reply_count_hidden":0,"_bbp_forum_subforum_count":0,"site-sidebar-layout":"default","site-content-layout":"","ast-site-content-layout":"","site-content-style":"default","site-sidebar-style":"default","ast-global-header-display":"","ast-banner-title-visibility":"","ast-main-header-display":"","ast-hfb-above-header-display":"","ast-hfb-below-header-display":"","ast-hfb-mobile-header-display":"","site-post-title":"","ast-breadcrumbs-content":"","ast-featured-img":"","footer-sml-layout":"","theme-transparent-header-meta":"","adv-header-id-meta":"","stick-header-meta":"","header-above-stick-meta":"","header-main-stick-meta":"","header-below-stick-meta":"","astra-migrate-meta-layouts":"default","ast-page-background-enabled":"default","ast-page-background-meta":{"desktop":{"background-color":"var(--ast-global-color-4)","background-image":"","background-repeat":"repeat","background-position":"center center","background-size":"auto","background-attachment":"scroll","background-type":"","background-media":"","overlay-type":"","overlay-color":"","overlay-opacity":"","overlay-gradient":""},"tablet":{"background-color":"","background-image":"","background-repeat":"repeat","background-position":"center center","background-size":"auto","background-attachment":"scroll","background-type":"","background-media":"","overlay-type":"","overlay-color":"","overlay-opacity":"","overlay-gradient":""},"mobile":{"background-color":"","background-image":"","background-repeat":"repeat","background-position":"center center","background-size":"auto","background-attachment":"scroll","background-type":"","background-media":"","overlay-type":"","overlay-color":"","overlay-opacity":"","overlay-gradient":""}},"ast-content-background-meta":{"desktop":{"background-color":"var(--ast-global-color-5)","background-image":"","background-repeat":"repeat","background-position":"center center","background-size":"auto","background-attachment":"scroll","background-type":"","background-media":"","overlay-type":"","overlay-color":"","overlay-opacity":"","overlay-gradient":""},"tablet":{"background-color":"var(--ast-global-color-5)","background-image":"","background-repeat":"repeat","background-position":"center center","background-size":"auto","background-attachment":"scroll","background-type":"","background-media":"","overlay-type":"","overlay-color":"","overlay-opacity":"","overlay-gradient":""},"mobile":{"background-color":"var(--ast-global-color-5)","background-image":"","background-repeat":"repeat","background-position":"center center","background-size":"auto","background-attachment":"scroll","background-type":"","background-media":"","overlay-type":"","overlay-color":"","overlay-opacity":"","overlay-gradient":""}},"footnotes":""},"class_list":["post-8261","page","type-page","status-publish","hentry"],"post_mailing_queue_ids":[],"_links":{"self":[{"href":"https:\/\/agora.xtec.cat\/inslacetania\/wp-json\/wp\/v2\/pages\/8261","targetHints":{"allow":["GET"]}}],"collection":[{"href":"https:\/\/agora.xtec.cat\/inslacetania\/wp-json\/wp\/v2\/pages"}],"about":[{"href":"https:\/\/agora.xtec.cat\/inslacetania\/wp-json\/wp\/v2\/types\/page"}],"author":[{"embeddable":true,"href":"https:\/\/agora.xtec.cat\/inslacetania\/wp-json\/wp\/v2\/users\/4"}],"replies":[{"embeddable":true,"href":"https:\/\/agora.xtec.cat\/inslacetania\/wp-json\/wp\/v2\/comments?post=8261"}],"version-history":[{"count":3,"href":"https:\/\/agora.xtec.cat\/inslacetania\/wp-json\/wp\/v2\/pages\/8261\/revisions"}],"predecessor-version":[{"id":15142,"href":"https:\/\/agora.xtec.cat\/inslacetania\/wp-json\/wp\/v2\/pages\/8261\/revisions\/15142"}],"up":[{"embeddable":true,"href":"https:\/\/agora.xtec.cat\/inslacetania\/wp-json\/wp\/v2\/pages\/797"}],"wp:attachment":[{"href":"https:\/\/agora.xtec.cat\/inslacetania\/wp-json\/wp\/v2\/media?parent=8261"}],"curies":[{"name":"wp","href":"https:\/\/api.w.org\/{rel}","templated":true}]}}