{"id":3685,"date":"2018-10-23T20:48:18","date_gmt":"2018-10-23T18:48:18","guid":{"rendered":"http:\/\/agora.xtec.cat\/inslacetania\/?page_id=3685"},"modified":"2021-10-07T18:18:21","modified_gmt":"2021-10-07T16:18:21","slug":"mica","status":"publish","type":"page","link":"https:\/\/agora.xtec.cat\/inslacetania\/projectes\/erasmusplus\/erasmuspluska2\/mica\/","title":{"rendered":"MICA (Mechanical Industrial Collaborative Assignments)"},"content":{"rendered":"<p>Erasmus+ KA2 Project. 2013-2016<\/p>\n<p><strong>MICA (Mechanical Industrial Collaborative Assignments)<\/strong>\u00a0will be Erasmus+ KA2 strategic partnership project on vocational education to further develop and implement technical workshops connected with CNC, automation, assembling, welding and flexible manufacturing systems learning tasks. These international student workshops (2 weeks) will be realized according the modern industrial company needs and partly in the company premises. The main aim of MICA is to enable VET transfer and learning cooperation with schools and companies. This also increases technical and intercultural soft skills concerning technical VET on industrial trades in Europe. The main aim is to foster and further develop VET organisations and companies cooperation and enable sustainable work methods according each curricula through international technical workshops in companies. All this happens through student and teacher workshops linked with and virtual cooperation with new pedagogical approach.<\/p>\n<hr \/>\n<p>El Departament d\u2019Electricitat i Electr\u00f2nica participa en el projecte\u00a0<strong>MICA (Mechanical Industrial Collaborative Assignments)<\/strong>, juntament amb la Fundaci\u00f3 Lacet\u00e0nia i amb escoles i empreses de Portugal, Pol\u00f2nia, Alemanya, Rep\u00fablica Txeca i Finl\u00e0ndia, pa\u00eds que actua com a coordinador. El projecte MICA, que representa la continu\u00eftat de l\u2019anterior projecte IPAN (International Production Automation Network), durar\u00e0 36 mesos i t\u00e9 com a objectiu valorar l\u2019efectivitat de tallers t\u00e8cnics de formaci\u00f3 de curta durada en col\u00b7laboraci\u00f3 amb empreses dels pa\u00efsos participants.<\/p>\n<p style=\"text-align: right;\"><a href=\"https:\/\/agora.xtec.cat\/inslacetania\/wp-content\/uploads\/usu1045\/2016\/11\/EU-flag-Erasmus-e1478460285882.jpg\"><img loading=\"lazy\" decoding=\"async\" class=\"alignnone size-medium wp-image-618\" src=\"https:\/\/agora.xtec.cat\/inslacetania\/wp-content\/uploads\/usu1045\/2016\/11\/EU-flag-Erasmus-300x86.jpg\" alt=\"\" width=\"300\" height=\"86\" \/><\/a><\/p>\n","protected":false},"excerpt":{"rendered":"<p>Erasmus+ KA2 Project. 2013-2016 MICA (Mechanical Industrial Collaborative Assignments)\u00a0will be Erasmus+ KA2 strategic partnership project on vocational education to further develop and implement technical workshops connected with CNC, automation, assembling, welding and flexible manufacturing systems learning tasks. These international student workshops (2 weeks) will be realized according the modern industrial company needs and partly in [&hellip;]<\/p>\n","protected":false},"author":4,"featured_media":0,"parent":797,"menu_order":20,"comment_status":"closed","ping_status":"closed","template":"page-templates\/side-menu.php","meta":{"_bbp_topic_count":0,"_bbp_reply_count":0,"_bbp_total_topic_count":0,"_bbp_total_reply_count":0,"_bbp_voice_count":0,"_bbp_anonymous_reply_count":0,"_bbp_topic_count_hidden":0,"_bbp_reply_count_hidden":0,"_bbp_forum_subforum_count":0,"site-sidebar-layout":"default","site-content-layout":"","ast-site-content-layout":"","site-content-style":"default","site-sidebar-style":"default","ast-global-header-display":"","ast-banner-title-visibility":"","ast-main-header-display":"","ast-hfb-above-header-display":"","ast-hfb-below-header-display":"","ast-hfb-mobile-header-display":"","site-post-title":"","ast-breadcrumbs-content":"","ast-featured-img":"","footer-sml-layout":"","theme-transparent-header-meta":"","adv-header-id-meta":"","stick-header-meta":"","header-above-stick-meta":"","header-main-stick-meta":"","header-below-stick-meta":"","astra-migrate-meta-layouts":"default","ast-page-background-enabled":"default","ast-page-background-meta":{"desktop":{"background-color":"var(--ast-global-color-4)","background-image":"","background-repeat":"repeat","background-position":"center center","background-size":"auto","background-attachment":"scroll","background-type":"","background-media":"","overlay-type":"","overlay-color":"","overlay-opacity":"","overlay-gradient":""},"tablet":{"background-color":"","background-image":"","background-repeat":"repeat","background-position":"center center","background-size":"auto","background-attachment":"scroll","background-type":"","background-media":"","overlay-type":"","overlay-color":"","overlay-opacity":"","overlay-gradient":""},"mobile":{"background-color":"","background-image":"","background-repeat":"repeat","background-position":"center center","background-size":"auto","background-attachment":"scroll","background-type":"","background-media":"","overlay-type":"","overlay-color":"","overlay-opacity":"","overlay-gradient":""}},"ast-content-background-meta":{"desktop":{"background-color":"var(--ast-global-color-5)","background-image":"","background-repeat":"repeat","background-position":"center center","background-size":"auto","background-attachment":"scroll","background-type":"","background-media":"","overlay-type":"","overlay-color":"","overlay-opacity":"","overlay-gradient":""},"tablet":{"background-color":"var(--ast-global-color-5)","background-image":"","background-repeat":"repeat","background-position":"center center","background-size":"auto","background-attachment":"scroll","background-type":"","background-media":"","overlay-type":"","overlay-color":"","overlay-opacity":"","overlay-gradient":""},"mobile":{"background-color":"var(--ast-global-color-5)","background-image":"","background-repeat":"repeat","background-position":"center center","background-size":"auto","background-attachment":"scroll","background-type":"","background-media":"","overlay-type":"","overlay-color":"","overlay-opacity":"","overlay-gradient":""}},"footnotes":""},"class_list":["post-3685","page","type-page","status-publish","hentry"],"post_mailing_queue_ids":[],"_links":{"self":[{"href":"https:\/\/agora.xtec.cat\/inslacetania\/wp-json\/wp\/v2\/pages\/3685","targetHints":{"allow":["GET"]}}],"collection":[{"href":"https:\/\/agora.xtec.cat\/inslacetania\/wp-json\/wp\/v2\/pages"}],"about":[{"href":"https:\/\/agora.xtec.cat\/inslacetania\/wp-json\/wp\/v2\/types\/page"}],"author":[{"embeddable":true,"href":"https:\/\/agora.xtec.cat\/inslacetania\/wp-json\/wp\/v2\/users\/4"}],"replies":[{"embeddable":true,"href":"https:\/\/agora.xtec.cat\/inslacetania\/wp-json\/wp\/v2\/comments?post=3685"}],"version-history":[{"count":3,"href":"https:\/\/agora.xtec.cat\/inslacetania\/wp-json\/wp\/v2\/pages\/3685\/revisions"}],"predecessor-version":[{"id":12279,"href":"https:\/\/agora.xtec.cat\/inslacetania\/wp-json\/wp\/v2\/pages\/3685\/revisions\/12279"}],"up":[{"embeddable":true,"href":"https:\/\/agora.xtec.cat\/inslacetania\/wp-json\/wp\/v2\/pages\/797"}],"wp:attachment":[{"href":"https:\/\/agora.xtec.cat\/inslacetania\/wp-json\/wp\/v2\/media?parent=3685"}],"curies":[{"name":"wp","href":"https:\/\/api.w.org\/{rel}","templated":true}]}}