{"id":23442,"date":"2024-10-14T20:30:10","date_gmt":"2024-10-14T18:30:10","guid":{"rendered":"https:\/\/agora.xtec.cat\/inslacetania\/?page_id=23442"},"modified":"2025-05-15T14:40:20","modified_gmt":"2025-05-15T12:40:20","slug":"concurscarpetalacetania","status":"publish","type":"page","link":"https:\/\/agora.xtec.cat\/inslacetania\/projectes\/projectes-de-centre\/concurscarpetalacetania\/","title":{"rendered":"Concurs Carpeta Lacet\u00e0nia"},"content":{"rendered":"<p>L&#8217;institut Lacet\u00e0nia proporciona al seu alumnat una carpeta per organitzar la documentaci\u00f3 del curs. Des del curs 22-23, coordinat des del Departament d&#8217;Arts, es convoca un concurs obert a tot l&#8217;alumnat del centre per a la tria de la carpeta del seg\u00fcent curs acad\u00e8mic. Cada any es reben desenes de dissenys provinents d&#8217;alumnat dels diferents nivells educatius del centre. A partir d&#8217;ells, el Departament d&#8217;Arts fa una selecci\u00f3 pr\u00e8via per deixar al voltant de 10 cartells sobre els quals es fa l&#8217;elecci\u00f3 final mitjan\u00e7ant una votaci\u00f3.<\/p>\n<p>Les seg\u00fcents s\u00f3n les propostes guanyadores dels diferents cursos acad\u00e8mics.<\/p>\n<table style=\"border-collapse: collapse; width: 100%;\">\n<tbody>\n<tr>\n<td style=\"width: 50%;\">\n<p><figure id=\"attachment_23447\" aria-describedby=\"caption-attachment-23447\" style=\"width: 2560px\" class=\"wp-caption alignnone\"><a href=\"https:\/\/agora.xtec.cat\/inslacetania\/wp-content\/uploads\/usu1045\/2024\/10\/CARPETA_22-23.png\"><img loading=\"lazy\" decoding=\"async\" class=\"wp-image-23447 size-full\" src=\"https:\/\/agora.xtec.cat\/inslacetania\/wp-content\/uploads\/usu1045\/2024\/10\/CARPETA_22-23.png\" alt=\"\" width=\"2560\" height=\"1600\" srcset=\"https:\/\/agora.xtec.cat\/inslacetania\/wp-content\/uploads\/usu1045\/2024\/10\/CARPETA_22-23.png 2560w, https:\/\/agora.xtec.cat\/inslacetania\/wp-content\/uploads\/usu1045\/2024\/10\/CARPETA_22-23-300x188.png 300w, https:\/\/agora.xtec.cat\/inslacetania\/wp-content\/uploads\/usu1045\/2024\/10\/CARPETA_22-23-1024x640.png 1024w, https:\/\/agora.xtec.cat\/inslacetania\/wp-content\/uploads\/usu1045\/2024\/10\/CARPETA_22-23-768x480.png 768w, https:\/\/agora.xtec.cat\/inslacetania\/wp-content\/uploads\/usu1045\/2024\/10\/CARPETA_22-23-1536x960.png 1536w, https:\/\/agora.xtec.cat\/inslacetania\/wp-content\/uploads\/usu1045\/2024\/10\/CARPETA_22-23-2048x1280.png 2048w\" sizes=\"auto, (max-width: 2560px) 100vw, 2560px\" \/><\/a><figcaption id=\"caption-attachment-23447\" class=\"wp-caption-text\">Curs 22-23<\/figcaption><\/figure><\/td>\n<td style=\"width: 50%;\">\n<p><figure id=\"attachment_23446\" aria-describedby=\"caption-attachment-23446\" style=\"width: 2668px\" class=\"wp-caption alignnone\"><a href=\"https:\/\/agora.xtec.cat\/inslacetania\/wp-content\/uploads\/usu1045\/2024\/10\/CARPETA_23-24.png\"><img loading=\"lazy\" decoding=\"async\" class=\"wp-image-23446 size-full\" src=\"https:\/\/agora.xtec.cat\/inslacetania\/wp-content\/uploads\/usu1045\/2024\/10\/CARPETA_23-24.png\" alt=\"\" width=\"2668\" height=\"1485\" srcset=\"https:\/\/agora.xtec.cat\/inslacetania\/wp-content\/uploads\/usu1045\/2024\/10\/CARPETA_23-24.png 2668w, https:\/\/agora.xtec.cat\/inslacetania\/wp-content\/uploads\/usu1045\/2024\/10\/CARPETA_23-24-300x167.png 300w, https:\/\/agora.xtec.cat\/inslacetania\/wp-content\/uploads\/usu1045\/2024\/10\/CARPETA_23-24-1024x570.png 1024w, https:\/\/agora.xtec.cat\/inslacetania\/wp-content\/uploads\/usu1045\/2024\/10\/CARPETA_23-24-768x427.png 768w, https:\/\/agora.xtec.cat\/inslacetania\/wp-content\/uploads\/usu1045\/2024\/10\/CARPETA_23-24-1536x855.png 1536w, https:\/\/agora.xtec.cat\/inslacetania\/wp-content\/uploads\/usu1045\/2024\/10\/CARPETA_23-24-2048x1140.png 2048w\" sizes=\"auto, (max-width: 2668px) 100vw, 2668px\" \/><\/a><figcaption id=\"caption-attachment-23446\" class=\"wp-caption-text\">Curs 23-24<\/figcaption><\/figure><\/td>\n<\/tr>\n<tr>\n<td style=\"width: 50%;\">\n<p><figure id=\"attachment_23445\" aria-describedby=\"caption-attachment-23445\" style=\"width: 1867px\" class=\"wp-caption alignnone\"><a href=\"https:\/\/agora.xtec.cat\/inslacetania\/wp-content\/uploads\/usu1045\/2024\/10\/CARPETA_24-25.png\"><img loading=\"lazy\" decoding=\"async\" class=\"wp-image-23445 size-full\" src=\"https:\/\/agora.xtec.cat\/inslacetania\/wp-content\/uploads\/usu1045\/2024\/10\/CARPETA_24-25.png\" alt=\"\" width=\"1867\" height=\"1047\" srcset=\"https:\/\/agora.xtec.cat\/inslacetania\/wp-content\/uploads\/usu1045\/2024\/10\/CARPETA_24-25.png 1867w, https:\/\/agora.xtec.cat\/inslacetania\/wp-content\/uploads\/usu1045\/2024\/10\/CARPETA_24-25-300x168.png 300w, https:\/\/agora.xtec.cat\/inslacetania\/wp-content\/uploads\/usu1045\/2024\/10\/CARPETA_24-25-1024x574.png 1024w, https:\/\/agora.xtec.cat\/inslacetania\/wp-content\/uploads\/usu1045\/2024\/10\/CARPETA_24-25-768x431.png 768w, https:\/\/agora.xtec.cat\/inslacetania\/wp-content\/uploads\/usu1045\/2024\/10\/CARPETA_24-25-1536x861.png 1536w\" sizes=\"auto, (max-width: 1867px) 100vw, 1867px\" \/><\/a><figcaption id=\"caption-attachment-23445\" class=\"wp-caption-text\">Curs 24-25<\/figcaption><\/figure><\/td>\n<td style=\"width: 50%;\">\n<p><figure id=\"attachment_26584\" aria-describedby=\"caption-attachment-26584\" style=\"width: 1822px\" class=\"wp-caption alignnone\"><a href=\"https:\/\/agora.xtec.cat\/inslacetania\/wp-content\/uploads\/usu1045\/2025\/05\/CARPETA_202526_FINAL-1.png\"><img loading=\"lazy\" decoding=\"async\" class=\"wp-image-26584 size-full\" src=\"https:\/\/agora.xtec.cat\/inslacetania\/wp-content\/uploads\/usu1045\/2025\/05\/CARPETA_202526_FINAL-1.png\" alt=\"\" width=\"1822\" height=\"1024\" srcset=\"https:\/\/agora.xtec.cat\/inslacetania\/wp-content\/uploads\/usu1045\/2025\/05\/CARPETA_202526_FINAL-1.png 1822w, https:\/\/agora.xtec.cat\/inslacetania\/wp-content\/uploads\/usu1045\/2025\/05\/CARPETA_202526_FINAL-1-300x169.png 300w, https:\/\/agora.xtec.cat\/inslacetania\/wp-content\/uploads\/usu1045\/2025\/05\/CARPETA_202526_FINAL-1-1024x576.png 1024w, https:\/\/agora.xtec.cat\/inslacetania\/wp-content\/uploads\/usu1045\/2025\/05\/CARPETA_202526_FINAL-1-768x432.png 768w, https:\/\/agora.xtec.cat\/inslacetania\/wp-content\/uploads\/usu1045\/2025\/05\/CARPETA_202526_FINAL-1-1536x863.png 1536w\" sizes=\"auto, (max-width: 1822px) 100vw, 1822px\" \/><\/a><figcaption id=\"caption-attachment-26584\" class=\"wp-caption-text\">Curs 25-26<\/figcaption><\/figure><\/td>\n<\/tr>\n<\/tbody>\n<\/table>\n<p>Agra\u00efm la resposta que ha tingut l&#8217;alumnat a aquesta iniciativa i els encoratgem a continuar participant-hi per ajudar amb el granet de sorra de tothom a fer l&#8217;institut millor. L&#8217;institut el fem entre tots i totes.<\/p>\n","protected":false},"excerpt":{"rendered":"<p>L&#8217;institut Lacet\u00e0nia proporciona al seu alumnat una carpeta per organitzar la documentaci\u00f3 del curs. Des del curs 22-23, coordinat des del Departament d&#8217;Arts, es convoca un concurs obert a tot l&#8217;alumnat del centre per a la tria de la carpeta del seg\u00fcent curs acad\u00e8mic. Cada any es reben desenes de dissenys provinents d&#8217;alumnat dels diferents [&hellip;]<\/p>\n","protected":false},"author":4,"featured_media":0,"parent":2693,"menu_order":70,"comment_status":"closed","ping_status":"closed","template":"page-templates\/side-menu.php","meta":{"_bbp_topic_count":0,"_bbp_reply_count":0,"_bbp_total_topic_count":0,"_bbp_total_reply_count":0,"_bbp_voice_count":0,"_bbp_anonymous_reply_count":0,"_bbp_topic_count_hidden":0,"_bbp_reply_count_hidden":0,"_bbp_forum_subforum_count":0,"site-sidebar-layout":"default","site-content-layout":"","ast-site-content-layout":"","site-content-style":"default","site-sidebar-style":"default","ast-global-header-display":"","ast-banner-title-visibility":"","ast-main-header-display":"","ast-hfb-above-header-display":"","ast-hfb-below-header-display":"","ast-hfb-mobile-header-display":"","site-post-title":"","ast-breadcrumbs-content":"","ast-featured-img":"","footer-sml-layout":"","theme-transparent-header-meta":"","adv-header-id-meta":"","stick-header-meta":"","header-above-stick-meta":"","header-main-stick-meta":"","header-below-stick-meta":"","astra-migrate-meta-layouts":"default","ast-page-background-enabled":"default","ast-page-background-meta":{"desktop":{"background-color":"var(--ast-global-color-4)","background-image":"","background-repeat":"repeat","background-position":"center center","background-size":"auto","background-attachment":"scroll","background-type":"","background-media":"","overlay-type":"","overlay-color":"","overlay-opacity":"","overlay-gradient":""},"tablet":{"background-color":"","background-image":"","background-repeat":"repeat","background-position":"center center","background-size":"auto","background-attachment":"scroll","background-type":"","background-media":"","overlay-type":"","overlay-color":"","overlay-opacity":"","overlay-gradient":""},"mobile":{"background-color":"","background-image":"","background-repeat":"repeat","background-position":"center center","background-size":"auto","background-attachment":"scroll","background-type":"","background-media":"","overlay-type":"","overlay-color":"","overlay-opacity":"","overlay-gradient":""}},"ast-content-background-meta":{"desktop":{"background-color":"var(--ast-global-color-5)","background-image":"","background-repeat":"repeat","background-position":"center center","background-size":"auto","background-attachment":"scroll","background-type":"","background-media":"","overlay-type":"","overlay-color":"","overlay-opacity":"","overlay-gradient":""},"tablet":{"background-color":"var(--ast-global-color-5)","background-image":"","background-repeat":"repeat","background-position":"center center","background-size":"auto","background-attachment":"scroll","background-type":"","background-media":"","overlay-type":"","overlay-color":"","overlay-opacity":"","overlay-gradient":""},"mobile":{"background-color":"var(--ast-global-color-5)","background-image":"","background-repeat":"repeat","background-position":"center center","background-size":"auto","background-attachment":"scroll","background-type":"","background-media":"","overlay-type":"","overlay-color":"","overlay-opacity":"","overlay-gradient":""}},"footnotes":""},"class_list":["post-23442","page","type-page","status-publish","hentry"],"post_mailing_queue_ids":[],"_links":{"self":[{"href":"https:\/\/agora.xtec.cat\/inslacetania\/wp-json\/wp\/v2\/pages\/23442","targetHints":{"allow":["GET"]}}],"collection":[{"href":"https:\/\/agora.xtec.cat\/inslacetania\/wp-json\/wp\/v2\/pages"}],"about":[{"href":"https:\/\/agora.xtec.cat\/inslacetania\/wp-json\/wp\/v2\/types\/page"}],"author":[{"embeddable":true,"href":"https:\/\/agora.xtec.cat\/inslacetania\/wp-json\/wp\/v2\/users\/4"}],"replies":[{"embeddable":true,"href":"https:\/\/agora.xtec.cat\/inslacetania\/wp-json\/wp\/v2\/comments?post=23442"}],"version-history":[{"count":6,"href":"https:\/\/agora.xtec.cat\/inslacetania\/wp-json\/wp\/v2\/pages\/23442\/revisions"}],"predecessor-version":[{"id":26585,"href":"https:\/\/agora.xtec.cat\/inslacetania\/wp-json\/wp\/v2\/pages\/23442\/revisions\/26585"}],"up":[{"embeddable":true,"href":"https:\/\/agora.xtec.cat\/inslacetania\/wp-json\/wp\/v2\/pages\/2693"}],"wp:attachment":[{"href":"https:\/\/agora.xtec.cat\/inslacetania\/wp-json\/wp\/v2\/media?parent=23442"}],"curies":[{"name":"wp","href":"https:\/\/api.w.org\/{rel}","templated":true}]}}