{"id":22906,"date":"2024-06-30T20:04:09","date_gmt":"2024-06-30T18:04:09","guid":{"rendered":"https:\/\/agora.xtec.cat\/inslacetania\/?page_id=22906"},"modified":"2024-06-30T20:04:09","modified_gmt":"2024-06-30T18:04:09","slug":"steamcat","status":"publish","type":"page","link":"https:\/\/agora.xtec.cat\/inslacetania\/projectes\/projectes-de-centre\/steamcat\/","title":{"rendered":"Steamcat"},"content":{"rendered":"<div>\n<h3 dir=\"ltr\">QU\u00c8 \u00c9S EL PROJECTE STEAM LACET\u00c0NIA?<\/h3>\n<p dir=\"ltr\">STEAM \u00e9s un projecte innovador per tal de treballar a partir d\u2019enfocaments globals i transversals, que aprofiten situacions contextualitzades i problematitzades de les Ci\u00e8ncies, la Tecnologia, l\u2019Enginyeria, l\u2019Art i les Matem\u00e0tiques, cercant solucions creatives i cr\u00edtiques.<\/p>\n<p dir=\"ltr\">\u00c9s un projecte que ha tingut una durada de 3 cursos i que ha perm\u00e8s dissenyar, implementar i avaluar la impartici\u00f3 d\u2019una optativa trimestral a 2n de la ESO en format de codoc\u00e8ncia. L\u2019alumnat t\u00e9 el repte de promoure l\u2019estalvi energ\u00e8tic i la millora de la qualitat ambiental en el seu institut. S\u2019utilitza la metodologia de treball cooperatiu del grup d\u2019experts. Cada equip de treball representa un despatx d\u2019arquitectura que ha rebut l&#8217;enc\u00e0rrec de dissenyar un institut m\u00e9s sostenible.<\/p>\n<div class=\"ast-oembed-container \" style=\"height: 100%;\"><iframe loading=\"lazy\" title=\"Steamcat 2024\" width=\"500\" height=\"281\" src=\"https:\/\/www.youtube.com\/embed\/bVzH_z9pO7U?feature=oembed\" frameborder=\"0\" allow=\"accelerometer; autoplay; clipboard-write; encrypted-media; gyroscope; picture-in-picture; web-share\" referrerpolicy=\"strict-origin-when-cross-origin\" allowfullscreen><\/iframe><\/div>\n<\/div>\n<div><\/div>\n","protected":false},"excerpt":{"rendered":"<p>QU\u00c8 \u00c9S EL PROJECTE STEAM LACET\u00c0NIA? STEAM \u00e9s un projecte innovador per tal de treballar a partir d\u2019enfocaments globals i transversals, que aprofiten situacions contextualitzades i problematitzades de les Ci\u00e8ncies, la Tecnologia, l\u2019Enginyeria, l\u2019Art i les Matem\u00e0tiques, cercant solucions creatives i cr\u00edtiques. \u00c9s un projecte que ha tingut una durada de 3 cursos i que [&hellip;]<\/p>\n","protected":false},"author":4,"featured_media":0,"parent":2693,"menu_order":60,"comment_status":"closed","ping_status":"closed","template":"page-templates\/side-menu.php","meta":{"_bbp_topic_count":0,"_bbp_reply_count":0,"_bbp_total_topic_count":0,"_bbp_total_reply_count":0,"_bbp_voice_count":0,"_bbp_anonymous_reply_count":0,"_bbp_topic_count_hidden":0,"_bbp_reply_count_hidden":0,"_bbp_forum_subforum_count":0,"site-sidebar-layout":"default","site-content-layout":"","ast-site-content-layout":"","site-content-style":"default","site-sidebar-style":"default","ast-global-header-display":"","ast-banner-title-visibility":"","ast-main-header-display":"","ast-hfb-above-header-display":"","ast-hfb-below-header-display":"","ast-hfb-mobile-header-display":"","site-post-title":"","ast-breadcrumbs-content":"","ast-featured-img":"","footer-sml-layout":"","theme-transparent-header-meta":"","adv-header-id-meta":"","stick-header-meta":"","header-above-stick-meta":"","header-main-stick-meta":"","header-below-stick-meta":"","astra-migrate-meta-layouts":"default","ast-page-background-enabled":"default","ast-page-background-meta":{"desktop":{"background-color":"var(--ast-global-color-4)","background-image":"","background-repeat":"repeat","background-position":"center center","background-size":"auto","background-attachment":"scroll","background-type":"","background-media":"","overlay-type":"","overlay-color":"","overlay-opacity":"","overlay-gradient":""},"tablet":{"background-color":"","background-image":"","background-repeat":"repeat","background-position":"center center","background-size":"auto","background-attachment":"scroll","background-type":"","background-media":"","overlay-type":"","overlay-color":"","overlay-opacity":"","overlay-gradient":""},"mobile":{"background-color":"","background-image":"","background-repeat":"repeat","background-position":"center center","background-size":"auto","background-attachment":"scroll","background-type":"","background-media":"","overlay-type":"","overlay-color":"","overlay-opacity":"","overlay-gradient":""}},"ast-content-background-meta":{"desktop":{"background-color":"var(--ast-global-color-5)","background-image":"","background-repeat":"repeat","background-position":"center center","background-size":"auto","background-attachment":"scroll","background-type":"","background-media":"","overlay-type":"","overlay-color":"","overlay-opacity":"","overlay-gradient":""},"tablet":{"background-color":"var(--ast-global-color-5)","background-image":"","background-repeat":"repeat","background-position":"center center","background-size":"auto","background-attachment":"scroll","background-type":"","background-media":"","overlay-type":"","overlay-color":"","overlay-opacity":"","overlay-gradient":""},"mobile":{"background-color":"var(--ast-global-color-5)","background-image":"","background-repeat":"repeat","background-position":"center center","background-size":"auto","background-attachment":"scroll","background-type":"","background-media":"","overlay-type":"","overlay-color":"","overlay-opacity":"","overlay-gradient":""}},"footnotes":""},"class_list":["post-22906","page","type-page","status-publish","hentry"],"post_mailing_queue_ids":[],"_links":{"self":[{"href":"https:\/\/agora.xtec.cat\/inslacetania\/wp-json\/wp\/v2\/pages\/22906","targetHints":{"allow":["GET"]}}],"collection":[{"href":"https:\/\/agora.xtec.cat\/inslacetania\/wp-json\/wp\/v2\/pages"}],"about":[{"href":"https:\/\/agora.xtec.cat\/inslacetania\/wp-json\/wp\/v2\/types\/page"}],"author":[{"embeddable":true,"href":"https:\/\/agora.xtec.cat\/inslacetania\/wp-json\/wp\/v2\/users\/4"}],"replies":[{"embeddable":true,"href":"https:\/\/agora.xtec.cat\/inslacetania\/wp-json\/wp\/v2\/comments?post=22906"}],"version-history":[{"count":4,"href":"https:\/\/agora.xtec.cat\/inslacetania\/wp-json\/wp\/v2\/pages\/22906\/revisions"}],"predecessor-version":[{"id":22910,"href":"https:\/\/agora.xtec.cat\/inslacetania\/wp-json\/wp\/v2\/pages\/22906\/revisions\/22910"}],"up":[{"embeddable":true,"href":"https:\/\/agora.xtec.cat\/inslacetania\/wp-json\/wp\/v2\/pages\/2693"}],"wp:attachment":[{"href":"https:\/\/agora.xtec.cat\/inslacetania\/wp-json\/wp\/v2\/media?parent=22906"}],"curies":[{"name":"wp","href":"https:\/\/api.w.org\/{rel}","templated":true}]}}