{"id":19183,"date":"2023-06-25T20:06:26","date_gmt":"2023-06-25T18:06:26","guid":{"rendered":"https:\/\/agora.xtec.cat\/inslacetania\/?page_id=19183"},"modified":"2026-02-23T16:53:14","modified_gmt":"2026-02-23T15:53:14","slug":"coordinacions-de-centre","status":"publish","type":"page","link":"https:\/\/agora.xtec.cat\/inslacetania\/linstitut\/coordinacions-de-centre\/","title":{"rendered":"Coordinacions de centre"},"content":{"rendered":"<p>El centre s&#8217;organitza en diferents coordinacions:<\/p>\n<table style=\"border-collapse: collapse; width: 100%; height: 368px;\">\n<tbody>\n<tr style=\"height: 23px;\">\n<td style=\"width: 50%; height: 23px;\">Coordinaci\u00f3 de qualitat<\/td>\n<td style=\"width: 50%; height: 23px;\">Neus Casas<\/td>\n<\/tr>\n<tr style=\"height: 23px;\">\n<td style=\"width: 50%; height: 23px;\">Coordinaci\u00f3 de gesti\u00f3 ambiental<\/td>\n<td style=\"width: 50%; height: 23px;\">Maria Vidiella<\/td>\n<\/tr>\n<tr style=\"height: 23px;\">\n<td style=\"width: 50%; height: 23px;\">Coordinaci\u00f3 de Prevenci\u00f3 de Riscos Laborals<\/td>\n<td style=\"width: 50%; height: 23px;\">Jordi Brunet<\/td>\n<\/tr>\n<tr style=\"height: 23px;\">\n<td style=\"width: 50%; height: 23px;\">Coordinaci\u00f3 Digital<\/td>\n<td style=\"width: 50%; height: 23px;\">Josep Escoda<\/td>\n<\/tr>\n<tr style=\"height: 23px;\">\n<td style=\"width: 50%; height: 23px;\">Coordinaci\u00f3 d\u2019activitats i serveis escolars<\/td>\n<td style=\"width: 50%; height: 23px;\">Mireia Garrido<\/td>\n<\/tr>\n<tr style=\"height: 23px;\">\n<td style=\"width: 50%; height: 23px;\">Coordinaci\u00f3 LIC<\/td>\n<td style=\"width: 50%; height: 23px;\">Josep Maria Bernal<\/td>\n<\/tr>\n<tr style=\"height: 23px;\">\n<td style=\"width: 50%; height: 23px;\">Coordinaci\u00f3 de la Plataforma de Gesti\u00f3 Acad\u00e8mica<\/td>\n<td style=\"width: 50%; height: 23px;\">Queralt Portell<\/td>\n<\/tr>\n<tr style=\"height: 23px;\">\n<td style=\"width: 50%; height: 23px;\">Orientaci\u00f3 d\u2019ESO\/BAT<\/td>\n<td style=\"width: 50%; height: 23px;\">N\u00faria Font \/ Marta Gasset<\/td>\n<\/tr>\n<tr style=\"height: 23px;\">\n<td style=\"width: 50%; height: 23px;\">Orientaci\u00f3 de cicles formatius de formaci\u00f3 professional<\/td>\n<td style=\"width: 50%; height: 23px;\">Carme Castel<\/td>\n<\/tr>\n<tr style=\"height: 23px;\">\n<td style=\"width: 50%; height: 23px;\">Coordinaci\u00f3 de Mobilitat Internacional<\/td>\n<td style=\"width: 50%; height: 23px;\">Anna Graells<\/td>\n<\/tr>\n<tr style=\"height: 23px;\">\n<td style=\"width: 50%; height: 23px;\">Coordinaci\u00f3 dels programes impulsFP<\/td>\n<td style=\"width: 50%; height: 23px;\">Dolors Codina<\/td>\n<\/tr>\n<tr style=\"height: 23px;\">\n<td style=\"width: 50%; height: 23px;\">Coordinaci\u00f3 d\u2019FP Dual<\/td>\n<td style=\"width: 50%; height: 23px;\">F\u00e8lix V\u00e0zquez<\/td>\n<\/tr>\n<tr style=\"height: 23px;\">\n<td style=\"width: 50%; height: 23px;\">Coordinaci\u00f3 de l\u2019IOC<\/td>\n<td style=\"width: 50%; height: 23px;\">Josep M\u00aa Torrabadella<\/td>\n<\/tr>\n<tr style=\"height: 23px;\">\n<td style=\"width: 50%; height: 23px;\">Coordinaci\u00f3 de les Jornades Lacet\u00e0nia<\/td>\n<td style=\"width: 50%; height: 23px;\">S\u00f2nia Cuesta<\/td>\n<\/tr>\n<tr style=\"height: 46px;\">\n<td style=\"width: 50%; height: 46px;\">Coordinaci\u00f3 dels Serveis d\u2019informaci\u00f3, orientaci\u00f3, acreditaci\u00f3, reconeixement i validaci\u00f3 professional.<\/td>\n<td style=\"width: 50%; height: 46px;\">D\u00eddac Garcia<\/td>\n<\/tr>\n<\/tbody>\n<\/table>\n<p>Caps de Departament<\/p>\n<table style=\"border-collapse: collapse; width: 100%;\">\n<tbody>\n<tr>\n<td style=\"width: 50%;\">Arts<\/td>\n<td style=\"width: 50%;\">Marta Guasch<\/td>\n<\/tr>\n<tr>\n<td style=\"width: 50%;\">Ci\u00e8ncies experimentals<\/td>\n<td style=\"width: 50%;\">David Adot<\/td>\n<\/tr>\n<tr>\n<td style=\"width: 50%;\">Ci\u00e8ncies socials<\/td>\n<td style=\"width: 50%;\">Carles Bajona<\/td>\n<\/tr>\n<tr>\n<td style=\"width: 50%;\">Educaci\u00f3 f\u00edsica<\/td>\n<td style=\"width: 50%;\">L\u00eddia Prat<\/td>\n<\/tr>\n<tr>\n<td style=\"width: 50%;\">Llengua castellana<\/td>\n<td style=\"width: 50%;\">Merc\u00e8 Arnau<\/td>\n<\/tr>\n<tr>\n<td style=\"width: 50%;\">Llengua catalana<\/td>\n<td style=\"width: 50%;\">Montserrat Serra<\/td>\n<\/tr>\n<tr>\n<td style=\"width: 50%;\">Idioma estranger<\/td>\n<td style=\"width: 50%;\">Montse Caballol<\/td>\n<\/tr>\n<tr>\n<td style=\"width: 50%;\">Matem\u00e0tiques<\/td>\n<td style=\"width: 50%;\">Paco Sanchis<\/td>\n<\/tr>\n<tr>\n<td style=\"width: 50%;\">Orientaci\u00f3 educativa<\/td>\n<td style=\"width: 50%;\">Laura Pujols<\/td>\n<\/tr>\n<tr>\n<td style=\"width: 50%;\">Tecnologia<\/td>\n<td style=\"width: 50%;\">Thais Orellana<\/td>\n<\/tr>\n<tr>\n<td style=\"width: 50%;\">\u00a0<\/td>\n<td style=\"width: 50%;\">\u00a0<\/td>\n<\/tr>\n<tr>\n<td style=\"width: 50%;\">Administraci\u00f3 i gesti\u00f3<\/td>\n<td style=\"width: 50%;\">Josep Maria Torrabadella<\/td>\n<\/tr>\n<tr>\n<td style=\"width: 50%;\">Electricitat i electr\u00f2nica<\/td>\n<td style=\"width: 50%;\">Josep Llordella<\/td>\n<\/tr>\n<tr>\n<td style=\"width: 50%;\">Fabricaci\u00f3 mec\u00e0nica<\/td>\n<td style=\"width: 50%;\">Ivan F\u00e9rez<\/td>\n<\/tr>\n<tr>\n<td style=\"width: 50%;\">Inform\u00e0tica i comunicacions<\/td>\n<td style=\"width: 50%;\">Marc Arnau<\/td>\n<\/tr>\n<tr>\n<td style=\"width: 50%;\">Instal\u00b7laci\u00f3 i manteniment<\/td>\n<td style=\"width: 50%;\">Santi Torres<\/td>\n<\/tr>\n<tr>\n<td style=\"width: 50%;\">Transport i manteniment de vehicles<\/td>\n<td style=\"width: 50%;\">Gen\u00eds Jo<\/td>\n<\/tr>\n<tr>\n<td style=\"width: 50%;\">Formaci\u00f3 i orientaci\u00f3 laboral<\/td>\n<td style=\"width: 50%;\">Dolors Codina<\/td>\n<\/tr>\n<tr>\n<td style=\"width: 50%;\">Programes de formaci\u00f3 i inserci\u00f3<\/td>\n<td style=\"width: 50%;\">I\u00f1aki Cordob\u00e9s<\/td>\n<\/tr>\n<\/tbody>\n<\/table>\n\n\n<p><\/p>\n","protected":false},"excerpt":{"rendered":"<p>El centre s&#8217;organitza en diferents coordinacions: Coordinaci\u00f3 de qualitat Neus Casas Coordinaci\u00f3 de gesti\u00f3 ambiental Maria Vidiella Coordinaci\u00f3 de Prevenci\u00f3 de Riscos Laborals Jordi Brunet Coordinaci\u00f3 Digital Josep Escoda Coordinaci\u00f3 d\u2019activitats i serveis escolars Mireia Garrido Coordinaci\u00f3 LIC Josep Maria Bernal Coordinaci\u00f3 de la Plataforma de Gesti\u00f3 Acad\u00e8mica Queralt Portell Orientaci\u00f3 d\u2019ESO\/BAT N\u00faria Font \/ [&hellip;]<\/p>\n","protected":false},"author":4,"featured_media":0,"parent":19,"menu_order":55,"comment_status":"closed","ping_status":"closed","template":"","meta":{"_bbp_topic_count":0,"_bbp_reply_count":0,"_bbp_total_topic_count":0,"_bbp_total_reply_count":0,"_bbp_voice_count":0,"_bbp_anonymous_reply_count":0,"_bbp_topic_count_hidden":0,"_bbp_reply_count_hidden":0,"_bbp_forum_subforum_count":0,"site-sidebar-layout":"default","site-content-layout":"","ast-site-content-layout":"default","site-content-style":"default","site-sidebar-style":"default","ast-global-header-display":"","ast-banner-title-visibility":"","ast-main-header-display":"","ast-hfb-above-header-display":"","ast-hfb-below-header-display":"","ast-hfb-mobile-header-display":"","site-post-title":"","ast-breadcrumbs-content":"","ast-featured-img":"","footer-sml-layout":"","theme-transparent-header-meta":"","adv-header-id-meta":"","stick-header-meta":"","header-above-stick-meta":"","header-main-stick-meta":"","header-below-stick-meta":"","astra-migrate-meta-layouts":"set","ast-page-background-enabled":"default","ast-page-background-meta":{"desktop":{"background-color":"var(--ast-global-color-4)","background-image":"","background-repeat":"repeat","background-position":"center center","background-size":"auto","background-attachment":"scroll","background-type":"","background-media":"","overlay-type":"","overlay-color":"","overlay-opacity":"","overlay-gradient":""},"tablet":{"background-color":"","background-image":"","background-repeat":"repeat","background-position":"center center","background-size":"auto","background-attachment":"scroll","background-type":"","background-media":"","overlay-type":"","overlay-color":"","overlay-opacity":"","overlay-gradient":""},"mobile":{"background-color":"","background-image":"","background-repeat":"repeat","background-position":"center center","background-size":"auto","background-attachment":"scroll","background-type":"","background-media":"","overlay-type":"","overlay-color":"","overlay-opacity":"","overlay-gradient":""}},"ast-content-background-meta":{"desktop":{"background-color":"var(--ast-global-color-5)","background-image":"","background-repeat":"repeat","background-position":"center center","background-size":"auto","background-attachment":"scroll","background-type":"","background-media":"","overlay-type":"","overlay-color":"","overlay-opacity":"","overlay-gradient":""},"tablet":{"background-color":"var(--ast-global-color-5)","background-image":"","background-repeat":"repeat","background-position":"center center","background-size":"auto","background-attachment":"scroll","background-type":"","background-media":"","overlay-type":"","overlay-color":"","overlay-opacity":"","overlay-gradient":""},"mobile":{"background-color":"var(--ast-global-color-5)","background-image":"","background-repeat":"repeat","background-position":"center center","background-size":"auto","background-attachment":"scroll","background-type":"","background-media":"","overlay-type":"","overlay-color":"","overlay-opacity":"","overlay-gradient":""}},"footnotes":""},"class_list":["post-19183","page","type-page","status-publish","hentry"],"post_mailing_queue_ids":[],"_links":{"self":[{"href":"https:\/\/agora.xtec.cat\/inslacetania\/wp-json\/wp\/v2\/pages\/19183","targetHints":{"allow":["GET"]}}],"collection":[{"href":"https:\/\/agora.xtec.cat\/inslacetania\/wp-json\/wp\/v2\/pages"}],"about":[{"href":"https:\/\/agora.xtec.cat\/inslacetania\/wp-json\/wp\/v2\/types\/page"}],"author":[{"embeddable":true,"href":"https:\/\/agora.xtec.cat\/inslacetania\/wp-json\/wp\/v2\/users\/4"}],"replies":[{"embeddable":true,"href":"https:\/\/agora.xtec.cat\/inslacetania\/wp-json\/wp\/v2\/comments?post=19183"}],"version-history":[{"count":6,"href":"https:\/\/agora.xtec.cat\/inslacetania\/wp-json\/wp\/v2\/pages\/19183\/revisions"}],"predecessor-version":[{"id":29016,"href":"https:\/\/agora.xtec.cat\/inslacetania\/wp-json\/wp\/v2\/pages\/19183\/revisions\/29016"}],"up":[{"embeddable":true,"href":"https:\/\/agora.xtec.cat\/inslacetania\/wp-json\/wp\/v2\/pages\/19"}],"wp:attachment":[{"href":"https:\/\/agora.xtec.cat\/inslacetania\/wp-json\/wp\/v2\/media?parent=19183"}],"curies":[{"name":"wp","href":"https:\/\/api.w.org\/{rel}","templated":true}]}}