{"id":18933,"date":"2023-06-04T21:30:39","date_gmt":"2023-06-04T19:30:39","guid":{"rendered":"https:\/\/agora.xtec.cat\/inslacetania\/?page_id=18933"},"modified":"2024-04-29T20:07:17","modified_gmt":"2024-04-29T18:07:17","slug":"projecte-generacio-plurilingue-gep","status":"publish","type":"page","link":"https:\/\/agora.xtec.cat\/inslacetania\/projectes\/projectes-de-centre\/projecte-generacio-plurilingue-gep\/","title":{"rendered":"Generaci\u00f3 Pluriling\u00fce (GEP)"},"content":{"rendered":"<p style=\"text-align: justify;\">El nostre Institut concep l&#8217;educaci\u00f3 com una gran oportunitat per ajudar els i les adolescents a adquirir un bon domini en lleng\u00fces estrangeres, especialment l&#8217;angl\u00e8s. I \u00e9s que, avui dia, les lleng\u00fces estrangeres tenen un paper clau en el creixement acad\u00e8mic i la posterior inserci\u00f3 laboral del nostre alumnat, ja que el capaciten per a interactuar amb el m\u00f3n en diversos idiomes tot afavorint-ne l&#8217;amplitud de visi\u00f3 i el desenvolupament del pensament cr\u00edtic. Aquesta concepci\u00f3 enlla\u00e7a plenament amb un dels objectius importants recollits al nostre projecte educatiu com \u00e9s potenciar l&#8217;\u00fas de la llengua anglesa.<\/p>\n<p style=\"text-align: center;\"><a href=\"https:\/\/agora.xtec.cat\/inslacetania\/wp-content\/uploads\/usu1045\/2023\/06\/logo-oficial-GEP.png\"><img loading=\"lazy\" decoding=\"async\" class=\"alignnone size-full wp-image-18943\" src=\"https:\/\/agora.xtec.cat\/inslacetania\/wp-content\/uploads\/usu1045\/2023\/06\/logo-oficial-GEP.png\" alt=\"\" width=\"296\" height=\"109\" \/><\/a><\/p>\n<p style=\"text-align: justify;\">El programa de <a href=\"https:\/\/xtec.gencat.cat\/ca\/projectes\/plurilinguisme\/programes\/institucionals\/gep\/\" target=\"_blank\" rel=\"noopener\">generaci\u00f3 pluriling\u00fce (GEP)<\/a> \u00e9s un Programa d&#8217;Innovaci\u00f3 Educativa impulsat pel Departament d&#8217;Educaci\u00f3 en el qual participen centres de tota Catalunya. El nostre institut va adherir-s&#8217;hi l&#8217;any 2021-2022. Explicat de forma molt b\u00e0sica, el programa fa servir metodologies de tractament integrat de llengua i contingut (TILC) en mat\u00e8ries no ling\u00fc\u00edstiques o dit d&#8217;una altra manera, s&#8217;imparteixen continguts de diferents mat\u00e8ries que no s\u00f3n de llengua (ci\u00e8ncies naturals, ci\u00e8ncies socials, matem\u00e0tiques, tecnologia. educaci\u00f3 f\u00edsica,&#8230;)\u00a0 en angl\u00e8s.<\/p>\n<p style=\"text-align: justify;\">El projecte <strong>Tell Me What You CLIL!<\/strong>, en refer\u00e8ncia a la can\u00e7\u00f3 dels Beatles <a href=\"https:\/\/youtu.be\/bztiAcsATyI\" target=\"_blank\" rel=\"noopener\">Tell Me What You See<\/a>\u00a0es basa en la realitzaci\u00f3 de projectes transversals desenvolupats en angl\u00e8s que mobilitzen els sabers de manera globalitzada. D\u2019aquesta manera l\u2019alumnat esdev\u00e9 el motor del seu aprenentatge i, a trav\u00e9s de la llengua anglesa, construeix coneixement.<\/p>\n<p style=\"text-align: justify;\">\u201cQu\u00e8 podem fer per millorar el sistema de reciclatge de la nostra escola?\u201d Amb aquesta pregunta desafiem l\u2019alumnat de 1r ESO perqu\u00e8 animi tota la comunitat educativa a reciclar b\u00e9. Parlem del projecte \u201cGo green! Go!\u201d. Afavorint les rutines de pensament per tal de detectar el que ja coneix sobre aquest tema, l\u2019alumnat apr\u00e8n vocabulari relacionat amb aquesta tem\u00e0tica de manera molt visual i activa, i es comunica en angl\u00e8s per expressar les seves idees. El resultat final d\u2019aquesta aventura compr\u00e8n des de la creaci\u00f3 de p\u00f2sters i la fabricaci\u00f3 de papereres, fins a la preparaci\u00f3 d\u2019un Walking Tour per explicar qu\u00e8 han fet i per qu\u00e8 ho han fet.<\/p>\n<table style=\"border-collapse: collapse; width: 100%;\">\n<tbody>\n<tr>\n<td style=\"width: 33.3333%; vertical-align: top;\"><a href=\"https:\/\/agora.xtec.cat\/inslacetania\/wp-content\/uploads\/usu1045\/2023\/06\/2023-06-04_21h16_50.png\"><img loading=\"lazy\" decoding=\"async\" class=\"alignnone size-full wp-image-18945 aligncenter\" src=\"https:\/\/agora.xtec.cat\/inslacetania\/wp-content\/uploads\/usu1045\/2023\/06\/2023-06-04_21h16_50.png\" alt=\"\" width=\"898\" height=\"670\" srcset=\"https:\/\/agora.xtec.cat\/inslacetania\/wp-content\/uploads\/usu1045\/2023\/06\/2023-06-04_21h16_50.png 898w, https:\/\/agora.xtec.cat\/inslacetania\/wp-content\/uploads\/usu1045\/2023\/06\/2023-06-04_21h16_50-300x224.png 300w, https:\/\/agora.xtec.cat\/inslacetania\/wp-content\/uploads\/usu1045\/2023\/06\/2023-06-04_21h16_50-768x573.png 768w, https:\/\/agora.xtec.cat\/inslacetania\/wp-content\/uploads\/usu1045\/2023\/06\/2023-06-04_21h16_50-200x150.png 200w\" sizes=\"auto, (max-width: 898px) 100vw, 898px\" \/><\/a><\/td>\n<td style=\"width: 33.3333%; text-align: center; vertical-align: top;\"><a href=\"https:\/\/agora.xtec.cat\/inslacetania\/wp-content\/uploads\/usu1045\/2023\/06\/IMG_20230510_092731624.jpg\"><img loading=\"lazy\" decoding=\"async\" class=\"alignnone wp-image-18946\" src=\"https:\/\/agora.xtec.cat\/inslacetania\/wp-content\/uploads\/usu1045\/2023\/06\/IMG_20230510_092731624.jpg\" alt=\"\" width=\"270\" height=\"331\" srcset=\"https:\/\/agora.xtec.cat\/inslacetania\/wp-content\/uploads\/usu1045\/2023\/06\/IMG_20230510_092731624.jpg 835w, https:\/\/agora.xtec.cat\/inslacetania\/wp-content\/uploads\/usu1045\/2023\/06\/IMG_20230510_092731624-245x300.jpg 245w, https:\/\/agora.xtec.cat\/inslacetania\/wp-content\/uploads\/usu1045\/2023\/06\/IMG_20230510_092731624-768x942.jpg 768w\" sizes=\"auto, (max-width: 270px) 100vw, 270px\" \/><\/a><\/td>\n<td style=\"width: 33.3333%; vertical-align: bottom; text-align: center;\"><a href=\"https:\/\/drive.google.com\/file\/d\/13PgfGnC30dJtSq-Ku6Xx81B7VqhTnk5W\/view?usp=sharing\" target=\"_blank\" rel=\"noopener\"><img loading=\"lazy\" decoding=\"async\" class=\"aligncenter wp-image-18947\" src=\"https:\/\/agora.xtec.cat\/inslacetania\/wp-content\/uploads\/usu1045\/2023\/06\/IMG_20230509_111444886.jpg\" alt=\"\" width=\"253\" height=\"337\" srcset=\"https:\/\/agora.xtec.cat\/inslacetania\/wp-content\/uploads\/usu1045\/2023\/06\/IMG_20230509_111444886.jpg 768w, https:\/\/agora.xtec.cat\/inslacetania\/wp-content\/uploads\/usu1045\/2023\/06\/IMG_20230509_111444886-225x300.jpg 225w\" sizes=\"auto, (max-width: 253px) 100vw, 253px\" \/><\/a><span style=\"font-size: 10px;\"><em>Pitja sobre la imatge per veure el funcionament<\/em><\/span><\/td>\n<\/tr>\n<\/tbody>\n<\/table>\n<p style=\"text-align: justify;\">A 2n ESO es desenvolupen dos projectes:<\/p>\n<ul>\n<li style=\"text-align: justify;\">&#8220;Where are the keys of the castle?&#8221; Amb aquesta pregunta motivadora l&#8217;alumnat es planteja el seg\u00fcent repte: qu\u00e8 podem fer per animar el jovent a visitar el Castell de Claramunt? Aquest curs 2023-2024 la resposta ha estat muntar una gimcana amb diverses activitats realitzades en angl\u00e8s per con\u00e8ixer com era la vida quotidiana a l&#8217;Edat Mitjana a trav\u00e9s del llegat d&#8217;aquest preci\u00f3s castell que encimbella La Pobla de Claramunt.<\/li>\n<\/ul>\n<table style=\"border-collapse: collapse; width: 100%;\">\n<tbody>\n<tr>\n<td style=\"width: 33.3333%;\"><a href=\"https:\/\/agora.xtec.cat\/inslacetania\/wp-content\/uploads\/usu1045\/2024\/04\/gep1.jpg\"><img loading=\"lazy\" decoding=\"async\" class=\"alignnone size-full wp-image-22076\" src=\"https:\/\/agora.xtec.cat\/inslacetania\/wp-content\/uploads\/usu1045\/2024\/04\/gep1.jpg\" alt=\"\" width=\"768\" height=\"1024\" srcset=\"https:\/\/agora.xtec.cat\/inslacetania\/wp-content\/uploads\/usu1045\/2024\/04\/gep1.jpg 768w, https:\/\/agora.xtec.cat\/inslacetania\/wp-content\/uploads\/usu1045\/2024\/04\/gep1-225x300.jpg 225w\" sizes=\"auto, (max-width: 768px) 100vw, 768px\" \/><\/a><\/td>\n<td style=\"width: 33.3333%;\"><a href=\"https:\/\/agora.xtec.cat\/inslacetania\/wp-content\/uploads\/usu1045\/2024\/04\/gep2.jpg\"><img loading=\"lazy\" decoding=\"async\" class=\"alignnone size-full wp-image-22077\" src=\"https:\/\/agora.xtec.cat\/inslacetania\/wp-content\/uploads\/usu1045\/2024\/04\/gep2.jpg\" alt=\"\" width=\"768\" height=\"1024\" srcset=\"https:\/\/agora.xtec.cat\/inslacetania\/wp-content\/uploads\/usu1045\/2024\/04\/gep2.jpg 768w, https:\/\/agora.xtec.cat\/inslacetania\/wp-content\/uploads\/usu1045\/2024\/04\/gep2-225x300.jpg 225w\" sizes=\"auto, (max-width: 768px) 100vw, 768px\" \/><\/a><\/td>\n<td style=\"width: 33.3333%;\"><a href=\"https:\/\/agora.xtec.cat\/inslacetania\/wp-content\/uploads\/usu1045\/2024\/04\/gep3.jpg\"><img loading=\"lazy\" decoding=\"async\" class=\"alignnone size-full wp-image-22078\" src=\"https:\/\/agora.xtec.cat\/inslacetania\/wp-content\/uploads\/usu1045\/2024\/04\/gep3.jpg\" alt=\"\" width=\"768\" height=\"1024\" srcset=\"https:\/\/agora.xtec.cat\/inslacetania\/wp-content\/uploads\/usu1045\/2024\/04\/gep3.jpg 768w, https:\/\/agora.xtec.cat\/inslacetania\/wp-content\/uploads\/usu1045\/2024\/04\/gep3-225x300.jpg 225w\" sizes=\"auto, (max-width: 768px) 100vw, 768px\" \/><\/a><\/td>\n<\/tr>\n<tr>\n<td style=\"width: 33.3333%;\" colspan=\"3\"><a href=\"https:\/\/agora.xtec.cat\/inslacetania\/wp-content\/uploads\/usu1045\/2024\/04\/MappingTheCastle-2.png\"><img loading=\"lazy\" decoding=\"async\" class=\"aligncenter wp-image-22201\" src=\"https:\/\/agora.xtec.cat\/inslacetania\/wp-content\/uploads\/usu1045\/2024\/04\/MappingTheCastle-2.png\" alt=\"\" width=\"512\" height=\"256\" srcset=\"https:\/\/agora.xtec.cat\/inslacetania\/wp-content\/uploads\/usu1045\/2024\/04\/MappingTheCastle-2.png 1024w, https:\/\/agora.xtec.cat\/inslacetania\/wp-content\/uploads\/usu1045\/2024\/04\/MappingTheCastle-2-300x150.png 300w, https:\/\/agora.xtec.cat\/inslacetania\/wp-content\/uploads\/usu1045\/2024\/04\/MappingTheCastle-2-768x384.png 768w\" sizes=\"auto, (max-width: 512px) 100vw, 512px\" \/><\/a><\/td>\n<\/tr>\n<\/tbody>\n<\/table>\n<ul>\n<li>Un projecte transversal sobre les \u201cciutats intel\u00b7ligents\u201d, \u00e9s a dir, aquelles ciutats que utilitzen les noves tecnologies per facilitar la vida de les persones que hi viuen. \u00c9s el cas de Manresa? El projecte \u201cGet Smart!\u201d ajudar\u00e0 l\u2019alumnat a descobrir-ho.<\/li>\n<\/ul>\n<p><a href=\"https:\/\/agora.xtec.cat\/inslacetania\/wp-content\/uploads\/usu1045\/2024\/04\/SmartZebraCrossing.png\"><img loading=\"lazy\" decoding=\"async\" class=\"alignnone wp-image-22202 aligncenter\" src=\"https:\/\/agora.xtec.cat\/inslacetania\/wp-content\/uploads\/usu1045\/2024\/04\/SmartZebraCrossing-1024x661.png\" alt=\"\" width=\"800\" height=\"516\" srcset=\"https:\/\/agora.xtec.cat\/inslacetania\/wp-content\/uploads\/usu1045\/2024\/04\/SmartZebraCrossing-1024x661.png 1024w, https:\/\/agora.xtec.cat\/inslacetania\/wp-content\/uploads\/usu1045\/2024\/04\/SmartZebraCrossing-300x194.png 300w, https:\/\/agora.xtec.cat\/inslacetania\/wp-content\/uploads\/usu1045\/2024\/04\/SmartZebraCrossing-768x495.png 768w, https:\/\/agora.xtec.cat\/inslacetania\/wp-content\/uploads\/usu1045\/2024\/04\/SmartZebraCrossing.png 1158w\" sizes=\"auto, (max-width: 800px) 100vw, 800px\" \/><\/a><\/p>\n<p>Welcome!<\/p>\n","protected":false},"excerpt":{"rendered":"<p>El nostre Institut concep l&#8217;educaci\u00f3 com una gran oportunitat per ajudar els i les adolescents a adquirir un bon domini en lleng\u00fces estrangeres, especialment l&#8217;angl\u00e8s. I \u00e9s que, avui dia, les lleng\u00fces estrangeres tenen un paper clau en el creixement acad\u00e8mic i la posterior inserci\u00f3 laboral del nostre alumnat, ja que el capaciten per a [&hellip;]<\/p>\n","protected":false},"author":4,"featured_media":0,"parent":2693,"menu_order":50,"comment_status":"closed","ping_status":"closed","template":"page-templates\/side-menu.php","meta":{"_bbp_topic_count":0,"_bbp_reply_count":0,"_bbp_total_topic_count":0,"_bbp_total_reply_count":0,"_bbp_voice_count":0,"_bbp_anonymous_reply_count":0,"_bbp_topic_count_hidden":0,"_bbp_reply_count_hidden":0,"_bbp_forum_subforum_count":0,"site-sidebar-layout":"default","site-content-layout":"","ast-site-content-layout":"","site-content-style":"default","site-sidebar-style":"default","ast-global-header-display":"","ast-banner-title-visibility":"","ast-main-header-display":"","ast-hfb-above-header-display":"","ast-hfb-below-header-display":"","ast-hfb-mobile-header-display":"","site-post-title":"","ast-breadcrumbs-content":"","ast-featured-img":"","footer-sml-layout":"","theme-transparent-header-meta":"","adv-header-id-meta":"","stick-header-meta":"","header-above-stick-meta":"","header-main-stick-meta":"","header-below-stick-meta":"","astra-migrate-meta-layouts":"default","ast-page-background-enabled":"default","ast-page-background-meta":{"desktop":{"background-color":"var(--ast-global-color-4)","background-image":"","background-repeat":"repeat","background-position":"center center","background-size":"auto","background-attachment":"scroll","background-type":"","background-media":"","overlay-type":"","overlay-color":"","overlay-opacity":"","overlay-gradient":""},"tablet":{"background-color":"","background-image":"","background-repeat":"repeat","background-position":"center center","background-size":"auto","background-attachment":"scroll","background-type":"","background-media":"","overlay-type":"","overlay-color":"","overlay-opacity":"","overlay-gradient":""},"mobile":{"background-color":"","background-image":"","background-repeat":"repeat","background-position":"center center","background-size":"auto","background-attachment":"scroll","background-type":"","background-media":"","overlay-type":"","overlay-color":"","overlay-opacity":"","overlay-gradient":""}},"ast-content-background-meta":{"desktop":{"background-color":"var(--ast-global-color-5)","background-image":"","background-repeat":"repeat","background-position":"center center","background-size":"auto","background-attachment":"scroll","background-type":"","background-media":"","overlay-type":"","overlay-color":"","overlay-opacity":"","overlay-gradient":""},"tablet":{"background-color":"var(--ast-global-color-5)","background-image":"","background-repeat":"repeat","background-position":"center center","background-size":"auto","background-attachment":"scroll","background-type":"","background-media":"","overlay-type":"","overlay-color":"","overlay-opacity":"","overlay-gradient":""},"mobile":{"background-color":"var(--ast-global-color-5)","background-image":"","background-repeat":"repeat","background-position":"center center","background-size":"auto","background-attachment":"scroll","background-type":"","background-media":"","overlay-type":"","overlay-color":"","overlay-opacity":"","overlay-gradient":""}},"footnotes":""},"class_list":["post-18933","page","type-page","status-publish","hentry"],"post_mailing_queue_ids":[],"_links":{"self":[{"href":"https:\/\/agora.xtec.cat\/inslacetania\/wp-json\/wp\/v2\/pages\/18933","targetHints":{"allow":["GET"]}}],"collection":[{"href":"https:\/\/agora.xtec.cat\/inslacetania\/wp-json\/wp\/v2\/pages"}],"about":[{"href":"https:\/\/agora.xtec.cat\/inslacetania\/wp-json\/wp\/v2\/types\/page"}],"author":[{"embeddable":true,"href":"https:\/\/agora.xtec.cat\/inslacetania\/wp-json\/wp\/v2\/users\/4"}],"replies":[{"embeddable":true,"href":"https:\/\/agora.xtec.cat\/inslacetania\/wp-json\/wp\/v2\/comments?post=18933"}],"version-history":[{"count":6,"href":"https:\/\/agora.xtec.cat\/inslacetania\/wp-json\/wp\/v2\/pages\/18933\/revisions"}],"predecessor-version":[{"id":22258,"href":"https:\/\/agora.xtec.cat\/inslacetania\/wp-json\/wp\/v2\/pages\/18933\/revisions\/22258"}],"up":[{"embeddable":true,"href":"https:\/\/agora.xtec.cat\/inslacetania\/wp-json\/wp\/v2\/pages\/2693"}],"wp:attachment":[{"href":"https:\/\/agora.xtec.cat\/inslacetania\/wp-json\/wp\/v2\/media?parent=18933"}],"curies":[{"name":"wp","href":"https:\/\/api.w.org\/{rel}","templated":true}]}}