{"id":18040,"date":"2023-04-14T19:03:19","date_gmt":"2023-04-14T17:03:19","guid":{"rendered":"https:\/\/agora.xtec.cat\/inslacetania\/?page_id=18040"},"modified":"2023-07-10T00:10:35","modified_gmt":"2023-07-09T22:10:35","slug":"mesforco-per-tu","status":"publish","type":"page","link":"https:\/\/agora.xtec.cat\/inslacetania\/projectes\/projectes-de-centre\/mesforco-per-tu\/","title":{"rendered":"M&#8217;esfor\u00e7o per tu"},"content":{"rendered":"<h4 style=\"text-align: justify;\">L\u2019ESO AL LACET\u00c0NIA: APROVAR VAL M\u00c9S QUE MAI<\/h4>\n<p style=\"text-align: justify;\">La vida \u00e9s un cam\u00ed d\u2019aprenentatge, i dins de la nostra traject\u00f2ria vital, hi ha una etapa fonamental que \u00e9s l\u2019\u00e8poca de formaci\u00f3 i creixement dels nostres joves.<\/p>\n<p style=\"text-align: justify;\">L\u2019institut Lacet\u00e0nia t\u00e9 un llarg recorregut, i caminant, caminant, ha arribat a una nova iniciativa que fa un pas m\u00e9s cap al proc\u00e9s de maduraci\u00f3 i d\u2019implicaci\u00f3 de l\u2019alumnat amb els seus estudis i el seu desenvolupament personal: vincular l\u2019esfor\u00e7 acad\u00e8mic amb la col\u00b7laboraci\u00f3 en l\u2019apadrinament d\u2019una nena \u00edndia, a trav\u00e9s de la Fundaci\u00f3 Vicen\u00e7 Ferrer, per tal que ella tamb\u00e9 pugui estudiar i tingui oportunitats de futur.<\/p>\n<p style=\"text-align: center;\"><a href=\"https:\/\/agora.xtec.cat\/inslacetania\/wp-content\/uploads\/usu1045\/2023\/04\/impulsores-del-projecte.jpg\"><img loading=\"lazy\" decoding=\"async\" class=\"wp-image-18047\" src=\"https:\/\/agora.xtec.cat\/inslacetania\/wp-content\/uploads\/usu1045\/2023\/04\/impulsores-del-projecte.jpg\" alt=\"\" width=\"500\" height=\"375\" srcset=\"https:\/\/agora.xtec.cat\/inslacetania\/wp-content\/uploads\/usu1045\/2023\/04\/impulsores-del-projecte.jpg 1024w, https:\/\/agora.xtec.cat\/inslacetania\/wp-content\/uploads\/usu1045\/2023\/04\/impulsores-del-projecte-300x225.jpg 300w, https:\/\/agora.xtec.cat\/inslacetania\/wp-content\/uploads\/usu1045\/2023\/04\/impulsores-del-projecte-768x576.jpg 768w, https:\/\/agora.xtec.cat\/inslacetania\/wp-content\/uploads\/usu1045\/2023\/04\/impulsores-del-projecte-200x150.jpg 200w\" sizes=\"auto, (max-width: 500px) 100vw, 500px\" \/><\/a><br \/>\nPilar Coma i Anna Carbonell, impulsores del projecte<\/p>\n<h4 style=\"text-align: justify;\">Aprovar val m\u00e9s que mai<\/h4>\n<p style=\"text-align: justify;\">Aquest projecte, que rep el suport de l\u2019AMPA, s\u2019anomena <em>M&#8217;esfor\u00e7o per tu<\/em>. Tenim apadrinada la Guntha, que t\u00e9 7 anys i que viu a Diguvametta, un poble rural d&#8217;uns cinc mil habitants. Gr\u00e0cies a tot l&#8217;alumnat que aprova totes les mat\u00e8ries cada trimestre, la Guntha tindr\u00e0 acc\u00e9s a l&#8217;educaci\u00f3 i a la sanitat, i a m\u00e9s a m\u00e9s, com m\u00e9s aprovats tinguem, es compraran bicicletes perqu\u00e8 joves de l&#8217;\u00cdndia les utilitzin per anar a l&#8217;escola i no abandonin els estudis.<\/p>\n<h4 style=\"text-align: justify;\">Sempre es pot donar ajuda, sigui quina sigui la situaci\u00f3 socioecon\u00f2mica<\/h4>\n<p style=\"text-align: justify;\">A la societat d\u2019avui dia existeixen tipologies molt diferents d\u2019alumnat. Els grups m\u00e9s vulnerables, sovint socialment estigmatitzats, \u00e9s positiu que tinguin l\u2019oportunitat de donar la seva ajuda a alg\u00fa que ho necessita. Passar de ser \u201cl\u2019ajudat\u201d a ser qui aporta recursos fa que l\u2019autoestima i la motivaci\u00f3 augmentin.<\/p>\n<h4 style=\"text-align: justify;\">Esfor\u00e7ar-se es converteix en un acte de generositat<\/h4>\n<p style=\"text-align: justify;\">La nostra parcel\u00b7la \u00e9s l\u2019educaci\u00f3 que inclou la sensibilitzaci\u00f3 i l\u2019ajuda cap als m\u00e9s desafavorits, en un m\u00f3n ple de desigualtats. Ens sembla un aprenentatge b\u00e0sic de cara a formar millors ciutadans i ciutadanes, el de crear un entorn on l\u2019\u00e8xit acad\u00e8mic traspassa el benefici personal per donar-li un nou valor. A trav\u00e9s de la generositat sovint s\u2019arriba a la felicitat, passant pel proc\u00e9s de veure com l\u2019entorn se\u2019ns fa m\u00e9s amable perqu\u00e8 som capa\u00e7os de veure-hi m\u00e9s enll\u00e0 de nosaltres mateixos. Ens quedem amb una de les frases de Vicen\u00e7 Ferrer: \u201c<em>Si unim les nostres mans, transformarem el m\u00f3n<\/em>\u201d<\/p>\n<p style=\"text-align: center;\"><a href=\"https:\/\/agora.xtec.cat\/inslacetania\/wp-content\/uploads\/usu1045\/2023\/04\/carnet-apadrinament.jpg\"><img loading=\"lazy\" decoding=\"async\" class=\"wp-image-18046\" src=\"https:\/\/agora.xtec.cat\/inslacetania\/wp-content\/uploads\/usu1045\/2023\/04\/carnet-apadrinament.jpg\" alt=\"\" width=\"500\" height=\"375\" srcset=\"https:\/\/agora.xtec.cat\/inslacetania\/wp-content\/uploads\/usu1045\/2023\/04\/carnet-apadrinament.jpg 1024w, https:\/\/agora.xtec.cat\/inslacetania\/wp-content\/uploads\/usu1045\/2023\/04\/carnet-apadrinament-300x225.jpg 300w, https:\/\/agora.xtec.cat\/inslacetania\/wp-content\/uploads\/usu1045\/2023\/04\/carnet-apadrinament-768x576.jpg 768w, https:\/\/agora.xtec.cat\/inslacetania\/wp-content\/uploads\/usu1045\/2023\/04\/carnet-apadrinament-200x150.jpg 200w\" sizes=\"auto, (max-width: 500px) 100vw, 500px\" \/><\/a><br \/>\nEl carnet d&#8217;apadrinament<\/p>\n<h4 style=\"text-align: justify;\">Un vincle poder\u00f3s<\/h4>\n<p style=\"text-align: justify;\">Trimestralment, s\u2019envien a l\u2019\u00cdndia cartes, dibuixos i presents per tal que la Guntha ens conegui. De part seva tamb\u00e9 ens arriben cartes, i sempre que sigui possible, m\u00e9s fotografies per poder-la anar coneixent. El Lancy Dodem, considerat el primer nen apadrinat per Vicen\u00e7 Ferrer, ha vingut a fer diverses xerrades per apropar l\u2019alumnat a la realitat del pa\u00eds i per mostrar-nos la Guntha, a qui hem pogut veure en una filmaci\u00f3.<\/p>\n<figure id=\"attachment_18045\" aria-describedby=\"caption-attachment-18045\" style=\"width: 500px\" class=\"wp-caption aligncenter\"><a href=\"https:\/\/agora.xtec.cat\/inslacetania\/wp-content\/uploads\/usu1045\/2023\/04\/Lancy-a-1r-ESO.png\"><img loading=\"lazy\" decoding=\"async\" class=\"wp-image-18045\" src=\"https:\/\/agora.xtec.cat\/inslacetania\/wp-content\/uploads\/usu1045\/2023\/04\/Lancy-a-1r-ESO.png\" alt=\"\" width=\"500\" height=\"375\" srcset=\"https:\/\/agora.xtec.cat\/inslacetania\/wp-content\/uploads\/usu1045\/2023\/04\/Lancy-a-1r-ESO.png 1024w, https:\/\/agora.xtec.cat\/inslacetania\/wp-content\/uploads\/usu1045\/2023\/04\/Lancy-a-1r-ESO-300x225.png 300w, https:\/\/agora.xtec.cat\/inslacetania\/wp-content\/uploads\/usu1045\/2023\/04\/Lancy-a-1r-ESO-768x576.png 768w, https:\/\/agora.xtec.cat\/inslacetania\/wp-content\/uploads\/usu1045\/2023\/04\/Lancy-a-1r-ESO-200x150.png 200w\" sizes=\"auto, (max-width: 500px) 100vw, 500px\" \/><\/a><figcaption id=\"caption-attachment-18045\" class=\"wp-caption-text\">Visita del Lancy a Lacet\u00e0nia amb l&#8217;alumnat de 1r d&#8217;ESO<\/figcaption><\/figure>\n<p>&nbsp;<\/p>\n<p style=\"text-align: justify;\">A m\u00e9s, l\u2019alumnat tamb\u00e9 realitza al llarg del curs un projecte sobre l\u2019\u00cdndia que est\u00e0 sent molt profit\u00f3s i motivador<\/p>\n<h4 style=\"text-align: justify;\">La veu de l\u2019alumnat<\/h4>\n<ul>\n<li style=\"text-align: justify;\">\u201cLa Guntha no pot fer tantes coses com nosaltres, no t\u00e9 tants drets, i per aix\u00f2 l\u2019ajudem\u201d.<\/li>\n<li style=\"text-align: justify;\">\u201cM\u2019agrada poder ajudar-la, s\u2019hauria de fer cada any\u201d.<\/li>\n<li style=\"text-align: justify;\">\u201cTinc ganes de poder-la con\u00e8ixer\u201d.<\/li>\n<li style=\"text-align: justify;\">\u201cEm sento molt b\u00e9 de poder ajudar una nena que viu tan lluny\u201d.<\/li>\n<li style=\"text-align: justify;\">\u201cM\u2019agrada ajudar-la perqu\u00e8 pugui estudiar, tothom hauria de tenir les mateixes oportunitats\u201d.<\/li>\n<li style=\"text-align: justify;\">\u201cEst\u00e0 molt b\u00e9 ajudar qui no t\u00e9 recursos\u201d.<\/li>\n<li style=\"text-align: justify;\">\u201cEm sento molt feli\u00e7, i m\u2019agradaria que pogu\u00e9s viure com nosaltres\u201d.<\/li>\n<\/ul>\n<h4 style=\"text-align: justify;\">La Fundaci\u00f3<\/h4>\n<p style=\"text-align: justify;\">La Fundaci\u00f3 Vicen\u00e7 Ferrer treballa a l\u2019\u00cdndia des del 1969. Ara ja es considera el pa\u00eds m\u00e9s poblat del m\u00f3n, i 370 milions de persones hi viuen en la pobresa. Est\u00e0 assentada a Anantapur per tal de donar ajuda a les zones rurals a trav\u00e9s de diferents mecanismes, entre els quals hi ha, per una banda, la gesti\u00f3 dels apadrinaments d\u2019infants que garanteixen l\u2019educaci\u00f3 i l\u2019acc\u00e9s a la sanitat, i per una altra, l\u2019acompanyament de joves per evitar l\u2019abandonament escolar prematur a trav\u00e9s del projecte de les bicicletes.<\/p>\n<p style=\"text-align: center;\"><strong>Apostem per l\u2019educaci\u00f3, que \u00e9s el nostre pont cap a un futur amb empoderament.<\/strong><\/p>\n","protected":false},"excerpt":{"rendered":"<p>L\u2019ESO AL LACET\u00c0NIA: APROVAR VAL M\u00c9S QUE MAI La vida \u00e9s un cam\u00ed d\u2019aprenentatge, i dins de la nostra traject\u00f2ria vital, hi ha una etapa fonamental que \u00e9s l\u2019\u00e8poca de formaci\u00f3 i creixement dels nostres joves. L\u2019institut Lacet\u00e0nia t\u00e9 un llarg recorregut, i caminant, caminant, ha arribat a una nova iniciativa que fa un pas [&hellip;]<\/p>\n","protected":false},"author":4,"featured_media":0,"parent":2693,"menu_order":40,"comment_status":"closed","ping_status":"closed","template":"page-templates\/side-menu.php","meta":{"_bbp_topic_count":0,"_bbp_reply_count":0,"_bbp_total_topic_count":0,"_bbp_total_reply_count":0,"_bbp_voice_count":0,"_bbp_anonymous_reply_count":0,"_bbp_topic_count_hidden":0,"_bbp_reply_count_hidden":0,"_bbp_forum_subforum_count":0,"site-sidebar-layout":"default","site-content-layout":"","ast-site-content-layout":"","site-content-style":"default","site-sidebar-style":"default","ast-global-header-display":"","ast-banner-title-visibility":"","ast-main-header-display":"","ast-hfb-above-header-display":"","ast-hfb-below-header-display":"","ast-hfb-mobile-header-display":"","site-post-title":"","ast-breadcrumbs-content":"","ast-featured-img":"","footer-sml-layout":"","theme-transparent-header-meta":"","adv-header-id-meta":"","stick-header-meta":"","header-above-stick-meta":"","header-main-stick-meta":"","header-below-stick-meta":"","astra-migrate-meta-layouts":"default","ast-page-background-enabled":"default","ast-page-background-meta":{"desktop":{"background-color":"var(--ast-global-color-4)","background-image":"","background-repeat":"repeat","background-position":"center center","background-size":"auto","background-attachment":"scroll","background-type":"","background-media":"","overlay-type":"","overlay-color":"","overlay-opacity":"","overlay-gradient":""},"tablet":{"background-color":"","background-image":"","background-repeat":"repeat","background-position":"center center","background-size":"auto","background-attachment":"scroll","background-type":"","background-media":"","overlay-type":"","overlay-color":"","overlay-opacity":"","overlay-gradient":""},"mobile":{"background-color":"","background-image":"","background-repeat":"repeat","background-position":"center center","background-size":"auto","background-attachment":"scroll","background-type":"","background-media":"","overlay-type":"","overlay-color":"","overlay-opacity":"","overlay-gradient":""}},"ast-content-background-meta":{"desktop":{"background-color":"var(--ast-global-color-5)","background-image":"","background-repeat":"repeat","background-position":"center center","background-size":"auto","background-attachment":"scroll","background-type":"","background-media":"","overlay-type":"","overlay-color":"","overlay-opacity":"","overlay-gradient":""},"tablet":{"background-color":"var(--ast-global-color-5)","background-image":"","background-repeat":"repeat","background-position":"center center","background-size":"auto","background-attachment":"scroll","background-type":"","background-media":"","overlay-type":"","overlay-color":"","overlay-opacity":"","overlay-gradient":""},"mobile":{"background-color":"var(--ast-global-color-5)","background-image":"","background-repeat":"repeat","background-position":"center center","background-size":"auto","background-attachment":"scroll","background-type":"","background-media":"","overlay-type":"","overlay-color":"","overlay-opacity":"","overlay-gradient":""}},"footnotes":""},"class_list":["post-18040","page","type-page","status-publish","hentry"],"post_mailing_queue_ids":[],"_links":{"self":[{"href":"https:\/\/agora.xtec.cat\/inslacetania\/wp-json\/wp\/v2\/pages\/18040","targetHints":{"allow":["GET"]}}],"collection":[{"href":"https:\/\/agora.xtec.cat\/inslacetania\/wp-json\/wp\/v2\/pages"}],"about":[{"href":"https:\/\/agora.xtec.cat\/inslacetania\/wp-json\/wp\/v2\/types\/page"}],"author":[{"embeddable":true,"href":"https:\/\/agora.xtec.cat\/inslacetania\/wp-json\/wp\/v2\/users\/4"}],"replies":[{"embeddable":true,"href":"https:\/\/agora.xtec.cat\/inslacetania\/wp-json\/wp\/v2\/comments?post=18040"}],"version-history":[{"count":3,"href":"https:\/\/agora.xtec.cat\/inslacetania\/wp-json\/wp\/v2\/pages\/18040\/revisions"}],"predecessor-version":[{"id":19248,"href":"https:\/\/agora.xtec.cat\/inslacetania\/wp-json\/wp\/v2\/pages\/18040\/revisions\/19248"}],"up":[{"embeddable":true,"href":"https:\/\/agora.xtec.cat\/inslacetania\/wp-json\/wp\/v2\/pages\/2693"}],"wp:attachment":[{"href":"https:\/\/agora.xtec.cat\/inslacetania\/wp-json\/wp\/v2\/media?parent=18040"}],"curies":[{"name":"wp","href":"https:\/\/api.w.org\/{rel}","templated":true}]}}