{"id":18037,"date":"2023-04-14T17:44:48","date_gmt":"2023-04-14T15:44:48","guid":{"rendered":"https:\/\/agora.xtec.cat\/inslacetania\/?page_id=18037"},"modified":"2023-04-14T17:44:48","modified_gmt":"2023-04-14T15:44:48","slug":"les-musiquetes-de-lacetania","status":"publish","type":"page","link":"https:\/\/agora.xtec.cat\/inslacetania\/projectes\/projectes-de-centre\/les-musiquetes-de-lacetania\/","title":{"rendered":"Les musiquetes de Lacet\u00e0nia"},"content":{"rendered":"<p align=\"justify\">Les Musiquetes del Lacet\u00e0nia \u00e9s un projecte engegat el gener del 2023 i que t\u00e9 un doble afany. Per una banda, posar de manifest que bona part de les lletres de les can\u00e7ons que escoltem no responen als nostres valors ni als que transmetem des del centre i, per tant, poder oferir al nostre alumnat m\u00fasica amb lletres respectuoses i amb les quals s&#8217;hi pugui emmirallar. Per altra banda, l&#8217;objectiu \u00e9s tamb\u00e9 compartir amb els nois i noies el nostre gust per la m\u00fasica de tots els temps, presentant-los un llistat de can\u00e7ons de diversos g\u00e8neres, que els obrir\u00e0 una nova finestra a la cultura i a l&#8217;art, i que potser fins ara els era desconegut. No hi han cabut ni tots els g\u00e8neres, ni totes les lleng\u00fces, ni totes les nacionalitats, ni tots els temes m\u00edtics que haur\u00edem volgut; la sorpresa ha estat nostra quan hem parat l&#8217;orella a la lletra de moltes de les can\u00e7ons que portem anys escoltant, i les hem hagut de descartar per proposar justament el model de conducta que intentem evitar a les nostres vides.<a href=\"https:\/\/agora.xtec.cat\/inslacetania\/wp-content\/uploads\/usu1045\/2023\/04\/Les-musiquetes-del-lacetania-12Format-Poster.jpg\"><img loading=\"lazy\" decoding=\"async\" class=\"alignnone  wp-image-17937 aligncenter\" src=\"https:\/\/agora.xtec.cat\/inslacetania\/wp-content\/uploads\/usu1045\/2023\/04\/Les-musiquetes-del-lacetania-12Format-Poster.jpg\" alt=\"\" width=\"450\" height=\"636\" srcset=\"https:\/\/agora.xtec.cat\/inslacetania\/wp-content\/uploads\/usu1045\/2023\/04\/Les-musiquetes-del-lacetania-12Format-Poster.jpg 1587w, https:\/\/agora.xtec.cat\/inslacetania\/wp-content\/uploads\/usu1045\/2023\/04\/Les-musiquetes-del-lacetania-12Format-Poster-212x300.jpg 212w, https:\/\/agora.xtec.cat\/inslacetania\/wp-content\/uploads\/usu1045\/2023\/04\/Les-musiquetes-del-lacetania-12Format-Poster-724x1024.jpg 724w, https:\/\/agora.xtec.cat\/inslacetania\/wp-content\/uploads\/usu1045\/2023\/04\/Les-musiquetes-del-lacetania-12Format-Poster-768x1086.jpg 768w, https:\/\/agora.xtec.cat\/inslacetania\/wp-content\/uploads\/usu1045\/2023\/04\/Les-musiquetes-del-lacetania-12Format-Poster-1086x1536.jpg 1086w, https:\/\/agora.xtec.cat\/inslacetania\/wp-content\/uploads\/usu1045\/2023\/04\/Les-musiquetes-del-lacetania-12Format-Poster-1448x2048.jpg 1448w\" sizes=\"auto, (max-width: 450px) 100vw, 450px\" \/><\/a>La idea va n\u00e9ixer el curs 2021-22 a la Comissi\u00f3 de Conviv\u00e8ncia, per\u00f2 es va anar creant durant l&#8217;estiu i el primer trimestre del curs 2022-23. El motor, que encara segueix engegat, no \u00e9s un altre que la il\u00b7lusi\u00f3 de compartir. De moment, el projecte est\u00e0 sent eina de profit per al treball a l\u2019aula i pel vincle alumnat-professorat fora d\u2019ella.<\/p>\n<p align=\"justify\">Cada setmana es penja un cartell al centre i a la p\u00e0gina web en qu\u00e8 s&#8217;anuncia el g\u00e8nere i les 5 can\u00e7ons que s&#8217;escoltaran &#8211; una per cada dia -, i el tema destacat de la setmana. De vegades es destaca una pe\u00e7a per motius hist\u00f2rics i d&#8217;altres per motius tem\u00e0tics. La tria \u00e9s personal i subjectiva, per\u00f2, sens dubte, qualsevol de les can\u00e7ons pot ser objecte d&#8217;estudi a l&#8217;aula.<\/p>\n<p align=\"justify\">Aquest projecte ha estat possible gr\u00e0cies a la col\u00b7laboraci\u00f3 de la Mireia Garrido, que en fa els cartells; a l&#8217;Eva Salvador, que va pensar en com\u00fa el llistat inicial de can\u00e7ons; la Judit Vall, que el difon per les xarxes; l\u2019equip de consergeria, que vetlla dia rere dia de pitjar perqu\u00e8 soni la m\u00fasica; i al Francesc Delis, pel recolzament incondicional.<\/p>\n<p align=\"justify\">Idoia Hernaiz Garcia<br \/>\nS\u00f2nia Moya Villanueva<\/p>\n","protected":false},"excerpt":{"rendered":"<p>Les Musiquetes del Lacet\u00e0nia \u00e9s un projecte engegat el gener del 2023 i que t\u00e9 un doble afany. Per una banda, posar de manifest que bona part de les lletres de les can\u00e7ons que escoltem no responen als nostres valors ni als que transmetem des del centre i, per tant, poder oferir al nostre alumnat [&hellip;]<\/p>\n","protected":false},"author":4,"featured_media":0,"parent":2693,"menu_order":30,"comment_status":"closed","ping_status":"closed","template":"page-templates\/side-menu.php","meta":{"_bbp_topic_count":0,"_bbp_reply_count":0,"_bbp_total_topic_count":0,"_bbp_total_reply_count":0,"_bbp_voice_count":0,"_bbp_anonymous_reply_count":0,"_bbp_topic_count_hidden":0,"_bbp_reply_count_hidden":0,"_bbp_forum_subforum_count":0,"site-sidebar-layout":"default","site-content-layout":"","ast-site-content-layout":"","site-content-style":"default","site-sidebar-style":"default","ast-global-header-display":"","ast-banner-title-visibility":"","ast-main-header-display":"","ast-hfb-above-header-display":"","ast-hfb-below-header-display":"","ast-hfb-mobile-header-display":"","site-post-title":"","ast-breadcrumbs-content":"","ast-featured-img":"","footer-sml-layout":"","theme-transparent-header-meta":"","adv-header-id-meta":"","stick-header-meta":"","header-above-stick-meta":"","header-main-stick-meta":"","header-below-stick-meta":"","astra-migrate-meta-layouts":"default","ast-page-background-enabled":"default","ast-page-background-meta":{"desktop":{"background-color":"var(--ast-global-color-4)","background-image":"","background-repeat":"repeat","background-position":"center center","background-size":"auto","background-attachment":"scroll","background-type":"","background-media":"","overlay-type":"","overlay-color":"","overlay-opacity":"","overlay-gradient":""},"tablet":{"background-color":"","background-image":"","background-repeat":"repeat","background-position":"center center","background-size":"auto","background-attachment":"scroll","background-type":"","background-media":"","overlay-type":"","overlay-color":"","overlay-opacity":"","overlay-gradient":""},"mobile":{"background-color":"","background-image":"","background-repeat":"repeat","background-position":"center center","background-size":"auto","background-attachment":"scroll","background-type":"","background-media":"","overlay-type":"","overlay-color":"","overlay-opacity":"","overlay-gradient":""}},"ast-content-background-meta":{"desktop":{"background-color":"var(--ast-global-color-5)","background-image":"","background-repeat":"repeat","background-position":"center center","background-size":"auto","background-attachment":"scroll","background-type":"","background-media":"","overlay-type":"","overlay-color":"","overlay-opacity":"","overlay-gradient":""},"tablet":{"background-color":"var(--ast-global-color-5)","background-image":"","background-repeat":"repeat","background-position":"center center","background-size":"auto","background-attachment":"scroll","background-type":"","background-media":"","overlay-type":"","overlay-color":"","overlay-opacity":"","overlay-gradient":""},"mobile":{"background-color":"var(--ast-global-color-5)","background-image":"","background-repeat":"repeat","background-position":"center center","background-size":"auto","background-attachment":"scroll","background-type":"","background-media":"","overlay-type":"","overlay-color":"","overlay-opacity":"","overlay-gradient":""}},"footnotes":""},"class_list":["post-18037","page","type-page","status-publish","hentry"],"post_mailing_queue_ids":[],"_links":{"self":[{"href":"https:\/\/agora.xtec.cat\/inslacetania\/wp-json\/wp\/v2\/pages\/18037","targetHints":{"allow":["GET"]}}],"collection":[{"href":"https:\/\/agora.xtec.cat\/inslacetania\/wp-json\/wp\/v2\/pages"}],"about":[{"href":"https:\/\/agora.xtec.cat\/inslacetania\/wp-json\/wp\/v2\/types\/page"}],"author":[{"embeddable":true,"href":"https:\/\/agora.xtec.cat\/inslacetania\/wp-json\/wp\/v2\/users\/4"}],"replies":[{"embeddable":true,"href":"https:\/\/agora.xtec.cat\/inslacetania\/wp-json\/wp\/v2\/comments?post=18037"}],"version-history":[{"count":1,"href":"https:\/\/agora.xtec.cat\/inslacetania\/wp-json\/wp\/v2\/pages\/18037\/revisions"}],"predecessor-version":[{"id":18038,"href":"https:\/\/agora.xtec.cat\/inslacetania\/wp-json\/wp\/v2\/pages\/18037\/revisions\/18038"}],"up":[{"embeddable":true,"href":"https:\/\/agora.xtec.cat\/inslacetania\/wp-json\/wp\/v2\/pages\/2693"}],"wp:attachment":[{"href":"https:\/\/agora.xtec.cat\/inslacetania\/wp-json\/wp\/v2\/media?parent=18037"}],"curies":[{"name":"wp","href":"https:\/\/api.w.org\/{rel}","templated":true}]}}