{"id":14714,"date":"2022-07-26T09:23:48","date_gmt":"2022-07-26T07:23:48","guid":{"rendered":"https:\/\/agora.xtec.cat\/inslacetania\/?page_id=14714"},"modified":"2022-07-26T09:23:48","modified_gmt":"2022-07-26T07:23:48","slug":"projectes-mefp-21-22","status":"publish","type":"page","link":"https:\/\/agora.xtec.cat\/inslacetania\/projectes\/mefp\/projectes-mefp-21-22\/","title":{"rendered":"Projectes MEFP 21-22"},"content":{"rendered":"<h2>L\u2019Institut Lacet\u00e0nia comprom\u00e8s amb la Innovaci\u00f3<\/h2>\n<p style=\"text-align: justify;\">A la convocat\u00f2ria oberta durant el curs 2021-22 dels Proyectos de Innovaci\u00f3n e investigaci\u00f3n aplicadas y transferencia del conocimiento en la Formaci\u00f3n Profesional, del Ministerio de Educaci\u00f3n y Formaci\u00f3n Profesional, finan\u00e7ats pels fons Next Generation de la Uni\u00f3 Europea, l\u2019INS Lacet\u00e0nia hi participa en dos projectes, cadascun dels quals compta amb un pressupost de 50.000\u20ac.<\/p>\n<p style=\"text-align: justify;\">Els projectes que han comen\u00e7at el passat abril i es desenvoluparan durant el curs 2022-23 consisteixen en la integraci\u00f3 real de les tecnologies relacionades amb el concepte de la Industria 4.0, que pret\u00e9n accelerar la competitivitat de les empreses del sector productiu.<br \/>\nEls projectes es desenvolupen en coordinaci\u00f3 amb altres centres de Formaci\u00f3 Professional de l\u2019Estat Espanyol, i compten amb el suport d\u2019un partner tecnol\u00f2gic, que proveeix al centre de la tecnologia i formaci\u00f3 necess\u00e0ries per assolir amb \u00e8xit els objectius en cadascun dels dos projectes.<\/p>\n<hr \/>\n<h3>Projecte A: GEMELO DIGITAL COMO HERRAMIENTA DE DISE\u00d1O, VALIDACI\u00d3N Y DESARROLLO SOSTENIBLE DE PROYECTOS EN LA IND. 4.0<\/h3>\n<p>Centre que lidera el projecte: <strong>Institut Lacet\u00e0nia de Manresa<\/strong><\/p>\n<p style=\"text-align: justify;\">El projecte en el qual tamb\u00e9 participen el CIFP Nicol\u00e1s Larburu LHII de Barakaldo, el CIP Virgen del Camino de Pamplona, i l\u2019empresa SIEMENS, t\u00e9 com a objectiu el disseny d\u2019una m\u00e0quina, tant a nivell mec\u00e0nic, com el\u00e8ctric i d\u2019automatitzaci\u00f3, mitjan\u00e7ant l\u2019aplicaci\u00f3 d\u2019eines de software de Bess\u00f3 Digital que permeten posar-la en funcionament tal com si fos la m\u00e0quina f\u00edsica real i controlar-la amb els mateixos equips d\u2019automatitzaci\u00f3 que contenen els quadres el\u00e8ctrics reals (aquest concepte s\u2019anomena Virtual Commissioning i es realitzar\u00e0 mitjan\u00e7ant SimensNX-MCD i TIA Portal).<\/p>\n<table style=\"border-collapse: collapse; width: 100%;\">\n<tbody>\n<tr>\n<td style=\"width: 50%; vertical-align: middle;\">\n<p style=\"text-align: center;\"><a href=\"https:\/\/agora.xtec.cat\/inslacetania\/wp-content\/uploads\/usu1045\/2022\/07\/Foto2.jpg\"><img loading=\"lazy\" decoding=\"async\" class=\"alignnone wp-image-14718 size-full\" src=\"https:\/\/agora.xtec.cat\/inslacetania\/wp-content\/uploads\/usu1045\/2022\/07\/Foto2.jpg\" alt=\"\" width=\"1172\" height=\"792\" srcset=\"https:\/\/agora.xtec.cat\/inslacetania\/wp-content\/uploads\/usu1045\/2022\/07\/Foto2.jpg 1172w, https:\/\/agora.xtec.cat\/inslacetania\/wp-content\/uploads\/usu1045\/2022\/07\/Foto2-300x203.jpg 300w, https:\/\/agora.xtec.cat\/inslacetania\/wp-content\/uploads\/usu1045\/2022\/07\/Foto2-1024x692.jpg 1024w, https:\/\/agora.xtec.cat\/inslacetania\/wp-content\/uploads\/usu1045\/2022\/07\/Foto2-768x519.jpg 768w\" sizes=\"auto, (max-width: 1172px) 100vw, 1172px\" \/><\/a><br \/>\n<em>Exemple de Bess\u00f3 digital operatiu<\/em><\/p>\n<\/td>\n<td style=\"width: 50%; text-align: center; vertical-align: middle;\"><a href=\"https:\/\/agora.xtec.cat\/inslacetania\/wp-content\/uploads\/usu1045\/2022\/07\/Foto1.jpg\"><img loading=\"lazy\" decoding=\"async\" class=\"alignnone size-full wp-image-14717\" src=\"https:\/\/agora.xtec.cat\/inslacetania\/wp-content\/uploads\/usu1045\/2022\/07\/Foto1.jpg\" alt=\"\" width=\"893\" height=\"412\" srcset=\"https:\/\/agora.xtec.cat\/inslacetania\/wp-content\/uploads\/usu1045\/2022\/07\/Foto1.jpg 893w, https:\/\/agora.xtec.cat\/inslacetania\/wp-content\/uploads\/usu1045\/2022\/07\/Foto1-300x138.jpg 300w, https:\/\/agora.xtec.cat\/inslacetania\/wp-content\/uploads\/usu1045\/2022\/07\/Foto1-768x354.jpg 768w\" sizes=\"auto, (max-width: 893px) 100vw, 893px\" \/><\/a><br \/>\n<em>M\u00e0quina real<\/em><\/td>\n<\/tr>\n<\/tbody>\n<\/table>\n<p style=\"text-align: justify;\">Una vegada la m\u00e0quina s\u2019hagi verificat acuradament, es procedir\u00e0 a la seva construcci\u00f3 real en la qual es contempla la integraci\u00f3 de moltes de les tecnologies de la Industria 4.0, com per exemple l\u2019aplicaci\u00f3 d\u2019smartsensors basats en tecnologia IO-Link, l\u2019aplicaci\u00f3 de la rob\u00f2tica i de l\u2019Edge Computing , la connexi\u00f3 a bases de dades ubicades al n\u00favol amb el registre dels indicadors de producci\u00f3 KPI i OEE, la ciberseguretat aplicada al camp de la Tecnologia d\u2019Operacions (OT), i la fabricaci\u00f3 additiva entre altres.<\/p>\n<p style=\"text-align: justify;\">Per acabar d\u2019arrodonir el projecte s\u2019inclour\u00e0 tamb\u00e9 el treball amb el software Tecnomatix que possibilita la simulaci\u00f3 de la m\u00e0quina en el s\u00ed d\u2019una planta de producci\u00f3 o c\u00e8l\u00b7lula robotitzada, interaccionant amb personal, altres m\u00e0quines o robots, talment com si es tract\u00e9s d\u2019una planta real.<\/p>\n<p><a href=\"https:\/\/agora.xtec.cat\/inslacetania\/wp-content\/uploads\/usu1045\/2022\/07\/Plant_sim.png\"><img loading=\"lazy\" decoding=\"async\" class=\"aligncenter wp-image-14721\" src=\"https:\/\/agora.xtec.cat\/inslacetania\/wp-content\/uploads\/usu1045\/2022\/07\/Plant_sim.png\" alt=\"\" width=\"640\" height=\"281\" srcset=\"https:\/\/agora.xtec.cat\/inslacetania\/wp-content\/uploads\/usu1045\/2022\/07\/Plant_sim.png 1024w, https:\/\/agora.xtec.cat\/inslacetania\/wp-content\/uploads\/usu1045\/2022\/07\/Plant_sim-300x132.png 300w, https:\/\/agora.xtec.cat\/inslacetania\/wp-content\/uploads\/usu1045\/2022\/07\/Plant_sim-768x337.png 768w\" sizes=\"auto, (max-width: 640px) 100vw, 640px\" \/><\/a><\/p>\n<hr \/>\n<h3>Projecte B: IMPLEMENTACI\u00d3N DE LA METODOLOGIA DE APRENDIZAJE BASADO EN PROYECTOS (ABP) EN LA ROB\u00d3TICA COLABORATIVA DE LA INDUSTRIA 4.0<\/h3>\n<p>Centre que lidera el projecte: <strong>CIFP Sim\u00f3n de Colonia de Burgos<\/strong><\/p>\n<p>En aquest projecte tamb\u00e9 hi participa l\u2019Institut Lacet\u00e0nia, juntament amb l\u2019IES Javier Garcia Tellez de C\u00e1ceres, i les empreses Universal Robots i Festo.<\/p>\n<p>L\u2019objectiu d\u2019aquest projecte es l\u2019aplicaci\u00f3 de la metodologia d\u2019aprenentatge basat en projectes (ABP), aplicada a l\u2019aprenentatge de la rob\u00f2tica col\u00b7laborativa. Una vegada formats, el professorat dels centres desenvolupar\u00e0 un conjunt d\u2019activitats basades en ABP sobre rob\u00f2tica col\u00b7laborativa, que despr\u00e9s els alumnes d\u2019FP posaran en pr\u00e0ctica.<\/p>\n<p>Es tracta de con\u00e8ixer a fons la rob\u00f2tica col\u00b7laborativa de la m\u00e0 d\u2019una de les empreses amb m\u00e9s forta implantaci\u00f3 a la industria, saber-la integrar amb altres dispositius, i estendre de forma generalitzada la metodologia ABP, com la forma habitual de treballar als Cicles Formatius de Formaci\u00f3 Professional.<\/p>\n<p style=\"text-align: center;\"><a href=\"https:\/\/agora.xtec.cat\/inslacetania\/wp-content\/uploads\/usu1045\/2022\/07\/Form_UR.jpg\"><img loading=\"lazy\" decoding=\"async\" class=\"aligncenter wp-image-14722\" src=\"https:\/\/agora.xtec.cat\/inslacetania\/wp-content\/uploads\/usu1045\/2022\/07\/Form_UR.jpg\" alt=\"\" width=\"640\" height=\"288\" srcset=\"https:\/\/agora.xtec.cat\/inslacetania\/wp-content\/uploads\/usu1045\/2022\/07\/Form_UR.jpg 2312w, https:\/\/agora.xtec.cat\/inslacetania\/wp-content\/uploads\/usu1045\/2022\/07\/Form_UR-300x135.jpg 300w, https:\/\/agora.xtec.cat\/inslacetania\/wp-content\/uploads\/usu1045\/2022\/07\/Form_UR-1024x462.jpg 1024w, https:\/\/agora.xtec.cat\/inslacetania\/wp-content\/uploads\/usu1045\/2022\/07\/Form_UR-768x346.jpg 768w, https:\/\/agora.xtec.cat\/inslacetania\/wp-content\/uploads\/usu1045\/2022\/07\/Form_UR-1536x692.jpg 1536w, https:\/\/agora.xtec.cat\/inslacetania\/wp-content\/uploads\/usu1045\/2022\/07\/Form_UR-2048x923.jpg 2048w\" sizes=\"auto, (max-width: 640px) 100vw, 640px\" \/><\/a><em>Professors de l\u2019Institut Lacet\u00e0nia a la 1a jornada de formaci\u00f3 a l\u2019aula d\u2019Universal Robots<\/em><\/p>\n<hr \/>\n<p style=\"text-align: justify;\">Ambd\u00f3s projectes seran realitzats per equips de treball formats per alumnes i professors dels CFGS de Mecatr\u00f2nica Industrial i Automatitzaci\u00f3 i Rob\u00f2tica Industrial<\/p>\n<hr \/>\n<p style=\"text-align: right;\"><a href=\"https:\/\/agora.xtec.cat\/inslacetania\/wp-content\/uploads\/usu1045\/2022\/07\/Logo_MEFP.jpg\"><img loading=\"lazy\" decoding=\"async\" class=\"alignnone size-medium wp-image-14712\" src=\"https:\/\/agora.xtec.cat\/inslacetania\/wp-content\/uploads\/usu1045\/2022\/07\/Logo_MEFP-300x80.jpg\" alt=\"\" width=\"300\" height=\"80\" srcset=\"https:\/\/agora.xtec.cat\/inslacetania\/wp-content\/uploads\/usu1045\/2022\/07\/Logo_MEFP-300x80.jpg 300w, https:\/\/agora.xtec.cat\/inslacetania\/wp-content\/uploads\/usu1045\/2022\/07\/Logo_MEFP.jpg 422w\" sizes=\"auto, (max-width: 300px) 100vw, 300px\" \/><\/a><a href=\"https:\/\/agora.xtec.cat\/inslacetania\/wp-content\/uploads\/usu1045\/2022\/07\/logo-ue-nextgenerationeu.png\"><img loading=\"lazy\" decoding=\"async\" class=\"alignnone size-medium wp-image-14724\" src=\"https:\/\/agora.xtec.cat\/inslacetania\/wp-content\/uploads\/usu1045\/2022\/07\/logo-ue-nextgenerationeu-300x88.png\" alt=\"\" width=\"300\" height=\"88\" srcset=\"https:\/\/agora.xtec.cat\/inslacetania\/wp-content\/uploads\/usu1045\/2022\/07\/logo-ue-nextgenerationeu-300x88.png 300w, https:\/\/agora.xtec.cat\/inslacetania\/wp-content\/uploads\/usu1045\/2022\/07\/logo-ue-nextgenerationeu-1024x301.png 1024w, https:\/\/agora.xtec.cat\/inslacetania\/wp-content\/uploads\/usu1045\/2022\/07\/logo-ue-nextgenerationeu-768x225.png 768w, https:\/\/agora.xtec.cat\/inslacetania\/wp-content\/uploads\/usu1045\/2022\/07\/logo-ue-nextgenerationeu-1536x451.png 1536w, https:\/\/agora.xtec.cat\/inslacetania\/wp-content\/uploads\/usu1045\/2022\/07\/logo-ue-nextgenerationeu-2048x601.png 2048w\" sizes=\"auto, (max-width: 300px) 100vw, 300px\" \/><\/a><\/p>\n<p>&nbsp;<\/p>\n","protected":false},"excerpt":{"rendered":"<p>L\u2019Institut Lacet\u00e0nia comprom\u00e8s amb la Innovaci\u00f3 A la convocat\u00f2ria oberta durant el curs 2021-22 dels Proyectos de Innovaci\u00f3n e investigaci\u00f3n aplicadas y transferencia del conocimiento en la Formaci\u00f3n Profesional, del Ministerio de Educaci\u00f3n y Formaci\u00f3n Profesional, finan\u00e7ats pels fons Next Generation de la Uni\u00f3 Europea, l\u2019INS Lacet\u00e0nia hi participa en dos projectes, cadascun dels quals [&hellip;]<\/p>\n","protected":false},"author":4,"featured_media":0,"parent":14710,"menu_order":10,"comment_status":"closed","ping_status":"closed","template":"page-templates\/side-menu.php","meta":{"_bbp_topic_count":0,"_bbp_reply_count":0,"_bbp_total_topic_count":0,"_bbp_total_reply_count":0,"_bbp_voice_count":0,"_bbp_anonymous_reply_count":0,"_bbp_topic_count_hidden":0,"_bbp_reply_count_hidden":0,"_bbp_forum_subforum_count":0,"site-sidebar-layout":"default","site-content-layout":"","ast-site-content-layout":"","site-content-style":"default","site-sidebar-style":"default","ast-global-header-display":"","ast-banner-title-visibility":"","ast-main-header-display":"","ast-hfb-above-header-display":"","ast-hfb-below-header-display":"","ast-hfb-mobile-header-display":"","site-post-title":"","ast-breadcrumbs-content":"","ast-featured-img":"","footer-sml-layout":"","theme-transparent-header-meta":"","adv-header-id-meta":"","stick-header-meta":"","header-above-stick-meta":"","header-main-stick-meta":"","header-below-stick-meta":"","astra-migrate-meta-layouts":"default","ast-page-background-enabled":"default","ast-page-background-meta":{"desktop":{"background-color":"var(--ast-global-color-4)","background-image":"","background-repeat":"repeat","background-position":"center center","background-size":"auto","background-attachment":"scroll","background-type":"","background-media":"","overlay-type":"","overlay-color":"","overlay-opacity":"","overlay-gradient":""},"tablet":{"background-color":"","background-image":"","background-repeat":"repeat","background-position":"center center","background-size":"auto","background-attachment":"scroll","background-type":"","background-media":"","overlay-type":"","overlay-color":"","overlay-opacity":"","overlay-gradient":""},"mobile":{"background-color":"","background-image":"","background-repeat":"repeat","background-position":"center center","background-size":"auto","background-attachment":"scroll","background-type":"","background-media":"","overlay-type":"","overlay-color":"","overlay-opacity":"","overlay-gradient":""}},"ast-content-background-meta":{"desktop":{"background-color":"var(--ast-global-color-5)","background-image":"","background-repeat":"repeat","background-position":"center center","background-size":"auto","background-attachment":"scroll","background-type":"","background-media":"","overlay-type":"","overlay-color":"","overlay-opacity":"","overlay-gradient":""},"tablet":{"background-color":"var(--ast-global-color-5)","background-image":"","background-repeat":"repeat","background-position":"center center","background-size":"auto","background-attachment":"scroll","background-type":"","background-media":"","overlay-type":"","overlay-color":"","overlay-opacity":"","overlay-gradient":""},"mobile":{"background-color":"var(--ast-global-color-5)","background-image":"","background-repeat":"repeat","background-position":"center center","background-size":"auto","background-attachment":"scroll","background-type":"","background-media":"","overlay-type":"","overlay-color":"","overlay-opacity":"","overlay-gradient":""}},"footnotes":""},"class_list":["post-14714","page","type-page","status-publish","hentry"],"post_mailing_queue_ids":[],"_links":{"self":[{"href":"https:\/\/agora.xtec.cat\/inslacetania\/wp-json\/wp\/v2\/pages\/14714","targetHints":{"allow":["GET"]}}],"collection":[{"href":"https:\/\/agora.xtec.cat\/inslacetania\/wp-json\/wp\/v2\/pages"}],"about":[{"href":"https:\/\/agora.xtec.cat\/inslacetania\/wp-json\/wp\/v2\/types\/page"}],"author":[{"embeddable":true,"href":"https:\/\/agora.xtec.cat\/inslacetania\/wp-json\/wp\/v2\/users\/4"}],"replies":[{"embeddable":true,"href":"https:\/\/agora.xtec.cat\/inslacetania\/wp-json\/wp\/v2\/comments?post=14714"}],"version-history":[{"count":3,"href":"https:\/\/agora.xtec.cat\/inslacetania\/wp-json\/wp\/v2\/pages\/14714\/revisions"}],"predecessor-version":[{"id":14728,"href":"https:\/\/agora.xtec.cat\/inslacetania\/wp-json\/wp\/v2\/pages\/14714\/revisions\/14728"}],"up":[{"embeddable":true,"href":"https:\/\/agora.xtec.cat\/inslacetania\/wp-json\/wp\/v2\/pages\/14710"}],"wp:attachment":[{"href":"https:\/\/agora.xtec.cat\/inslacetania\/wp-json\/wp\/v2\/media?parent=14714"}],"curies":[{"name":"wp","href":"https:\/\/api.w.org\/{rel}","templated":true}]}}