{"id":14710,"date":"2022-07-26T09:22:51","date_gmt":"2022-07-26T07:22:51","guid":{"rendered":"https:\/\/agora.xtec.cat\/inslacetania\/?page_id=14710"},"modified":"2025-07-23T13:07:29","modified_gmt":"2025-07-23T11:07:29","slug":"mefp","status":"publish","type":"page","link":"https:\/\/agora.xtec.cat\/inslacetania\/projectes\/mefp\/","title":{"rendered":"MEFP"},"content":{"rendered":"<p style=\"text-align: justify;\">L&#8217;institut participa a les convocat\u00f2ries d&#8217;ajudes del Ministerio de Educaci\u00f3n y Formaci\u00f3n Profesional destinades a la realitzaci\u00f3 de projectes d&#8217;innovaci\u00f3 i investigaci\u00f3 aplicades i transfer\u00e8ncia del coneixement a l&#8217;FP, destinades a centres que imparteixin ensenyaments de Formaci\u00f3 Professional del Sistema Educatiu i per a l&#8217;Ocupaci\u00f3, i que desenvolupin projectes d&#8217;innovaci\u00f3 i investigaci\u00f3 aplicades i transfer\u00e8ncia del coneixement en col\u00b7laboraci\u00f3 amb entitats i empreses de diferents comunitats aut\u00f2nomes.<\/p>\n<h1>PROJECTES ACTUALS<\/h1>\n<p>Els departaments d\u2019<strong>Instal\u00b7lacions i Manteniment<\/strong>\u00a0i d\u2019<strong>Electricitat i Electr\u00f3nica<\/strong>, han format un grup de treball multidisciplinar format per professors d\u2019ambd\u00f3s departaments i alumnes del Curs d\u2019Especialitzaci\u00f3 en Fabricaci\u00f3 Intel\u00b7ligent, amb l\u2019objectiu de realitzar una integraci\u00f3 de disseny propi d\u2019un robot m\u00f2bil aut\u00f2nom (AMR) industrial amb una capacitat de c\u00e0rrega de 250 kg i un bra\u00e7 rob\u00f2tic col\u00b7laboratiu, en el marc d\u2019un nou projecte d\u2019innovaci\u00f3 del Ministeri d\u2019Educaci\u00f3 i Formaci\u00f3 Professional dotat amb fons Next Generation de la Uni\u00f3 Europea.<\/p>\n<p>Enguany ha estat la 3a edici\u00f3 del Curs d\u2019especialitzaci\u00f3 en Fabricaci\u00f3 Intel\u00b7ligent, en el qual els alumnes s\u2019especialitzen en tecnologies d\u2019Ind\u00fastria 4.0, entre d\u2019altres la simulaci\u00f3 mitjan\u00e7ant bess\u00f3 digital, la connectivitat IIOT (Industrial Internet of Things), la creaci\u00f3 i informaci\u00f3 d\u2019indicadors de producci\u00f3, la sens\u00f2rica intel\u00b7ligent, la tra\u00e7abilitat del producte, o el control de qualitat per visi\u00f3 artificial.<\/p>\n<p>Aquest es el tercer projecte d\u2019innovaci\u00f3 que desenvolupa l\u2019Institut Lacet\u00e0nia, tots ells centrats en l\u2019\u00e0mbit de l\u2019automatitzaci\u00f3 i la rob\u00f2tica industrial. El projecte d\u2019enguany liderat pel CIFP Barakaldo LHII del Pa\u00eds Basc, ha comptat amb l\u2019assessorament tecnol\u00f2gic del prove\u00efdor d\u2019enginyeria Bereiker S.L. Automatizaci\u00f3n y Rob\u00f3tica, i consisteix en el disseny, muntatge i posada en funcionament d\u2019una aplicaci\u00f3 de rob\u00f2tica m\u00f2bil aut\u00f2noma com aprovisionador autom\u00e0tic de l\u00ednies de producci\u00f3.<\/p>\n<p>Cadascun dels dos centres, han dissenyat la seva versi\u00f3 diferenciada segons l\u2019aplicaci\u00f3 a desenvolupar. L\u2019Institut Lacet\u00e0nia ha realitzat un disseny consistent en un robot AMR que transporta alhora, el producte que ha d\u2019aprovisionar a la l\u00ednia de producci\u00f3 i un bra\u00e7 de robot col\u00b7laboratiu amb una capacitat de c\u00e0rrega m\u00e0xima de 5 kg.<\/p>\n<p>La idea d\u2019aquesta aplicaci\u00f3 va sorgir arran de la relaci\u00f3 del centre amb l\u2019empresa Tecnordits S.L de Sant Vicen\u00e7 de Castellet, pionera en la confecci\u00f3 d\u2019ordits per al sector t\u00e8xtil, la qual va explicar que manipulava manualment una gran quantitat de cons de fil.<\/p>\n<p>L\u2019aplicaci\u00f3 que es desenvolupa a l\u2019institut pret\u00e9n reproduir a petita escala i de forma aut\u00f2noma, el treball de col\u00b7locaci\u00f3 de cons que l\u2019empresa realitza manualment.<\/p>\n<p>El robot AMR treballa aut\u00f2nomament per recollir producte de la zona de recepci\u00f3 de mat\u00e8ria primera ajudant-se de tecnologia de visi\u00f3 artificial i el bra\u00e7 col\u00b7laboratiu que duu incorporat. El sistema pot transportar fins a 12 cons per viatge fins la l\u00ednia de producci\u00f3, i posicionar cada con de fil en un puell de la filera.<\/p>\n<p>Aquesta tecnologia es pot utilitzar per a realitzar treballs aut\u00f2noms en diversos \u00e0mbits com el sanitari, industrial, de serveis, etc., i disposa d\u2019un sistema de \u201ccartografiat\u201d de planta que indica al robot per on pot circular de forma segura i a quina velocitat, on ha de carregar o descarregar producte, on est\u00e0 la zona de c\u00e0rrega de bateria, o fins hi tot informar als usuaris mitjan\u00e7ant missatges de veu.<\/p>\n<p>Amb aquest projecte el centre ha pogut accedir a la tecnologia m\u00e9s actual relacionada amb el mon de la rob\u00f2tica m\u00f2bil i col\u00b7laborativa, implementar en el disseny del robot, diversos tipus de comunicaci\u00f3 que possibiliten el control remot per WiFi i 5G, i poder experimentar i aprendre com la rob\u00f2tica m\u00f2bil pot ajudar a millorar la productivitat de les empreses.<\/p>\n<div class=\"addtoany_share_save_container addtoany_content addtoany_content_bottom\">\n<div class=\"a2a_kit a2a_kit_size_25 addtoany_list\" data-a2a-url=\"https:\/\/agora.xtec.cat\/inslacetania\/portada\/linstitut-lacetania-ha-construit-la-seva-versio-de-robot-mobil-autonom-amr-industrial\/\" data-a2a-title=\"L\u2019Institut Lacet\u00e0nia ha constru\u00eft la seva versi\u00f3 de robot m\u00f2bil aut\u00f2nom (AMR) industrial\">\u00a0<a href=\"https:\/\/agora.xtec.cat\/inslacetania\/wp-content\/uploads\/usu1045\/2025\/07\/202507_proj_MEFP_equip_treball.jpg\"><img loading=\"lazy\" decoding=\"async\" class=\"size-large wp-image-27357 aligncenter\" src=\"https:\/\/agora.xtec.cat\/inslacetania\/wp-content\/uploads\/usu1045\/2025\/07\/202507_proj_MEFP_equip_treball-1024x576.jpg\" alt=\"\" width=\"1024\" height=\"576\" srcset=\"https:\/\/agora.xtec.cat\/inslacetania\/wp-content\/uploads\/usu1045\/2025\/07\/202507_proj_MEFP_equip_treball-1024x576.jpg 1024w, https:\/\/agora.xtec.cat\/inslacetania\/wp-content\/uploads\/usu1045\/2025\/07\/202507_proj_MEFP_equip_treball-300x169.jpg 300w, https:\/\/agora.xtec.cat\/inslacetania\/wp-content\/uploads\/usu1045\/2025\/07\/202507_proj_MEFP_equip_treball-768x432.jpg 768w, https:\/\/agora.xtec.cat\/inslacetania\/wp-content\/uploads\/usu1045\/2025\/07\/202507_proj_MEFP_equip_treball.jpg 1500w\" sizes=\"auto, (max-width: 1024px) 100vw, 1024px\" \/>\u00a0 \u00a0 \u00a0 \u00a0 \u00a0 \u00a0 \u00a0 \u00a0 \u00a0 \u00a0 \u00a0 \u00a0 \u00a0 \u00a0 \u00a0 \u00a0 \u00a0 \u00a0 \u00a0 \u00a0 \u00a0 \u00a0 \u00a0 \u00a0 \u00a0 \u00a0 \u00a0 \u00a0 \u00a0 \u00a0 \u00a0 \u00a0<span style=\"color: #000000;\">Grup de treball implicat en el projecte<\/span><\/a><\/div>\n<\/div>\n<p style=\"text-align: right;\"><a href=\"https:\/\/agora.xtec.cat\/inslacetania\/wp-content\/uploads\/usu1045\/2022\/07\/Logo_MEFP.jpg\"><img loading=\"lazy\" decoding=\"async\" class=\"alignnone wp-image-14712 size-medium\" src=\"https:\/\/agora.xtec.cat\/inslacetania\/wp-content\/uploads\/usu1045\/2022\/07\/Logo_MEFP-300x80.jpg\" alt=\"\" width=\"300\" height=\"80\" srcset=\"https:\/\/agora.xtec.cat\/inslacetania\/wp-content\/uploads\/usu1045\/2022\/07\/Logo_MEFP-300x80.jpg 300w, https:\/\/agora.xtec.cat\/inslacetania\/wp-content\/uploads\/usu1045\/2022\/07\/Logo_MEFP.jpg 422w\" sizes=\"auto, (max-width: 300px) 100vw, 300px\" \/><\/a><\/p>\n<p>&nbsp;<\/p>\n","protected":false},"excerpt":{"rendered":"<p>L&#8217;institut participa a les convocat\u00f2ries d&#8217;ajudes del Ministerio de Educaci\u00f3n y Formaci\u00f3n Profesional destinades a la realitzaci\u00f3 de projectes d&#8217;innovaci\u00f3 i investigaci\u00f3 aplicades i transfer\u00e8ncia del coneixement a l&#8217;FP, destinades a centres que imparteixin ensenyaments de Formaci\u00f3 Professional del Sistema Educatiu i per a l&#8217;Ocupaci\u00f3, i que desenvolupin projectes d&#8217;innovaci\u00f3 i investigaci\u00f3 aplicades i transfer\u00e8ncia [&hellip;]<\/p>\n","protected":false},"author":4,"featured_media":0,"parent":514,"menu_order":50,"comment_status":"closed","ping_status":"closed","template":"page-templates\/side-menu.php","meta":{"_bbp_topic_count":0,"_bbp_reply_count":0,"_bbp_total_topic_count":0,"_bbp_total_reply_count":0,"_bbp_voice_count":0,"_bbp_anonymous_reply_count":0,"_bbp_topic_count_hidden":0,"_bbp_reply_count_hidden":0,"_bbp_forum_subforum_count":0,"site-sidebar-layout":"default","site-content-layout":"","ast-site-content-layout":"","site-content-style":"default","site-sidebar-style":"default","ast-global-header-display":"","ast-banner-title-visibility":"","ast-main-header-display":"","ast-hfb-above-header-display":"","ast-hfb-below-header-display":"","ast-hfb-mobile-header-display":"","site-post-title":"","ast-breadcrumbs-content":"","ast-featured-img":"","footer-sml-layout":"","theme-transparent-header-meta":"","adv-header-id-meta":"","stick-header-meta":"","header-above-stick-meta":"","header-main-stick-meta":"","header-below-stick-meta":"","astra-migrate-meta-layouts":"default","ast-page-background-enabled":"default","ast-page-background-meta":{"desktop":{"background-color":"var(--ast-global-color-4)","background-image":"","background-repeat":"repeat","background-position":"center center","background-size":"auto","background-attachment":"scroll","background-type":"","background-media":"","overlay-type":"","overlay-color":"","overlay-opacity":"","overlay-gradient":""},"tablet":{"background-color":"","background-image":"","background-repeat":"repeat","background-position":"center center","background-size":"auto","background-attachment":"scroll","background-type":"","background-media":"","overlay-type":"","overlay-color":"","overlay-opacity":"","overlay-gradient":""},"mobile":{"background-color":"","background-image":"","background-repeat":"repeat","background-position":"center center","background-size":"auto","background-attachment":"scroll","background-type":"","background-media":"","overlay-type":"","overlay-color":"","overlay-opacity":"","overlay-gradient":""}},"ast-content-background-meta":{"desktop":{"background-color":"var(--ast-global-color-5)","background-image":"","background-repeat":"repeat","background-position":"center center","background-size":"auto","background-attachment":"scroll","background-type":"","background-media":"","overlay-type":"","overlay-color":"","overlay-opacity":"","overlay-gradient":""},"tablet":{"background-color":"var(--ast-global-color-5)","background-image":"","background-repeat":"repeat","background-position":"center center","background-size":"auto","background-attachment":"scroll","background-type":"","background-media":"","overlay-type":"","overlay-color":"","overlay-opacity":"","overlay-gradient":""},"mobile":{"background-color":"var(--ast-global-color-5)","background-image":"","background-repeat":"repeat","background-position":"center center","background-size":"auto","background-attachment":"scroll","background-type":"","background-media":"","overlay-type":"","overlay-color":"","overlay-opacity":"","overlay-gradient":""}},"footnotes":""},"class_list":["post-14710","page","type-page","status-publish","hentry"],"post_mailing_queue_ids":[],"_links":{"self":[{"href":"https:\/\/agora.xtec.cat\/inslacetania\/wp-json\/wp\/v2\/pages\/14710","targetHints":{"allow":["GET"]}}],"collection":[{"href":"https:\/\/agora.xtec.cat\/inslacetania\/wp-json\/wp\/v2\/pages"}],"about":[{"href":"https:\/\/agora.xtec.cat\/inslacetania\/wp-json\/wp\/v2\/types\/page"}],"author":[{"embeddable":true,"href":"https:\/\/agora.xtec.cat\/inslacetania\/wp-json\/wp\/v2\/users\/4"}],"replies":[{"embeddable":true,"href":"https:\/\/agora.xtec.cat\/inslacetania\/wp-json\/wp\/v2\/comments?post=14710"}],"version-history":[{"count":6,"href":"https:\/\/agora.xtec.cat\/inslacetania\/wp-json\/wp\/v2\/pages\/14710\/revisions"}],"predecessor-version":[{"id":27369,"href":"https:\/\/agora.xtec.cat\/inslacetania\/wp-json\/wp\/v2\/pages\/14710\/revisions\/27369"}],"up":[{"embeddable":true,"href":"https:\/\/agora.xtec.cat\/inslacetania\/wp-json\/wp\/v2\/pages\/514"}],"wp:attachment":[{"href":"https:\/\/agora.xtec.cat\/inslacetania\/wp-json\/wp\/v2\/media?parent=14710"}],"curies":[{"name":"wp","href":"https:\/\/api.w.org\/{rel}","templated":true}]}}