{"id":1404,"date":"2017-03-16T13:38:31","date_gmt":"2017-03-16T12:38:31","guid":{"rendered":"http:\/\/agora.xtec.cat\/inslacetania\/?page_id=1404"},"modified":"2024-08-31T19:59:14","modified_gmt":"2024-08-31T17:59:14","slug":"cfgs-administracio-de-sistemes-informatics-en-xarxa-ica0","status":"publish","type":"page","link":"https:\/\/agora.xtec.cat\/inslacetania\/estudis\/fp\/cfgs\/cfgs-administracio-de-sistemes-informatics-en-xarxa-ica0\/","title":{"rendered":"CFGS Administraci\u00f3 de sistemes inform\u00e0tics en xarxa \u2013 ICA0"},"content":{"rendered":"<p>Fam\u00edlia professional: Inform\u00e0tica i comunicacions<\/p>\n<p><a href=\"http:\/\/agora.xtec.cat\/inslacetania\/wp-content\/uploads\/usu1045\/2017\/03\/info2.jpg\"><img loading=\"lazy\" decoding=\"async\" class=\"aligncenter wp-image-1439\" src=\"http:\/\/agora.xtec.cat\/inslacetania\/wp-content\/uploads\/usu1045\/2017\/03\/info2-300x225.jpg\" alt=\"info2\" width=\"450\" height=\"338\" srcset=\"https:\/\/agora.xtec.cat\/inslacetania\/wp-content\/uploads\/usu1045\/2017\/03\/info2-300x225.jpg 300w, https:\/\/agora.xtec.cat\/inslacetania\/wp-content\/uploads\/usu1045\/2017\/03\/info2-200x150.jpg 200w, https:\/\/agora.xtec.cat\/inslacetania\/wp-content\/uploads\/usu1045\/2017\/03\/info2.jpg 733w\" sizes=\"auto, (max-width: 450px) 100vw, 450px\" \/><\/a><\/p>\n<h4>Descripci\u00f3<\/h4>\n<p>Aquests estudis postobligatoris capaciten per configurar, administrar i mantenir els sistemes inform\u00e0tics i per garantir la funcionalitat, la integritat i els serveis del sistema. Garanteixen la qualificaci\u00f3 t\u00e8cnica adequada exigida com a requisit per ser empresa instal\u2022ladora d&#8217;infraestructures comunes de telecomunicacions.<\/p>\n<p>Tenen una durada de 2.000 hores (amb formaci\u00f3 al centre educatiu i a l&#8217;empresa) distribu\u00efdes en dos cursos acad\u00e8mics.<\/p>\n<p>L\u2019alumnat pot realitzar pr\u00e0ctiques en empreses estrangeres dins del programa europeu de mobilitat Erasmus+.<\/p>\n<p style=\"text-align: center;\"><iframe loading=\"lazy\" title=\"YouTube video player\" src=\"https:\/\/www.youtube.com\/embed\/3ylYwy7pR-g\" width=\"560\" height=\"315\" frameborder=\"0\" allowfullscreen=\"allowfullscreen\"><\/iframe><\/p>\n<h4>Continguts<\/h4>\n<ul>\n<li>Gesti\u00f3 de bases de dades<\/li>\n<li>Llenguatges de marques i sistemes de gesti\u00f3 d&#8217;informaci\u00f3<\/li>\n<li>Fonaments de maquinari<\/li>\n<li>Administraci\u00f3 de sistemes operatius<\/li>\n<li>Planificaci\u00f3 i administraci\u00f3 de xarxes<\/li>\n<li>Serveis de xarxa i Internet<\/li>\n<li>Implantaci\u00f3 d&#8217;aplicacions web<\/li>\n<li>Administraci\u00f3 de sistemes gestors de bases de dades<\/li>\n<li>Seguretat i alta disponibilitat<\/li>\n<li>Projecte d&#8217;administraci\u00f3 de sistemes inform\u00e0tics en xarxa<\/li>\n<li>Angl\u00e8s professional<\/li>\n<li>Itinerari per a l`ocupabilitat I<\/li>\n<li>Itinerari per a l`ocupabilitat II<\/li>\n<li>Digitalitzaci\u00f3 aplicada al sector productiu<\/li>\n<li>Sostenibilitat aplicada al sector productiu<\/li>\n<li>Optativa \/ Optatives<\/li>\n<li>Dual \/ Dual Intensiva<\/li>\n<\/ul>\n<h4>Principals ocupacions i llocs de treball<\/h4>\n<ul>\n<li>T\u00e8cnic o t\u00e8cnica en administraci\u00f3 de sistemes<\/li>\n<li>Responsable d&#8217;inform\u00e0tica<\/li>\n<li>T\u00e8cnic o t\u00e8cnica en serveis d&#8217;Internet<\/li>\n<li>T\u00e8cnic o t\u00e8cnica en serveis de missatgeria electr\u00f2nica<\/li>\n<li>Personal de suport t\u00e8cnic<\/li>\n<li>T\u00e8cnic o t\u00e8cnica en teleassist\u00e8ncia<\/li>\n<li>T\u00e8cnic o t\u00e8cnica en administraci\u00f3 de base de dades<\/li>\n<li>T\u00e8cnic o t\u00e8cnica de xarxes<\/li>\n<li>Supervisor o supervisora de sistemes<\/li>\n<li>T\u00e8cnic o t\u00e8cnica en serveis de comunicacions<\/li>\n<li>T\u00e8cnic o t\u00e8cnica en entorns web.<\/li>\n<\/ul>\n<h4>Horari<\/h4>\n<p>Tardes de 15h a 21h (dimecres de 17:30h a 21:30h)<\/p>\n","protected":false},"excerpt":{"rendered":"<p>Fam\u00edlia professional: Inform\u00e0tica i comunicacions Descripci\u00f3 Aquests estudis postobligatoris capaciten per configurar, administrar i mantenir els sistemes inform\u00e0tics i per garantir la funcionalitat, la integritat i els serveis del sistema. Garanteixen la qualificaci\u00f3 t\u00e8cnica adequada exigida com a requisit per ser empresa instal\u2022ladora d&#8217;infraestructures comunes de telecomunicacions. Tenen una durada de 2.000 hores (amb formaci\u00f3 [&hellip;]<\/p>\n","protected":false},"author":4,"featured_media":0,"parent":635,"menu_order":60,"comment_status":"closed","ping_status":"closed","template":"page-templates\/side-menu.php","meta":{"_bbp_topic_count":0,"_bbp_reply_count":0,"_bbp_total_topic_count":0,"_bbp_total_reply_count":0,"_bbp_voice_count":0,"_bbp_anonymous_reply_count":0,"_bbp_topic_count_hidden":0,"_bbp_reply_count_hidden":0,"_bbp_forum_subforum_count":0,"site-sidebar-layout":"default","site-content-layout":"","ast-site-content-layout":"","site-content-style":"default","site-sidebar-style":"default","ast-global-header-display":"","ast-banner-title-visibility":"","ast-main-header-display":"","ast-hfb-above-header-display":"","ast-hfb-below-header-display":"","ast-hfb-mobile-header-display":"","site-post-title":"","ast-breadcrumbs-content":"","ast-featured-img":"","footer-sml-layout":"","theme-transparent-header-meta":"","adv-header-id-meta":"","stick-header-meta":"","header-above-stick-meta":"","header-main-stick-meta":"","header-below-stick-meta":"","astra-migrate-meta-layouts":"default","ast-page-background-enabled":"default","ast-page-background-meta":{"desktop":{"background-color":"var(--ast-global-color-4)","background-image":"","background-repeat":"repeat","background-position":"center center","background-size":"auto","background-attachment":"scroll","background-type":"","background-media":"","overlay-type":"","overlay-color":"","overlay-opacity":"","overlay-gradient":""},"tablet":{"background-color":"","background-image":"","background-repeat":"repeat","background-position":"center center","background-size":"auto","background-attachment":"scroll","background-type":"","background-media":"","overlay-type":"","overlay-color":"","overlay-opacity":"","overlay-gradient":""},"mobile":{"background-color":"","background-image":"","background-repeat":"repeat","background-position":"center center","background-size":"auto","background-attachment":"scroll","background-type":"","background-media":"","overlay-type":"","overlay-color":"","overlay-opacity":"","overlay-gradient":""}},"ast-content-background-meta":{"desktop":{"background-color":"var(--ast-global-color-5)","background-image":"","background-repeat":"repeat","background-position":"center center","background-size":"auto","background-attachment":"scroll","background-type":"","background-media":"","overlay-type":"","overlay-color":"","overlay-opacity":"","overlay-gradient":""},"tablet":{"background-color":"var(--ast-global-color-5)","background-image":"","background-repeat":"repeat","background-position":"center center","background-size":"auto","background-attachment":"scroll","background-type":"","background-media":"","overlay-type":"","overlay-color":"","overlay-opacity":"","overlay-gradient":""},"mobile":{"background-color":"var(--ast-global-color-5)","background-image":"","background-repeat":"repeat","background-position":"center center","background-size":"auto","background-attachment":"scroll","background-type":"","background-media":"","overlay-type":"","overlay-color":"","overlay-opacity":"","overlay-gradient":""}},"footnotes":""},"class_list":["post-1404","page","type-page","status-publish","hentry"],"post_mailing_queue_ids":[],"_links":{"self":[{"href":"https:\/\/agora.xtec.cat\/inslacetania\/wp-json\/wp\/v2\/pages\/1404","targetHints":{"allow":["GET"]}}],"collection":[{"href":"https:\/\/agora.xtec.cat\/inslacetania\/wp-json\/wp\/v2\/pages"}],"about":[{"href":"https:\/\/agora.xtec.cat\/inslacetania\/wp-json\/wp\/v2\/types\/page"}],"author":[{"embeddable":true,"href":"https:\/\/agora.xtec.cat\/inslacetania\/wp-json\/wp\/v2\/users\/4"}],"replies":[{"embeddable":true,"href":"https:\/\/agora.xtec.cat\/inslacetania\/wp-json\/wp\/v2\/comments?post=1404"}],"version-history":[{"count":6,"href":"https:\/\/agora.xtec.cat\/inslacetania\/wp-json\/wp\/v2\/pages\/1404\/revisions"}],"predecessor-version":[{"id":23101,"href":"https:\/\/agora.xtec.cat\/inslacetania\/wp-json\/wp\/v2\/pages\/1404\/revisions\/23101"}],"up":[{"embeddable":true,"href":"https:\/\/agora.xtec.cat\/inslacetania\/wp-json\/wp\/v2\/pages\/635"}],"wp:attachment":[{"href":"https:\/\/agora.xtec.cat\/inslacetania\/wp-json\/wp\/v2\/media?parent=1404"}],"curies":[{"name":"wp","href":"https:\/\/api.w.org\/{rel}","templated":true}]}}