{"id":1388,"date":"2017-03-16T11:47:57","date_gmt":"2017-03-16T10:47:57","guid":{"rendered":"http:\/\/agora.xtec.cat\/inslacetania\/?page_id=1388"},"modified":"2024-08-31T19:57:38","modified_gmt":"2024-08-31T17:57:38","slug":"cfgs-administracio-i-finances-agb0","status":"publish","type":"page","link":"https:\/\/agora.xtec.cat\/inslacetania\/estudis\/fp\/cfgs\/cfgs-administracio-i-finances-agb0\/","title":{"rendered":"CFGS Administraci\u00f3 i finances \u2013 AGB0"},"content":{"rendered":"<p>Fam\u00edlia professional: Administraci\u00f3 i gesti\u00f3<\/p>\n<p><a href=\"http:\/\/agora.xtec.cat\/inslacetania\/wp-content\/uploads\/usu1045\/2017\/03\/adminfinences.jpg\"><img loading=\"lazy\" decoding=\"async\" class=\"aligncenter wp-image-1428\" src=\"http:\/\/agora.xtec.cat\/inslacetania\/wp-content\/uploads\/usu1045\/2017\/03\/adminfinences-300x188.jpg\" alt=\"adminfinences\" width=\"450\" height=\"281\" srcset=\"https:\/\/agora.xtec.cat\/inslacetania\/wp-content\/uploads\/usu1045\/2017\/03\/adminfinences-300x188.jpg 300w, https:\/\/agora.xtec.cat\/inslacetania\/wp-content\/uploads\/usu1045\/2017\/03\/adminfinences.jpg 560w\" sizes=\"auto, (max-width: 450px) 100vw, 450px\" \/><\/a><\/p>\n<h4>Descripci\u00f3<\/h4>\n<p>Aquests estudis capaciten per organitzar i executar les operacions de gesti\u00f3 i administraci\u00f3 en els processos comercials, laborals, comptables, fiscals i financers d&#8217;una empresa p\u00fablica o privada, aplicant la normativa vigent i els protocols de gesti\u00f3 de qualitat, gestionant la informaci\u00f3, assegurant la satisfacci\u00f3 del client i\/o usuari i actuant segons les normes de prevenci\u00f3 de riscos laborals i protecci\u00f3 mediambiental.<\/p>\n<p>Tenen una durada de 2.000 hores (amb formaci\u00f3 en un centre educatiu i a l&#8217;empresa) distribu\u00efdes en dos cursos acad\u00e8mics.<\/p>\n<p>L\u2019alumnat pot realitzar pr\u00e0ctiques en empreses estrangeres dins del programa europeu de mobilitat Erasmus+.<\/p>\n<p style=\"text-align: center;\"><iframe loading=\"lazy\" title=\"YouTube video player\" src=\"https:\/\/www.youtube.com\/embed\/YdCU9UzkpNo\" width=\"560\" height=\"315\" frameborder=\"0\" allowfullscreen=\"allowfullscreen\"><\/iframe><\/p>\n<h4>Continguts<\/h4>\n<ul>\n<li>Gesti\u00f3 de la documentaci\u00f3 jur\u00eddica i empresarial<\/li>\n<li>Recursos humans i responsabilitat social corporativa<\/li>\n<li>Ofim\u00e0tica i proc\u00e9s de la informaci\u00f3<\/li>\n<li>Proc\u00e9s integral de l&#8217;activitat comercial<\/li>\n<li>Comunicaci\u00f3 i atenci\u00f3 al client<\/li>\n<li>Angl\u00e8s professional<\/li>\n<li>Gesti\u00f3 de recursos humans<\/li>\n<li>Gesti\u00f3 financera<\/li>\n<li>Comptabilitat i fiscalitat<\/li>\n<li>Gesti\u00f3 log\u00edstica i comercial<\/li>\n<li>Simulaci\u00f3 empresarial<\/li>\n<li>Projecte d&#8217;administraci\u00f3 i finances<\/li>\n<li>Itinerari per a l`ocupabilitat I<\/li>\n<li>Itinerari per a l`ocupabilitat II<\/li>\n<li>Digitalitzaci\u00f3 aplicada al sector productiu<\/li>\n<li>Sostenibilitat aplicada al sector productiu<\/li>\n<li>Optativa \/ Optatives<\/li>\n<li>Dual \/ Dual Intensiva<\/li>\n<\/ul>\n<h4>Principals ocupacions i llocs de treball<\/h4>\n<ul>\n<li>Administratiu\/va d&#8217;oficina<\/li>\n<li>Administratiu\/va comercial<\/li>\n<li>Administratiu\/va financera<\/li>\n<li>Administratiu\/va comptable<\/li>\n<li>Administratiu\/va log\u00edstica<\/li>\n<li>Administratiu\/va de banca i d&#8217;assegurances<\/li>\n<li>Administratiu\/va de recursos humans<\/li>\n<li>Administratiu\/va de l&#8217;administraci\u00f3 p\u00fablica<\/li>\n<li>Administratiu\/va d&#8217;assessories jur\u00eddiques, comptables, laborals, fiscals o gestories<\/li>\n<li>T\u00e8cnic en gesti\u00f3 de cobraments<\/li>\n<li>Responsable d&#8217;atenci\u00f3 al client<\/li>\n<\/ul>\n<h4>Horari<\/h4>\n<p>Tardes de 15h a 21h (dimecres de 17:30h a 21:30h)<\/p>\n","protected":false},"excerpt":{"rendered":"<p>Fam\u00edlia professional: Administraci\u00f3 i gesti\u00f3 Descripci\u00f3 Aquests estudis capaciten per organitzar i executar les operacions de gesti\u00f3 i administraci\u00f3 en els processos comercials, laborals, comptables, fiscals i financers d&#8217;una empresa p\u00fablica o privada, aplicant la normativa vigent i els protocols de gesti\u00f3 de qualitat, gestionant la informaci\u00f3, assegurant la satisfacci\u00f3 del client i\/o usuari i [&hellip;]<\/p>\n","protected":false},"author":4,"featured_media":0,"parent":635,"menu_order":10,"comment_status":"closed","ping_status":"closed","template":"page-templates\/side-menu.php","meta":{"_bbp_topic_count":0,"_bbp_reply_count":0,"_bbp_total_topic_count":0,"_bbp_total_reply_count":0,"_bbp_voice_count":0,"_bbp_anonymous_reply_count":0,"_bbp_topic_count_hidden":0,"_bbp_reply_count_hidden":0,"_bbp_forum_subforum_count":0,"site-sidebar-layout":"default","site-content-layout":"","ast-site-content-layout":"","site-content-style":"default","site-sidebar-style":"default","ast-global-header-display":"","ast-banner-title-visibility":"","ast-main-header-display":"","ast-hfb-above-header-display":"","ast-hfb-below-header-display":"","ast-hfb-mobile-header-display":"","site-post-title":"","ast-breadcrumbs-content":"","ast-featured-img":"","footer-sml-layout":"","theme-transparent-header-meta":"","adv-header-id-meta":"","stick-header-meta":"","header-above-stick-meta":"","header-main-stick-meta":"","header-below-stick-meta":"","astra-migrate-meta-layouts":"default","ast-page-background-enabled":"default","ast-page-background-meta":{"desktop":{"background-color":"var(--ast-global-color-4)","background-image":"","background-repeat":"repeat","background-position":"center center","background-size":"auto","background-attachment":"scroll","background-type":"","background-media":"","overlay-type":"","overlay-color":"","overlay-opacity":"","overlay-gradient":""},"tablet":{"background-color":"","background-image":"","background-repeat":"repeat","background-position":"center center","background-size":"auto","background-attachment":"scroll","background-type":"","background-media":"","overlay-type":"","overlay-color":"","overlay-opacity":"","overlay-gradient":""},"mobile":{"background-color":"","background-image":"","background-repeat":"repeat","background-position":"center center","background-size":"auto","background-attachment":"scroll","background-type":"","background-media":"","overlay-type":"","overlay-color":"","overlay-opacity":"","overlay-gradient":""}},"ast-content-background-meta":{"desktop":{"background-color":"var(--ast-global-color-5)","background-image":"","background-repeat":"repeat","background-position":"center center","background-size":"auto","background-attachment":"scroll","background-type":"","background-media":"","overlay-type":"","overlay-color":"","overlay-opacity":"","overlay-gradient":""},"tablet":{"background-color":"var(--ast-global-color-5)","background-image":"","background-repeat":"repeat","background-position":"center center","background-size":"auto","background-attachment":"scroll","background-type":"","background-media":"","overlay-type":"","overlay-color":"","overlay-opacity":"","overlay-gradient":""},"mobile":{"background-color":"var(--ast-global-color-5)","background-image":"","background-repeat":"repeat","background-position":"center center","background-size":"auto","background-attachment":"scroll","background-type":"","background-media":"","overlay-type":"","overlay-color":"","overlay-opacity":"","overlay-gradient":""}},"footnotes":""},"class_list":["post-1388","page","type-page","status-publish","hentry"],"post_mailing_queue_ids":[],"_links":{"self":[{"href":"https:\/\/agora.xtec.cat\/inslacetania\/wp-json\/wp\/v2\/pages\/1388","targetHints":{"allow":["GET"]}}],"collection":[{"href":"https:\/\/agora.xtec.cat\/inslacetania\/wp-json\/wp\/v2\/pages"}],"about":[{"href":"https:\/\/agora.xtec.cat\/inslacetania\/wp-json\/wp\/v2\/types\/page"}],"author":[{"embeddable":true,"href":"https:\/\/agora.xtec.cat\/inslacetania\/wp-json\/wp\/v2\/users\/4"}],"replies":[{"embeddable":true,"href":"https:\/\/agora.xtec.cat\/inslacetania\/wp-json\/wp\/v2\/comments?post=1388"}],"version-history":[{"count":6,"href":"https:\/\/agora.xtec.cat\/inslacetania\/wp-json\/wp\/v2\/pages\/1388\/revisions"}],"predecessor-version":[{"id":23096,"href":"https:\/\/agora.xtec.cat\/inslacetania\/wp-json\/wp\/v2\/pages\/1388\/revisions\/23096"}],"up":[{"embeddable":true,"href":"https:\/\/agora.xtec.cat\/inslacetania\/wp-json\/wp\/v2\/pages\/635"}],"wp:attachment":[{"href":"https:\/\/agora.xtec.cat\/inslacetania\/wp-json\/wp\/v2\/media?parent=1388"}],"curies":[{"name":"wp","href":"https:\/\/api.w.org\/{rel}","templated":true}]}}

CFGS Administració i finances – AGB0

<p>Família professional: Administració i gestió</p>
<p><a href="http://agora.xtec.cat/inslacetania/wp-content/uploads/usu1045/2017/03/adminfinences.jpg"><img loading="lazy" decoding="async" class="aligncenter wp-image-1428" src="http://agora.xtec.cat/inslacetania/wp-content/uploads/usu1045/2017/03/adminfinences-300x188.jpg" alt="adminfinences" width="450" height="281" srcset="https://agora.xtec.cat/inslacetania/wp-content/uploads/usu1045/2017/03/adminfinences-300x188.jpg 300w, https://agora.xtec.cat/inslacetania/wp-content/uploads/usu1045/2017/03/adminfinences.jpg 560w" sizes="auto, (max-width: 450px) 100vw, 450px" /></a></p>
<h4>Descripció</h4>
<p>Aquests estudis capaciten per organitzar i executar les operacions de gestió i administració en els processos comercials, laborals, comptables, fiscals i financers d&#8217;una empresa pública o privada, aplicant la normativa vigent i els protocols de gestió de qualitat, gestionant la informació, assegurant la satisfacció del client i/o usuari i actuant segons les normes de prevenció de riscos laborals i protecció mediambiental.</p>
<p>Tenen una durada de 2.000 hores (amb formació en un centre educatiu i a l&#8217;empresa) distribuïdes en dos cursos acadèmics.</p>
<p>L’alumnat pot realitzar pràctiques en empreses estrangeres dins del programa europeu de mobilitat Erasmus+.</p>
<p style="text-align: center;"><iframe loading="lazy" title="YouTube video player" src="https://www.youtube.com/embed/YdCU9UzkpNo" width="560" height="315" frameborder="0" allowfullscreen="allowfullscreen"></iframe></p>
<h4>Continguts</h4>
<ul>
<li>Gestió de la documentació jurídica i empresarial</li>
<li>Recursos humans i responsabilitat social corporativa</li>
<li>Ofimàtica i procés de la informació</li>
<li>Procés integral de l&#8217;activitat comercial</li>
<li>Comunicació i atenció al client</li>
<li>Anglès professional</li>
<li>Gestió de recursos humans</li>
<li>Gestió financera</li>
<li>Comptabilitat i fiscalitat</li>
<li>Gestió logística i comercial</li>
<li>Simulació empresarial</li>
<li>Projecte d&#8217;administració i finances</li>
<li>Itinerari per a l`ocupabilitat I</li>
<li>Itinerari per a l`ocupabilitat II</li>
<li>Digitalització aplicada al sector productiu</li>
<li>Sostenibilitat aplicada al sector productiu</li>
<li>Optativa / Optatives</li>
<li>Dual / Dual Intensiva</li>
</ul>
<h4>Principals ocupacions i llocs de treball</h4>
<ul>
<li>Administratiu/va d&#8217;oficina</li>
<li>Administratiu/va comercial</li>
<li>Administratiu/va financera</li>
<li>Administratiu/va comptable</li>
<li>Administratiu/va logística</li>
<li>Administratiu/va de banca i d&#8217;assegurances</li>
<li>Administratiu/va de recursos humans</li>
<li>Administratiu/va de l&#8217;administració pública</li>
<li>Administratiu/va d&#8217;assessories jurídiques, comptables, laborals, fiscals o gestories</li>
<li>Tècnic en gestió de cobraments</li>
<li>Responsable d&#8217;atenció al client</li>
</ul>
<h4>Horari</h4>
<p>Tardes de 15h a 21h (dimecres de 17:30h a 21:30h)</p>

<p>Família professional: Administració i gestió Descripció Aquests estudis capaciten per organitzar i executar les operacions de gestió i administració en els processos comercials, laborals, comptables, fiscals i financers d&#8217;una empresa pública o privada, aplicant la normativa vigent i els protocols de gestió de qualitat, gestionant la informació, assegurant la satisfacció del client i/o usuari i [&hellip;]</p>
