{"id":13526,"date":"2022-03-09T13:37:41","date_gmt":"2022-03-09T12:37:41","guid":{"rendered":"https:\/\/agora.xtec.cat\/inslacetania\/?page_id=13526"},"modified":"2022-03-09T13:39:01","modified_gmt":"2022-03-09T12:39:01","slug":"pmf","status":"publish","type":"page","link":"https:\/\/agora.xtec.cat\/inslacetania\/oficines\/pmf\/","title":{"rendered":"PMF"},"content":{"rendered":"<h1>Preguntes m\u00e9s freq\u00fcents<\/h1>\n<hr \/>\n<h5>On puc trobar informaci\u00f3 referent a la preinscripci\u00f3, matr\u00edcula o consultar la publicaci\u00f3 de llistes provisionals, definitives, d\u2019alumnat adm\u00e8s o en llista d\u2019espera, etc?<\/h5>\n<p>A la nostra web, apartat Tots els nivells educatius \/ Preinscripci\u00f3, matr\u00edcula i beques.<\/p>\n<h5>Em podran facilitar informaci\u00f3 referent a estudis de l\u2019IOC ?<\/h5>\n<p>El nostre centre \u00fanicament recull determinada documentaci\u00f3 per ser entregada a l\u2019IOC. Si us cal informaci\u00f3 al respecte cal que contacteu amb l\u2019IOC a trav\u00e9s de la seva web.<\/p>\n<h5>On puc trobar la informaci\u00f3 referent a les proves d\u2019acc\u00e9s a GM i a GS?<\/h5>\n<p>A la nostra web, apartat Tots els nivells educatius \/ Preinscripci\u00f3, matr\u00edcula i beques.<\/p>\n<h5>Com puc sol\u00b7licitar un certificat (de notes, d\u2019equival\u00e8ncia de coneixements de catal\u00e0, de matr\u00edcula, etc.)?<\/h5>\n<p>A la nostra web, a l\u2019apartat Tr\u00e0mits a secretaria trobareu la informaci\u00f3 i el model per descarregar-vos.<\/p>\n<h5>Com puc fer una sol\u00b7licitud de t\u00edtol, de convalidaci\u00f3 de mat\u00e8ries, d\u2019exempci\u00f3 d\u2019FCT, etc, o una sol\u00b7licitud gen\u00e8rica?<\/h5>\n<p>A la nostra web, a l\u2019apartat Tr\u00e0mits a secretaria trobareu la informaci\u00f3 i el model per descarregar-vos.<\/p>\n<h5>On puc trobar informaci\u00f3 referent a beques, ajuts del l\u2019Ajuntament o servei de transport escolar?<\/h5>\n<p>A la nostra web, apartat Tots els nivells educatius \/ Preinscripci\u00f3, matr\u00edcula i beques.<\/p>\n<hr \/>\n<p><a href=\"https:\/\/agora.xtec.cat\/inslacetania\/wp-content\/uploads\/usu1045\/2022\/03\/pmf.jpg\"><img loading=\"lazy\" decoding=\"async\" class=\"aligncenter wp-image-13532 size-medium\" src=\"https:\/\/agora.xtec.cat\/inslacetania\/wp-content\/uploads\/usu1045\/2022\/03\/pmf-300x234.jpg\" alt=\"\" width=\"300\" height=\"234\" srcset=\"https:\/\/agora.xtec.cat\/inslacetania\/wp-content\/uploads\/usu1045\/2022\/03\/pmf-300x234.jpg 300w, https:\/\/agora.xtec.cat\/inslacetania\/wp-content\/uploads\/usu1045\/2022\/03\/pmf.jpg 439w\" sizes=\"auto, (max-width: 300px) 100vw, 300px\" \/><\/a><\/p>\n","protected":false},"excerpt":{"rendered":"<p>Preguntes m\u00e9s freq\u00fcents On puc trobar informaci\u00f3 referent a la preinscripci\u00f3, matr\u00edcula o consultar la publicaci\u00f3 de llistes provisionals, definitives, d\u2019alumnat adm\u00e8s o en llista d\u2019espera, etc? A la nostra web, apartat Tots els nivells educatius \/ Preinscripci\u00f3, matr\u00edcula i beques. Em podran facilitar informaci\u00f3 referent a estudis de l\u2019IOC ? El nostre centre \u00fanicament [&hellip;]<\/p>\n","protected":false},"author":4,"featured_media":0,"parent":81,"menu_order":40,"comment_status":"closed","ping_status":"closed","template":"page-templates\/side-menu.php","meta":{"_bbp_topic_count":0,"_bbp_reply_count":0,"_bbp_total_topic_count":0,"_bbp_total_reply_count":0,"_bbp_voice_count":0,"_bbp_anonymous_reply_count":0,"_bbp_topic_count_hidden":0,"_bbp_reply_count_hidden":0,"_bbp_forum_subforum_count":0,"site-sidebar-layout":"default","site-content-layout":"","ast-site-content-layout":"","site-content-style":"default","site-sidebar-style":"default","ast-global-header-display":"","ast-banner-title-visibility":"","ast-main-header-display":"","ast-hfb-above-header-display":"","ast-hfb-below-header-display":"","ast-hfb-mobile-header-display":"","site-post-title":"","ast-breadcrumbs-content":"","ast-featured-img":"","footer-sml-layout":"","theme-transparent-header-meta":"","adv-header-id-meta":"","stick-header-meta":"","header-above-stick-meta":"","header-main-stick-meta":"","header-below-stick-meta":"","astra-migrate-meta-layouts":"default","ast-page-background-enabled":"default","ast-page-background-meta":{"desktop":{"background-color":"var(--ast-global-color-4)","background-image":"","background-repeat":"repeat","background-position":"center center","background-size":"auto","background-attachment":"scroll","background-type":"","background-media":"","overlay-type":"","overlay-color":"","overlay-opacity":"","overlay-gradient":""},"tablet":{"background-color":"","background-image":"","background-repeat":"repeat","background-position":"center center","background-size":"auto","background-attachment":"scroll","background-type":"","background-media":"","overlay-type":"","overlay-color":"","overlay-opacity":"","overlay-gradient":""},"mobile":{"background-color":"","background-image":"","background-repeat":"repeat","background-position":"center center","background-size":"auto","background-attachment":"scroll","background-type":"","background-media":"","overlay-type":"","overlay-color":"","overlay-opacity":"","overlay-gradient":""}},"ast-content-background-meta":{"desktop":{"background-color":"var(--ast-global-color-5)","background-image":"","background-repeat":"repeat","background-position":"center center","background-size":"auto","background-attachment":"scroll","background-type":"","background-media":"","overlay-type":"","overlay-color":"","overlay-opacity":"","overlay-gradient":""},"tablet":{"background-color":"var(--ast-global-color-5)","background-image":"","background-repeat":"repeat","background-position":"center center","background-size":"auto","background-attachment":"scroll","background-type":"","background-media":"","overlay-type":"","overlay-color":"","overlay-opacity":"","overlay-gradient":""},"mobile":{"background-color":"var(--ast-global-color-5)","background-image":"","background-repeat":"repeat","background-position":"center center","background-size":"auto","background-attachment":"scroll","background-type":"","background-media":"","overlay-type":"","overlay-color":"","overlay-opacity":"","overlay-gradient":""}},"footnotes":""},"class_list":["post-13526","page","type-page","status-publish","hentry"],"post_mailing_queue_ids":[],"_links":{"self":[{"href":"https:\/\/agora.xtec.cat\/inslacetania\/wp-json\/wp\/v2\/pages\/13526","targetHints":{"allow":["GET"]}}],"collection":[{"href":"https:\/\/agora.xtec.cat\/inslacetania\/wp-json\/wp\/v2\/pages"}],"about":[{"href":"https:\/\/agora.xtec.cat\/inslacetania\/wp-json\/wp\/v2\/types\/page"}],"author":[{"embeddable":true,"href":"https:\/\/agora.xtec.cat\/inslacetania\/wp-json\/wp\/v2\/users\/4"}],"replies":[{"embeddable":true,"href":"https:\/\/agora.xtec.cat\/inslacetania\/wp-json\/wp\/v2\/comments?post=13526"}],"version-history":[{"count":3,"href":"https:\/\/agora.xtec.cat\/inslacetania\/wp-json\/wp\/v2\/pages\/13526\/revisions"}],"predecessor-version":[{"id":13539,"href":"https:\/\/agora.xtec.cat\/inslacetania\/wp-json\/wp\/v2\/pages\/13526\/revisions\/13539"}],"up":[{"embeddable":true,"href":"https:\/\/agora.xtec.cat\/inslacetania\/wp-json\/wp\/v2\/pages\/81"}],"wp:attachment":[{"href":"https:\/\/agora.xtec.cat\/inslacetania\/wp-json\/wp\/v2\/media?parent=13526"}],"curies":[{"name":"wp","href":"https:\/\/api.w.org\/{rel}","templated":true}]}}