{"id":1350,"date":"2017-03-15T16:20:17","date_gmt":"2017-03-15T15:20:17","guid":{"rendered":"http:\/\/agora.xtec.cat\/inslacetania\/?page_id=1350"},"modified":"2024-08-31T19:56:07","modified_gmt":"2024-08-31T17:56:07","slug":"cfgm-instal%e2%80%a2lacions-de-telecomunicacions-ee30","status":"publish","type":"page","link":"https:\/\/agora.xtec.cat\/inslacetania\/estudis\/fp\/cfgm\/cfgm-instal%e2%80%a2lacions-de-telecomunicacions-ee30\/","title":{"rendered":"CFGM Instal\u00b7lacions de telecomunicacions \u2013 EE30"},"content":{"rendered":"<p>Fam\u00edlia professional: Electricitat i electr\u00f2nica<\/p>\n<p style=\"text-align: center;\"><a href=\"http:\/\/agora.xtec.cat\/inslacetania\/wp-content\/uploads\/usu1045\/2017\/03\/empresa-de-telecomunicaciones.jpg\"><img loading=\"lazy\" decoding=\"async\" class=\"aligncenter wp-image-1352\" src=\"http:\/\/agora.xtec.cat\/inslacetania\/wp-content\/uploads\/usu1045\/2017\/03\/empresa-de-telecomunicaciones-300x165.jpg\" alt=\"empresa-de-telecomunicaciones\" width=\"450\" height=\"248\" srcset=\"https:\/\/agora.xtec.cat\/inslacetania\/wp-content\/uploads\/usu1045\/2017\/03\/empresa-de-telecomunicaciones-300x165.jpg 300w, https:\/\/agora.xtec.cat\/inslacetania\/wp-content\/uploads\/usu1045\/2017\/03\/empresa-de-telecomunicaciones-768x422.jpg 768w, https:\/\/agora.xtec.cat\/inslacetania\/wp-content\/uploads\/usu1045\/2017\/03\/empresa-de-telecomunicaciones.jpg 909w\" sizes=\"auto, (max-width: 450px) 100vw, 450px\" \/><\/a><\/p>\n<h4>Descripci\u00f3<\/h4>\n<p style=\"text-align: justify;\">Aquests estudis capaciten per a muntar i mantenir instal\u2022lacions de telecomunicacions i audiovisuals, instal\u2022lacions de radiocomunicacions i instal\u2022lacions dom\u00f2tiques, aplicant la normativa i la reglamentaci\u00f3 vigents, els protocols de qualitat, de seguretat i de riscos laborals, assegurant-ne la funcionalitat i el respecte al medi ambient.<\/p>\n<p style=\"text-align: justify;\">Tenen una durada de 2.000 hores (amb formaci\u00f3 al centre educatiu i a l&#8217;empresa) distribu\u00efdes en dos cursos acad\u00e8mics.<\/p>\n<p style=\"text-align: justify;\">L\u2019alumnat pot realitzar pr\u00e0ctiques en empreses estrangeres dins del programa europeu de mobilitat Erasmus+.<\/p>\n<p style=\"text-align: center;\"><iframe loading=\"lazy\" title=\"YouTube video player\" src=\"https:\/\/www.youtube.com\/embed\/9Qv_v1hQxiQ\" width=\"560\" height=\"315\" frameborder=\"0\" allowfullscreen=\"allowfullscreen\"><\/iframe><\/p>\n<h4>Continguts<\/h4>\n<ul>\n<li>Infraestructures comunes de telecomunicaci\u00f3 en habitatges i edificis.<\/li>\n<li>Infraestructures de xarxes de dades i sistemes de telefonia.<\/li>\n<li>Instal\u2022lacions de megafonia i sonoritzaci\u00f3.<\/li>\n<li>Circuit tancat de televisi\u00f3 i seguretat electr\u00f2nica.<\/li>\n<li>Equips microinform\u00e0tics.<\/li>\n<li>Instal\u2022lacions dom\u00f2tiques.<\/li>\n<li>Instal\u2022lacions de radiocomunicacions<\/li>\n<li>Instal\u2022lacions el\u00e8ctriques b\u00e0siques.<\/li>\n<li>Electr\u00f2nica aplicada<\/li>\n<li>Angl\u00e8s professional<\/li>\n<li>S\u00edntesi<\/li>\n<li>Itinerari per a l`ocupabilitat I<\/li>\n<li>Itinerari per a l`ocupabilitat II<\/li>\n<li>Digitalitzaci\u00f3 aplicada al sector productiu<\/li>\n<li>Sostenibilitat aplicada al sector productiu<\/li>\n<li>Optativa \/ Optatives<\/li>\n<li>Dual \/ Dual Intensiva<\/li>\n<\/ul>\n<h4>Principals ocupacions i llocs de treball<\/h4>\n<ul>\n<li>Instal\u2022lador de telecomunicacions en edificis d&#8217;habitatges<\/li>\n<li>Instal\u2022lador d&#8217;antenes<\/li>\n<li>Instal\u2022lador de sistemes de seguretat<\/li>\n<li>T\u00e8cnic en xarxes locals i telem\u00e0tica<\/li>\n<li>T\u00e8cnic en instal\u2022laci\u00f3 i manteniment de xarxes locals<\/li>\n<li>Instal\u2022lador de telefonia<\/li>\n<li>Instal\u2022lador muntador d&#8217;equips telef\u00f2nics i telem\u00e0tics<\/li>\n<li>T\u00e8cnic en instal\u2022lacions de so<\/li>\n<li>Instal\u2022lador de megafonia<\/li>\n<li>Instal\u2022lador mantenidor de sistemes dom\u00f2tics<\/li>\n<li>T\u00e8cnic instal\u2022lador mantenidor d&#8217;equips inform\u00e0tics<\/li>\n<li>T\u00e8cnic en muntatge i manteniment de sistemes de radiodifusi\u00f3<\/li>\n<\/ul>\n<h4>Horari<\/h4>\n<p>Mati de 8 a 14:30<\/p>\n","protected":false},"excerpt":{"rendered":"<p>Fam\u00edlia professional: Electricitat i electr\u00f2nica Descripci\u00f3 Aquests estudis capaciten per a muntar i mantenir instal\u2022lacions de telecomunicacions i audiovisuals, instal\u2022lacions de radiocomunicacions i instal\u2022lacions dom\u00f2tiques, aplicant la normativa i la reglamentaci\u00f3 vigents, els protocols de qualitat, de seguretat i de riscos laborals, assegurant-ne la funcionalitat i el respecte al medi ambient. Tenen una durada de [&hellip;]<\/p>\n","protected":false},"author":4,"featured_media":0,"parent":632,"menu_order":30,"comment_status":"closed","ping_status":"closed","template":"page-templates\/side-menu.php","meta":{"_bbp_topic_count":0,"_bbp_reply_count":0,"_bbp_total_topic_count":0,"_bbp_total_reply_count":0,"_bbp_voice_count":0,"_bbp_anonymous_reply_count":0,"_bbp_topic_count_hidden":0,"_bbp_reply_count_hidden":0,"_bbp_forum_subforum_count":0,"site-sidebar-layout":"default","site-content-layout":"","ast-site-content-layout":"","site-content-style":"default","site-sidebar-style":"default","ast-global-header-display":"","ast-banner-title-visibility":"","ast-main-header-display":"","ast-hfb-above-header-display":"","ast-hfb-below-header-display":"","ast-hfb-mobile-header-display":"","site-post-title":"","ast-breadcrumbs-content":"","ast-featured-img":"","footer-sml-layout":"","theme-transparent-header-meta":"","adv-header-id-meta":"","stick-header-meta":"","header-above-stick-meta":"","header-main-stick-meta":"","header-below-stick-meta":"","astra-migrate-meta-layouts":"default","ast-page-background-enabled":"default","ast-page-background-meta":{"desktop":{"background-color":"var(--ast-global-color-4)","background-image":"","background-repeat":"repeat","background-position":"center center","background-size":"auto","background-attachment":"scroll","background-type":"","background-media":"","overlay-type":"","overlay-color":"","overlay-opacity":"","overlay-gradient":""},"tablet":{"background-color":"","background-image":"","background-repeat":"repeat","background-position":"center center","background-size":"auto","background-attachment":"scroll","background-type":"","background-media":"","overlay-type":"","overlay-color":"","overlay-opacity":"","overlay-gradient":""},"mobile":{"background-color":"","background-image":"","background-repeat":"repeat","background-position":"center center","background-size":"auto","background-attachment":"scroll","background-type":"","background-media":"","overlay-type":"","overlay-color":"","overlay-opacity":"","overlay-gradient":""}},"ast-content-background-meta":{"desktop":{"background-color":"var(--ast-global-color-5)","background-image":"","background-repeat":"repeat","background-position":"center center","background-size":"auto","background-attachment":"scroll","background-type":"","background-media":"","overlay-type":"","overlay-color":"","overlay-opacity":"","overlay-gradient":""},"tablet":{"background-color":"var(--ast-global-color-5)","background-image":"","background-repeat":"repeat","background-position":"center center","background-size":"auto","background-attachment":"scroll","background-type":"","background-media":"","overlay-type":"","overlay-color":"","overlay-opacity":"","overlay-gradient":""},"mobile":{"background-color":"var(--ast-global-color-5)","background-image":"","background-repeat":"repeat","background-position":"center center","background-size":"auto","background-attachment":"scroll","background-type":"","background-media":"","overlay-type":"","overlay-color":"","overlay-opacity":"","overlay-gradient":""}},"footnotes":""},"class_list":["post-1350","page","type-page","status-publish","hentry"],"post_mailing_queue_ids":[],"_links":{"self":[{"href":"https:\/\/agora.xtec.cat\/inslacetania\/wp-json\/wp\/v2\/pages\/1350","targetHints":{"allow":["GET"]}}],"collection":[{"href":"https:\/\/agora.xtec.cat\/inslacetania\/wp-json\/wp\/v2\/pages"}],"about":[{"href":"https:\/\/agora.xtec.cat\/inslacetania\/wp-json\/wp\/v2\/types\/page"}],"author":[{"embeddable":true,"href":"https:\/\/agora.xtec.cat\/inslacetania\/wp-json\/wp\/v2\/users\/4"}],"replies":[{"embeddable":true,"href":"https:\/\/agora.xtec.cat\/inslacetania\/wp-json\/wp\/v2\/comments?post=1350"}],"version-history":[{"count":6,"href":"https:\/\/agora.xtec.cat\/inslacetania\/wp-json\/wp\/v2\/pages\/1350\/revisions"}],"predecessor-version":[{"id":23092,"href":"https:\/\/agora.xtec.cat\/inslacetania\/wp-json\/wp\/v2\/pages\/1350\/revisions\/23092"}],"up":[{"embeddable":true,"href":"https:\/\/agora.xtec.cat\/inslacetania\/wp-json\/wp\/v2\/pages\/632"}],"wp:attachment":[{"href":"https:\/\/agora.xtec.cat\/inslacetania\/wp-json\/wp\/v2\/media?parent=1350"}],"curies":[{"name":"wp","href":"https:\/\/api.w.org\/{rel}","templated":true}]}}