{"id":10743,"date":"2021-02-10T12:40:29","date_gmt":"2021-02-10T11:40:29","guid":{"rendered":"http:\/\/agora.xtec.cat\/inslacetania\/?page_id=10743"},"modified":"2021-02-24T16:33:28","modified_gmt":"2021-02-24T15:33:28","slug":"fp-dual-empreses-collaboradores","status":"publish","type":"page","link":"https:\/\/agora.xtec.cat\/inslacetania\/estudis\/fp\/fp-dual\/fp-dual-empreses-collaboradores\/","title":{"rendered":"FP Dual. Empreses col\u00b7laboradores"},"content":{"rendered":"<p><img loading=\"lazy\" decoding=\"async\" class=\"\" src=\"https:\/\/agora.xtec.cat\/inslacetania\/wp-content\/uploads\/usu1045\/2016\/10\/anagrama_lacetania_02.png\" width=\"110\" height=\"83\" \/><\/p>\n<table style=\"height: 1147px; width: 100%;\" width=\"100%\">\n<tbody>\n<tr style=\"height: 31px;\">\n<td style=\"height: 31px;\">A. RAYMOND TECNIACERO SAU<\/td>\n<td style=\"height: 31px;\">MARC CLARET BALLAR\u00c0<\/td>\n<\/tr>\n<tr style=\"height: 31px;\">\n<td style=\"height: 31px;\">ACCESSORIS SENCOR SA<\/td>\n<td style=\"height: 31px;\">MASATS, SA<\/td>\n<\/tr>\n<tr style=\"height: 31px;\">\n<td style=\"height: 31px;\">ACCIONA FACILITY SERVICES SA<\/td>\n<td style=\"height: 31px;\">MAXION WHEELS ESPA\u00d1A SL<\/td>\n<\/tr>\n<tr style=\"height: 31px;\">\n<td style=\"height: 31px;\">AFM SA<\/td>\n<td style=\"height: 31px;\">MECAMAN PUJOL SL<\/td>\n<\/tr>\n<tr style=\"height: 31px;\">\n<td style=\"height: 31px;\">AIRTIFICIAL INTELLIGENT ROBOTS, SAU<\/td>\n<td style=\"height: 31px;\">MECANICA VILARO SL<\/td>\n<\/tr>\n<tr style=\"height: 31px;\">\n<td style=\"height: 31px;\">AKSON CABLES, SL<\/td>\n<td style=\"height: 31px;\">MECANIQUES CORBI, SL<\/td>\n<\/tr>\n<tr style=\"height: 31px;\">\n<td style=\"height: 31px;\">ANVIPLAS, SL<\/td>\n<td style=\"height: 31px;\">MECANITZATS DASER SL<\/td>\n<\/tr>\n<tr style=\"height: 31px;\">\n<td style=\"height: 31px;\">ASZENDE, S.L.<\/td>\n<td style=\"height: 31px;\">MECANITZATS ESCAL\u00c9, S.L.<\/td>\n<\/tr>\n<tr style=\"height: 31px;\">\n<td style=\"height: 31px;\">AUTO MOIAN\u00c8S, S.L.<\/td>\n<td style=\"height: 31px;\">MECAPLAST IB\u00c9RICA, SAU<\/td>\n<\/tr>\n<tr style=\"height: 31px;\">\n<td style=\"height: 31px;\">AUTOM\u00d2BILS MAS. SL<\/td>\n<td style=\"height: 31px;\">MERCADONA, S.A.<\/td>\n<\/tr>\n<tr style=\"height: 31px;\">\n<td style=\"height: 31px;\">AUTOTRANSVERSAL S.L.<\/td>\n<td style=\"height: 31px;\">METAL.L\u00daRGICA MARTEM SL<\/td>\n<\/tr>\n<tr style=\"height: 31px;\">\n<td style=\"height: 31px;\">BOOT&amp;WORK CORP. SL<\/td>\n<td style=\"height: 31px;\">MOTOR TARREGA TRUCKS 360, SLU<\/td>\n<\/tr>\n<tr style=\"height: 31px;\">\n<td style=\"height: 31px;\">CAMPS AUTOREPARACI\u00d3 SL<\/td>\n<td style=\"height: 31px;\">NILED, SAE<\/td>\n<\/tr>\n<tr style=\"height: 31px;\">\n<td style=\"height: 31px;\">CARLES CASAS TORRAS<\/td>\n<td style=\"height: 31px;\">NOU MOTOR 96, SL<\/td>\n<\/tr>\n<tr style=\"height: 31px;\">\n<td style=\"height: 31px;\">CASA MAS ALIMENTACIO SL<\/td>\n<td style=\"height: 31px;\">NUTRISET, SL<\/td>\n<\/tr>\n<tr style=\"height: 31px;\">\n<td style=\"height: 31px;\">COMERCIAL ELECTR\u00d2NICA MANRESA SL<\/td>\n<td style=\"height: 31px;\">ORONA SC<\/td>\n<\/tr>\n<tr style=\"height: 31px;\">\n<td style=\"height: 31px;\">CONECTA-2 AUTOMATION, SL<\/td>\n<td style=\"height: 31px;\">PINTER CAIPO, SAU<\/td>\n<\/tr>\n<tr style=\"height: 31px;\">\n<td style=\"height: 31px;\">CORPORACI\u00d3 ALIMENT\u00c0RIA GUISSONA<\/td>\n<td style=\"height: 31px;\">PROSEAT FOAM MANUFACTURING SLU<\/td>\n<\/tr>\n<tr style=\"height: 31px;\">\n<td style=\"height: 31px;\">CONSTRUCCIONS COTS I CLARET, SL<\/td>\n<td style=\"height: 31px;\">REVOLUTION ORIGINAL, SL<\/td>\n<\/tr>\n<tr style=\"height: 31px;\">\n<td style=\"height: 31px;\">DENSO BARCELONA SAU<\/td>\n<td style=\"height: 31px;\">SALA MOTORS BAGES, S.L.<\/td>\n<\/tr>\n<tr style=\"height: 31px;\">\n<td style=\"height: 31px;\">DISSENY ESTUDI I MECANITZACIO SL<\/td>\n<td style=\"height: 31px;\">SANMART\u00cd SERVEIS AUTOMOCIO, S.L.<\/td>\n<\/tr>\n<tr style=\"height: 31px;\">\n<td style=\"height: 31px;\">F\u00c8NIX ENGINYERS I MANTENIMENTS INDUSTRIALS, SL<\/td>\n<td style=\"height: 31px;\">SELBA SOLUTIONS, SLU<\/td>\n<\/tr>\n<tr style=\"height: 31px;\">\n<td style=\"height: 31px;\">FUTURAUTO SA<\/td>\n<td style=\"height: 31px;\">SERVEIS MEC\u00c0NICS DE SOLSON\u00c8S SL<\/td>\n<\/tr>\n<tr style=\"height: 31px;\">\n<td style=\"height: 31px;\">GABINET TECNIC OLLER SL<\/td>\n<td style=\"height: 31px;\">SOCIEDAD AN\u00d3NIMA DE RECAMBIOS Y AUTOMOCI\u00d3N<\/td>\n<\/tr>\n<tr style=\"height: 31px;\">\n<td style=\"height: 31px;\">GESTAMP METALBAGES SA<\/td>\n<td style=\"height: 31px;\">TALLERS BALL\u00daS SL<\/td>\n<\/tr>\n<tr style=\"height: 31px;\">\n<td style=\"height: 31px;\">INSTAL\u00b7LACIONS I MANTENIMENTS ELECTRICS SOL\u00c9, SL<\/td>\n<td style=\"height: 31px;\">TALLERS TAMESIS SLL<\/td>\n<\/tr>\n<tr style=\"height: 31px;\">\n<td style=\"height: 31px;\">INGIMEC INGENIER\u00cdA, SL<\/td>\n<td style=\"height: 31px;\">TORRAS MAQUINARIA DEL BAGES SL<\/td>\n<\/tr>\n<tr style=\"height: 31px;\">\n<td style=\"height: 31px;\">J. COSTA S.L.<\/td>\n<td style=\"height: 31px;\">VICENS MAQUINARIA AGRICOLA SA<\/td>\n<\/tr>\n<tr style=\"height: 31px;\">\n<td style=\"height: 31px;\">JOAN CARLES MOLINA RODR\u00cdGUEZ<\/td>\n<td style=\"height: 31px;\">V\u00cdCTOR COTS MART\u00cdNEZ<\/td>\n<\/tr>\n<tr style=\"height: 31px;\">\n<td style=\"height: 31px;\">JOHNSON CONTROLS-HITACHI AIR CONDITIONING SPAIN, SAU<\/td>\n<td style=\"height: 31px;\">VIDMAR RM 2000 SL<\/td>\n<\/tr>\n<tr style=\"height: 31px;\">\n<td style=\"height: 31px;\">KNAUF GMBH SUCURSAL EN ESPA\u00d1A<\/td>\n<td style=\"height: 31px;\">VOLKSWAGEN GROUP ESPA\u00d1A DISTRIBUCI\u00d3N S.A.<\/td>\n<\/tr>\n<tr style=\"height: 31px;\">\n<td style=\"height: 31px;\">OLIVA TORRAS SA<\/td>\n<td style=\"height: 31px;\">ZANIA, SL<\/td>\n<\/tr>\n<tr style=\"height: 31px;\">\n<td style=\"height: 31px;\">MANRESAUTO, SA<\/td>\n<td style=\"height: 31px;\"><\/td>\n<\/tr>\n<tr style=\"height: 31px;\">\n<td style=\"height: 31px;\">M\u00c0QUINES I CARRETILLES, SL<\/td>\n<td style=\"height: 31px;\"><\/td>\n<\/tr>\n<\/tbody>\n<\/table>\n<table style=\"width: 100%;\">\n<tbody>\n<tr>\n<td style=\"width: 47.0352%;\"><a href=\"https:\/\/agora.xtec.cat\/inslacetania\/wp-content\/uploads\/usu1045\/2021\/02\/DE_2l_vermell-LOGO-GENE-EDUCACIO-II.jpg\"><img loading=\"lazy\" decoding=\"async\" class=\"wp-image-10740 size-medium alignleft\" src=\"https:\/\/agora.xtec.cat\/inslacetania\/wp-content\/uploads\/usu1045\/2021\/02\/DE_2l_vermell-LOGO-GENE-EDUCACIO-II-300x49.jpg\" alt=\"\" width=\"300\" height=\"49\" srcset=\"https:\/\/agora.xtec.cat\/inslacetania\/wp-content\/uploads\/usu1045\/2021\/02\/DE_2l_vermell-LOGO-GENE-EDUCACIO-II-300x49.jpg 300w, https:\/\/agora.xtec.cat\/inslacetania\/wp-content\/uploads\/usu1045\/2021\/02\/DE_2l_vermell-LOGO-GENE-EDUCACIO-II-768x125.jpg 768w, https:\/\/agora.xtec.cat\/inslacetania\/wp-content\/uploads\/usu1045\/2021\/02\/DE_2l_vermell-LOGO-GENE-EDUCACIO-II.jpg 769w\" sizes=\"auto, (max-width: 300px) 100vw, 300px\" \/><\/a><\/td>\n<td style=\"width: 52.3618%;\"><a href=\"https:\/\/agora.xtec.cat\/inslacetania\/wp-content\/uploads\/usu1045\/2021\/02\/Logo-Ministeri-i-Fons.png\"><img loading=\"lazy\" decoding=\"async\" class=\"wp-image-10741 alignright\" src=\"https:\/\/agora.xtec.cat\/inslacetania\/wp-content\/uploads\/usu1045\/2021\/02\/Logo-Ministeri-i-Fons-300x37.png\" alt=\"\" width=\"397\" height=\"49\" srcset=\"https:\/\/agora.xtec.cat\/inslacetania\/wp-content\/uploads\/usu1045\/2021\/02\/Logo-Ministeri-i-Fons-300x37.png 300w, https:\/\/agora.xtec.cat\/inslacetania\/wp-content\/uploads\/usu1045\/2021\/02\/Logo-Ministeri-i-Fons.png 594w\" sizes=\"auto, (max-width: 397px) 100vw, 397px\" \/><\/a><\/td>\n<\/tr>\n<\/tbody>\n<\/table>\n","protected":false},"excerpt":{"rendered":"<p>A. RAYMOND TECNIACERO SAU MARC CLARET BALLAR\u00c0 ACCESSORIS SENCOR SA MASATS, SA ACCIONA FACILITY SERVICES SA MAXION WHEELS ESPA\u00d1A SL AFM SA MECAMAN PUJOL SL AIRTIFICIAL INTELLIGENT ROBOTS, SAU MECANICA VILARO SL AKSON CABLES, SL MECANIQUES CORBI, SL ANVIPLAS, SL MECANITZATS DASER SL ASZENDE, S.L. MECANITZATS ESCAL\u00c9, S.L. AUTO MOIAN\u00c8S, S.L. MECAPLAST IB\u00c9RICA, SAU AUTOM\u00d2BILS [&hellip;]<\/p>\n","protected":false},"author":4,"featured_media":0,"parent":10647,"menu_order":20,"comment_status":"closed","ping_status":"closed","template":"page-templates\/side-menu.php","meta":{"_bbp_topic_count":0,"_bbp_reply_count":0,"_bbp_total_topic_count":0,"_bbp_total_reply_count":0,"_bbp_voice_count":0,"_bbp_anonymous_reply_count":0,"_bbp_topic_count_hidden":0,"_bbp_reply_count_hidden":0,"_bbp_forum_subforum_count":0,"site-sidebar-layout":"default","site-content-layout":"","ast-site-content-layout":"","site-content-style":"default","site-sidebar-style":"default","ast-global-header-display":"","ast-banner-title-visibility":"","ast-main-header-display":"","ast-hfb-above-header-display":"","ast-hfb-below-header-display":"","ast-hfb-mobile-header-display":"","site-post-title":"","ast-breadcrumbs-content":"","ast-featured-img":"","footer-sml-layout":"","theme-transparent-header-meta":"","adv-header-id-meta":"","stick-header-meta":"","header-above-stick-meta":"","header-main-stick-meta":"","header-below-stick-meta":"","astra-migrate-meta-layouts":"default","ast-page-background-enabled":"default","ast-page-background-meta":{"desktop":{"background-color":"var(--ast-global-color-4)","background-image":"","background-repeat":"repeat","background-position":"center center","background-size":"auto","background-attachment":"scroll","background-type":"","background-media":"","overlay-type":"","overlay-color":"","overlay-opacity":"","overlay-gradient":""},"tablet":{"background-color":"","background-image":"","background-repeat":"repeat","background-position":"center center","background-size":"auto","background-attachment":"scroll","background-type":"","background-media":"","overlay-type":"","overlay-color":"","overlay-opacity":"","overlay-gradient":""},"mobile":{"background-color":"","background-image":"","background-repeat":"repeat","background-position":"center center","background-size":"auto","background-attachment":"scroll","background-type":"","background-media":"","overlay-type":"","overlay-color":"","overlay-opacity":"","overlay-gradient":""}},"ast-content-background-meta":{"desktop":{"background-color":"var(--ast-global-color-5)","background-image":"","background-repeat":"repeat","background-position":"center center","background-size":"auto","background-attachment":"scroll","background-type":"","background-media":"","overlay-type":"","overlay-color":"","overlay-opacity":"","overlay-gradient":""},"tablet":{"background-color":"var(--ast-global-color-5)","background-image":"","background-repeat":"repeat","background-position":"center center","background-size":"auto","background-attachment":"scroll","background-type":"","background-media":"","overlay-type":"","overlay-color":"","overlay-opacity":"","overlay-gradient":""},"mobile":{"background-color":"var(--ast-global-color-5)","background-image":"","background-repeat":"repeat","background-position":"center center","background-size":"auto","background-attachment":"scroll","background-type":"","background-media":"","overlay-type":"","overlay-color":"","overlay-opacity":"","overlay-gradient":""}},"footnotes":""},"class_list":["post-10743","page","type-page","status-publish","hentry"],"post_mailing_queue_ids":[],"_links":{"self":[{"href":"https:\/\/agora.xtec.cat\/inslacetania\/wp-json\/wp\/v2\/pages\/10743","targetHints":{"allow":["GET"]}}],"collection":[{"href":"https:\/\/agora.xtec.cat\/inslacetania\/wp-json\/wp\/v2\/pages"}],"about":[{"href":"https:\/\/agora.xtec.cat\/inslacetania\/wp-json\/wp\/v2\/types\/page"}],"author":[{"embeddable":true,"href":"https:\/\/agora.xtec.cat\/inslacetania\/wp-json\/wp\/v2\/users\/4"}],"replies":[{"embeddable":true,"href":"https:\/\/agora.xtec.cat\/inslacetania\/wp-json\/wp\/v2\/comments?post=10743"}],"version-history":[{"count":3,"href":"https:\/\/agora.xtec.cat\/inslacetania\/wp-json\/wp\/v2\/pages\/10743\/revisions"}],"predecessor-version":[{"id":10870,"href":"https:\/\/agora.xtec.cat\/inslacetania\/wp-json\/wp\/v2\/pages\/10743\/revisions\/10870"}],"up":[{"embeddable":true,"href":"https:\/\/agora.xtec.cat\/inslacetania\/wp-json\/wp\/v2\/pages\/10647"}],"wp:attachment":[{"href":"https:\/\/agora.xtec.cat\/inslacetania\/wp-json\/wp\/v2\/media?parent=10743"}],"curies":[{"name":"wp","href":"https:\/\/api.w.org\/{rel}","templated":true}]}}