{"id":12447,"date":"2025-04-09T13:39:12","date_gmt":"2025-04-09T11:39:12","guid":{"rendered":"https:\/\/agora.xtec.cat\/insjvfoix\/?page_id=12447"},"modified":"2026-04-20T13:32:25","modified_gmt":"2026-04-20T11:32:25","slug":"preinscripcio-i-matricula-curs-2025-2026-pfi","status":"publish","type":"page","link":"https:\/\/agora.xtec.cat\/insjvfoix\/secretaria\/preinscripcio-i-matricula-curs-2025-2026-pfi\/","title":{"rendered":"Preinscripci\u00f3 i matr\u00edcula (curs 2026-2027) PFI"},"content":{"rendered":"<p style=\"text-align: left;\">Quant als terminis de preinscripci\u00f3 i matr\u00edcula del curs 2026-2027, les dates que cal tenir en compte s\u00f3n les seg\u00fcents:<\/p>\n<table style=\"border-collapse: collapse; width: 100%;\">\n<tbody>\n<tr>\n<td style=\"width: 33.3333%;\">ESTUDIS<\/td>\n<td style=\"width: 33.3333%;\">PREINSCRIPCI\u00d3<\/td>\n<td style=\"width: 33.3333%;\">MATR\u00cdCULA<\/td>\n<\/tr>\n<tr>\n<td style=\"width: 33.3333%;\"><a href=\"https:\/\/preinscripcio.gencat.cat\/ca\/estudis\/pfi\/inici\/\" target=\"_blank\" rel=\"noopener\">PFI<\/a><\/td>\n<td style=\"width: 33.3333%;\">Del del 4 al 13 de maig<\/td>\n<td style=\"width: 33.3333%;\">Del 6 al 10 de juliol<\/td>\n<\/tr>\n<\/tbody>\n<\/table>\n<p><a href=\"https:\/\/agora.xtec.cat\/insjvfoix\/wp-content\/uploads\/usu394\/2026\/04\/Instruccio_preinscripcio_PFI_26_27.pdf\">Instruccions de preinscripci\u00f3 a PFI<\/a><\/p>\n<p><strong>Publicaci\u00f3 de llistats:<\/strong><\/p>\n<ul>\n<li>Publicaci\u00f3 de l&#8217;oferta inicial de places a 30\/04\/2026;<\/li>\n<li>Publicaci\u00f3 de la llista de sol\u00b7licituds que han demanat el centre i l&#8217;ensenyament en primera petici\u00f3 amb la puntuaci\u00f3 provisional a 28\/05\/2026;<\/li>\n<li>Publicaci\u00f3 de la llista de sol\u00b7licituds que han demanat el centre i l&#8217;ensenyament en primera petici\u00f3 amb la puntuaci\u00f3 resoltes les reclamacions a 08\/06\/2026;<\/li>\n<li>Publicaci\u00f3 de la llista de sol\u00b7licituds que han demanat el centre i l&#8217;ensenyament en primera petici\u00f3 ordenada a 11\/06\/2026;<\/li>\n<li>Alumnes assignats al centre amb indicaci\u00f3 de la primera petici\u00f3 a 03\/07\/2026;<\/li>\n<li>Publicaci\u00f3 de la llista d&#8217;espera del centre a 03\/07\/2026<\/li>\n<\/ul>\n\n\n<p><\/p>\n\n\n\n<p><\/p>\n\n\n\n<p><\/p>\n","protected":false},"excerpt":{"rendered":"<p>Quant als terminis de preinscripci\u00f3 i matr\u00edcula del curs 2026-2027, les dates que cal tenir en compte s\u00f3n les seg\u00fcents: ESTUDIS PREINSCRIPCI\u00d3 MATR\u00cdCULA PFI Del del 4 al 13 de maig Del 6 al 10 de juliol Instruccions de preinscripci\u00f3 a PFI Publicaci\u00f3 de llistats: Publicaci\u00f3 de l&#8217;oferta inicial de places a 30\/04\/2026; Publicaci\u00f3 de [&hellip;]<\/p>\n","protected":false},"author":1,"featured_media":0,"parent":81,"menu_order":0,"comment_status":"closed","ping_status":"closed","template":"","meta":{"_bbp_topic_count":0,"_bbp_reply_count":0,"_bbp_total_topic_count":0,"_bbp_total_reply_count":0,"_bbp_voice_count":0,"_bbp_anonymous_reply_count":0,"_bbp_topic_count_hidden":0,"_bbp_reply_count_hidden":0,"_bbp_forum_subforum_count":0,"site-sidebar-layout":"default","site-content-layout":"","ast-site-content-layout":"default","site-content-style":"default","site-sidebar-style":"default","ast-global-header-display":"","ast-banner-title-visibility":"","ast-main-header-display":"","ast-hfb-above-header-display":"","ast-hfb-below-header-display":"","ast-hfb-mobile-header-display":"","site-post-title":"","ast-breadcrumbs-content":"","ast-featured-img":"","footer-sml-layout":"","theme-transparent-header-meta":"","adv-header-id-meta":"","stick-header-meta":"","header-above-stick-meta":"","header-main-stick-meta":"","header-below-stick-meta":"","astra-migrate-meta-layouts":"set","ast-page-background-enabled":"default","ast-page-background-meta":{"desktop":{"background-color":"var(--ast-global-color-5)","background-image":"","background-repeat":"repeat","background-position":"center center","background-size":"auto","background-attachment":"scroll","background-type":"","background-media":"","overlay-type":"","overlay-color":"","overlay-opacity":"","overlay-gradient":""},"tablet":{"background-color":"","background-image":"","background-repeat":"repeat","background-position":"center center","background-size":"auto","background-attachment":"scroll","background-type":"","background-media":"","overlay-type":"","overlay-color":"","overlay-opacity":"","overlay-gradient":""},"mobile":{"background-color":"","background-image":"","background-repeat":"repeat","background-position":"center center","background-size":"auto","background-attachment":"scroll","background-type":"","background-media":"","overlay-type":"","overlay-color":"","overlay-opacity":"","overlay-gradient":""}},"ast-content-background-meta":{"desktop":{"background-color":"var(--ast-global-color-4)","background-image":"","background-repeat":"repeat","background-position":"center center","background-size":"auto","background-attachment":"scroll","background-type":"","background-media":"","overlay-type":"","overlay-color":"","overlay-opacity":"","overlay-gradient":""},"tablet":{"background-color":"var(--ast-global-color-4)","background-image":"","background-repeat":"repeat","background-position":"center center","background-size":"auto","background-attachment":"scroll","background-type":"","background-media":"","overlay-type":"","overlay-color":"","overlay-opacity":"","overlay-gradient":""},"mobile":{"background-color":"var(--ast-global-color-4)","background-image":"","background-repeat":"repeat","background-position":"center center","background-size":"auto","background-attachment":"scroll","background-type":"","background-media":"","overlay-type":"","overlay-color":"","overlay-opacity":"","overlay-gradient":""}},"footnotes":""},"class_list":["post-12447","page","type-page","status-publish","hentry"],"post_mailing_queue_ids":[],"_links":{"self":[{"href":"https:\/\/agora.xtec.cat\/insjvfoix\/wp-json\/wp\/v2\/pages\/12447","targetHints":{"allow":["GET"]}}],"collection":[{"href":"https:\/\/agora.xtec.cat\/insjvfoix\/wp-json\/wp\/v2\/pages"}],"about":[{"href":"https:\/\/agora.xtec.cat\/insjvfoix\/wp-json\/wp\/v2\/types\/page"}],"author":[{"embeddable":true,"href":"https:\/\/agora.xtec.cat\/insjvfoix\/wp-json\/wp\/v2\/users\/1"}],"replies":[{"embeddable":true,"href":"https:\/\/agora.xtec.cat\/insjvfoix\/wp-json\/wp\/v2\/comments?post=12447"}],"version-history":[{"count":6,"href":"https:\/\/agora.xtec.cat\/insjvfoix\/wp-json\/wp\/v2\/pages\/12447\/revisions"}],"predecessor-version":[{"id":13413,"href":"https:\/\/agora.xtec.cat\/insjvfoix\/wp-json\/wp\/v2\/pages\/12447\/revisions\/13413"}],"up":[{"embeddable":true,"href":"https:\/\/agora.xtec.cat\/insjvfoix\/wp-json\/wp\/v2\/pages\/81"}],"wp:attachment":[{"href":"https:\/\/agora.xtec.cat\/insjvfoix\/wp-json\/wp\/v2\/media?parent=12447"}],"curies":[{"name":"wp","href":"https:\/\/api.w.org\/{rel}","templated":true}]}}

Preinscripció i matrícula (curs 2026-2027) PFI

<p style="text-align: left;">Quant als terminis de preinscripció i matrícula del curs 2026-2027, les dates que cal tenir en compte són les següents:</p>
<table style="border-collapse: collapse; width: 100%;">
<tbody>
<tr>
<td style="width: 33.3333%;">ESTUDIS</td>
<td style="width: 33.3333%;">PREINSCRIPCIÓ</td>
<td style="width: 33.3333%;">MATRÍCULA</td>
</tr>
<tr>
<td style="width: 33.3333%;"><a href="https://preinscripcio.gencat.cat/ca/estudis/pfi/inici/" target="_blank" rel="noopener">PFI</a></td>
<td style="width: 33.3333%;">Del del 4 al 13 de maig</td>
<td style="width: 33.3333%;">Del 6 al 10 de juliol</td>
</tr>
</tbody>
</table>
<p><a href="https://agora.xtec.cat/insjvfoix/wp-content/uploads/usu394/2026/04/Instruccio_preinscripcio_PFI_26_27.pdf">Instruccions de preinscripció a PFI</a></p>
<p><strong>Publicació de llistats:</strong></p>
<ul>
<li>Publicació de l&#8217;oferta inicial de places a 30/04/2026;</li>
<li>Publicació de la llista de sol·licituds que han demanat el centre i l&#8217;ensenyament en primera petició amb la puntuació provisional a 28/05/2026;</li>
<li>Publicació de la llista de sol·licituds que han demanat el centre i l&#8217;ensenyament en primera petició amb la puntuació resoltes les reclamacions a 08/06/2026;</li>
<li>Publicació de la llista de sol·licituds que han demanat el centre i l&#8217;ensenyament en primera petició ordenada a 11/06/2026;</li>
<li>Alumnes assignats al centre amb indicació de la primera petició a 03/07/2026;</li>
<li>Publicació de la llista d&#8217;espera del centre a 03/07/2026</li>
</ul>


<p></p>



<p></p>



<p></p>

<p>Quant als terminis de preinscripció i matrícula del curs 2026-2027, les dates que cal tenir en compte són les següents: ESTUDIS PREINSCRIPCIÓ MATRÍCULA PFI Del del 4 al 13 de maig Del 6 al 10 de juliol Instruccions de preinscripció a PFI Publicació de llistats: Publicació de l&#8217;oferta inicial de places a 30/04/2026; Publicació de [&hellip;]</p>
