{"id":11538,"date":"2024-05-01T17:59:28","date_gmt":"2024-05-01T15:59:28","guid":{"rendered":"https:\/\/agora.xtec.cat\/insjvfoix\/?page_id=11538"},"modified":"2026-04-23T09:22:52","modified_gmt":"2026-04-23T07:22:52","slug":"preinscripcio-i-matricula-curs-2024-2025","status":"publish","type":"page","link":"https:\/\/agora.xtec.cat\/insjvfoix\/secretaria\/preinscripcio-i-matricula-curs-2024-2025\/","title":{"rendered":"Preinscripci\u00f3 i matr\u00edcula (curs 2026-2027) ESO"},"content":{"rendered":"\n<p>&nbsp;<\/p>\n\n\n\n<figure class=\"wp-block-image aligncenter size-full is-resized\"><a href=\"https:\/\/agora.xtec.cat\/insjvfoix\/wp-content\/uploads\/usu394\/2026\/02\/Preinscripcio_baners_Web_Consorci__Preinscripcio_web_consorci_746x376_PRIMARIA.jpg\"><img loading=\"lazy\" decoding=\"async\" width=\"763\" height=\"393\" src=\"https:\/\/agora.xtec.cat\/insjvfoix\/wp-content\/uploads\/usu394\/2026\/02\/Preinscripcio_baners_Web_Consorci__Preinscripcio_web_consorci_746x376_PRIMARIA.jpg\" alt=\"\" class=\"wp-image-13158\" style=\"width:518px;height:auto\" srcset=\"https:\/\/agora.xtec.cat\/insjvfoix\/wp-content\/uploads\/usu394\/2026\/02\/Preinscripcio_baners_Web_Consorci__Preinscripcio_web_consorci_746x376_PRIMARIA.jpg 763w, https:\/\/agora.xtec.cat\/insjvfoix\/wp-content\/uploads\/usu394\/2026\/02\/Preinscripcio_baners_Web_Consorci__Preinscripcio_web_consorci_746x376_PRIMARIA-300x155.jpg 300w\" sizes=\"auto, (max-width: 763px) 100vw, 763px\" \/><\/a><\/figure>\n\n\n\n<p class=\"has-text-align-left\">Quant als terminis de preinscripci\u00f3 i matr\u00edcula del curs 2025-2027, les dates que cal tenir en compte s\u00f3n les seg\u00fcents:<\/p>\n\n\n\n<figure class=\"wp-block-table\"><table class=\"has-fixed-layout\"><tbody><tr><td>ESTUDIS<\/td><td>PREINSCRIPCI\u00d3<\/td><td>MATR\u00cdCULA<\/td><\/tr><tr><td>ESO<\/td><td>Del 6 al 18 de mar\u00e7<\/td><td>Del 22 al 30 de juny&nbsp;<\/td><\/tr><\/tbody><\/table><\/figure>\n\n\n\n<p><a href=\"https:\/\/agora.xtec.cat\/insjvfoix\/wp-content\/uploads\/usu394\/2026\/02\/Instruccio_preinscripcio_ESO_26_27.pdf\" data-type=\"link\" data-id=\"https:\/\/agora.xtec.cat\/insjvfoix\/wp-content\/uploads\/usu394\/2026\/02\/Instruccio_preinscripcio_ESO_26_27.pdf\">Manual per a fer la preinscripci\u00f3.<\/a><\/p>\n\n\n\n<div class=\"wp-block-getwid-advanced-heading\"><span class=\"wp-block-getwid-advanced-heading__content\"><strong>Matr\u00edcula de continu\u00eftat a l&#8217;ESO<\/strong>:<\/span><\/div>\n\n\n\n<p>L&#8217;alumnat que actualment fa l&#8217;ESO se&#8217;ls entregar\u00e0 un sobre amb la documentaci\u00f3 per retornar. A continuaci\u00f3 detallem les dates:<\/p>\n\n\n\n<ol class=\"wp-block-list\">\n<li>  Els sobres s&#8217;entregaran la setmana del 4 al 8 de maig.<\/li>\n\n\n\n<li>1r d&#8217;ESO els haur\u00e0 de retornar omplerts la setmana del 18 al 22 de maig.<\/li>\n\n\n\n<li>2n d&#8217;ESO els haur\u00e0 de retornar omplerts la setmana del 26 al 28 de maig.<\/li>\n\n\n\n<li>3r d&#8217;ESO i l&#8217;alumnat de 4t que vulgui fer batxillerat al centre, els haur\u00e0 de retornar del 1r al 5 de juny.<\/li>\n<\/ol>\n\n\n\n<p><\/p>\n\n\n\n<p><strong>Preinscripci\u00f3 i matriculaci\u00f3 de l&#8217;alumnat que el curs vinent far\u00e0 1r de l&#8217;ESO.<\/strong><\/p>\n\n\n\n<p>L&#8217;horari de secretaria \u00e9s:<\/p>\n\n\n\n<ul class=\"wp-block-list\">\n<li>De dilluns a divendres de 8 a 14 h.<\/li>\n<\/ul>\n\n\n\n<ul class=\"wp-block-list\">\n<li>Els dimarts i dijous, de 8 a 19 h.<\/li>\n<\/ul>\n\n\n\n<p>Dates importants:<\/p>\n\n\n\n<figure class=\"wp-block-table\"><table class=\"has-fixed-layout\"><tbody><tr><td><a href=\"https:\/\/agora.xtec.cat\/insjvfoix\/wp-content\/uploads\/usu394\/2026\/03\/1_Oferta_inicial.pdf\" data-type=\"link\" data-id=\"https:\/\/agora.xtec.cat\/insjvfoix\/wp-content\/uploads\/usu394\/2026\/03\/1_Oferta_inicial.pdf\">Publicaci\u00f3 de l&#8217;oferta inicial<\/a><\/td><td>3 de mar\u00e7<\/td><\/tr><tr><td><strong>Presentaci\u00f3 i\/o modificaci\u00f3 de \u200bsol\u00b7licituds ESO<\/strong><\/td><td><strong>Del&nbsp;6 al 18&nbsp;de&nbsp;mar\u00e7<\/strong>&nbsp;<\/td><\/tr><tr><td>Presentaci\u00f3 de documentaci\u00f3&nbsp;i Prim\u00e0ria i ESO&nbsp;<\/td><td>Fins al 19&nbsp;de&nbsp;mar\u00e7&nbsp;<\/td><\/tr><tr><td><strong><a href=\"https:\/\/agora.xtec.cat\/insjvfoix\/wp-content\/uploads\/usu394\/2026\/04\/2_Llistat_sol_puntuacio_provisional_ESO_26_27.pdf\" data-type=\"link\" data-id=\"https:\/\/agora.xtec.cat\/insjvfoix\/wp-content\/uploads\/usu394\/2026\/04\/2_Llistat_sol_puntuacio_provisional_ESO_26_27.pdf\">Publicaci\u00f3 de&nbsp;la&nbsp;llista de sol\u00b7licituds amb la puntuaci\u00f3 provisional<\/a><\/strong><\/td><td><strong>15&nbsp;d\u2019abril<\/strong><\/td><\/tr><tr><td>Presentaci\u00f3 de reclamacions&nbsp;a la llista amb la puntuaci\u00f3&nbsp;provisional&nbsp;<\/td><td>Del&nbsp;15 al 20&nbsp;d\u2019abril<\/td><\/tr><tr><td><a href=\"https:\/\/agora.xtec.cat\/insjvfoix\/wp-content\/uploads\/usu394\/2026\/04\/INFORME_BAREM_RESOLTES_BAREM.pdf\" data-type=\"link\" data-id=\"https:\/\/agora.xtec.cat\/insjvfoix\/wp-content\/uploads\/usu394\/2026\/04\/INFORME_BAREM_RESOLTES_BAREM.pdf\">Publicaci\u00f3 de\u00a0la llista\u00a0amb\u00a0la puntuaci\u00f3, resoltes\u00a0les reclamacions\u00a0<\/a><\/td><td>23 d\u2019abril<\/td><\/tr><tr><td>Sorteig&nbsp;<\/td><td>28 d\u2019abril<\/td><\/tr><tr><td><strong>Publicaci\u00f3 de&nbsp;la llista ordenada<\/strong>&nbsp;<\/td><td><strong>29&nbsp;d\u2019abril<\/strong><\/td><\/tr><tr><td>Publicaci\u00f3 de l\u2019oferta final&nbsp;<\/td><td>10&nbsp;de juny<\/td><\/tr><tr><td>Publicaci\u00f3 de&nbsp;la llista d\u2019admesos&nbsp;i&nbsp;la&nbsp;llista d\u2019espera&nbsp;<\/td><td>10&nbsp;de juny<\/td><\/tr><tr><td>Per\u00edode per interposar reclamacions a les llistes d&#8217;alumnes amb pla\u00e7a assignada d\u200bavant la comissi\u00f3 de&nbsp;garanties d&#8217;admissi\u00f3&nbsp;(CGA)<\/td><td>Del 10 al 12 de juny&nbsp;<\/td><\/tr><tr><td>Per\u00edode de matr\u00edcula de l&#8217;ESO\u200b<\/td><td>Del 22&nbsp;al 30 de juny&nbsp;\u200b<\/td><\/tr><\/tbody><\/table><\/figure>\n","protected":false},"excerpt":{"rendered":"<p>&nbsp; Quant als terminis de preinscripci\u00f3 i matr\u00edcula del curs 2025-2027, les dates que cal tenir en compte s\u00f3n les seg\u00fcents: ESTUDIS PREINSCRIPCI\u00d3 MATR\u00cdCULA ESO Del 6 al 18 de mar\u00e7 Del 22 al 30 de juny&nbsp; Manual per a fer la preinscripci\u00f3. L&#8217;alumnat que actualment fa l&#8217;ESO se&#8217;ls entregar\u00e0 un sobre amb la documentaci\u00f3 [&hellip;]<\/p>\n","protected":false},"author":1,"featured_media":0,"parent":81,"menu_order":0,"comment_status":"closed","ping_status":"closed","template":"","meta":{"_bbp_topic_count":0,"_bbp_reply_count":0,"_bbp_total_topic_count":0,"_bbp_total_reply_count":0,"_bbp_voice_count":0,"_bbp_anonymous_reply_count":0,"_bbp_topic_count_hidden":0,"_bbp_reply_count_hidden":0,"_bbp_forum_subforum_count":0,"site-sidebar-layout":"default","site-content-layout":"","ast-site-content-layout":"default","site-content-style":"default","site-sidebar-style":"default","ast-global-header-display":"","ast-banner-title-visibility":"","ast-main-header-display":"","ast-hfb-above-header-display":"","ast-hfb-below-header-display":"","ast-hfb-mobile-header-display":"","site-post-title":"","ast-breadcrumbs-content":"","ast-featured-img":"","footer-sml-layout":"","theme-transparent-header-meta":"","adv-header-id-meta":"","stick-header-meta":"","header-above-stick-meta":"","header-main-stick-meta":"","header-below-stick-meta":"","astra-migrate-meta-layouts":"set","ast-page-background-enabled":"default","ast-page-background-meta":{"desktop":{"background-color":"var(--ast-global-color-5)","background-image":"","background-repeat":"repeat","background-position":"center center","background-size":"auto","background-attachment":"scroll","background-type":"","background-media":"","overlay-type":"","overlay-color":"","overlay-opacity":"","overlay-gradient":""},"tablet":{"background-color":"","background-image":"","background-repeat":"repeat","background-position":"center center","background-size":"auto","background-attachment":"scroll","background-type":"","background-media":"","overlay-type":"","overlay-color":"","overlay-opacity":"","overlay-gradient":""},"mobile":{"background-color":"","background-image":"","background-repeat":"repeat","background-position":"center center","background-size":"auto","background-attachment":"scroll","background-type":"","background-media":"","overlay-type":"","overlay-color":"","overlay-opacity":"","overlay-gradient":""}},"ast-content-background-meta":{"desktop":{"background-color":"var(--ast-global-color-4)","background-image":"","background-repeat":"repeat","background-position":"center center","background-size":"auto","background-attachment":"scroll","background-type":"","background-media":"","overlay-type":"","overlay-color":"","overlay-opacity":"","overlay-gradient":""},"tablet":{"background-color":"var(--ast-global-color-4)","background-image":"","background-repeat":"repeat","background-position":"center center","background-size":"auto","background-attachment":"scroll","background-type":"","background-media":"","overlay-type":"","overlay-color":"","overlay-opacity":"","overlay-gradient":""},"mobile":{"background-color":"var(--ast-global-color-4)","background-image":"","background-repeat":"repeat","background-position":"center center","background-size":"auto","background-attachment":"scroll","background-type":"","background-media":"","overlay-type":"","overlay-color":"","overlay-opacity":"","overlay-gradient":""}},"footnotes":""},"class_list":["post-11538","page","type-page","status-publish","hentry"],"post_mailing_queue_ids":[],"_links":{"self":[{"href":"https:\/\/agora.xtec.cat\/insjvfoix\/wp-json\/wp\/v2\/pages\/11538","targetHints":{"allow":["GET"]}}],"collection":[{"href":"https:\/\/agora.xtec.cat\/insjvfoix\/wp-json\/wp\/v2\/pages"}],"about":[{"href":"https:\/\/agora.xtec.cat\/insjvfoix\/wp-json\/wp\/v2\/types\/page"}],"author":[{"embeddable":true,"href":"https:\/\/agora.xtec.cat\/insjvfoix\/wp-json\/wp\/v2\/users\/1"}],"replies":[{"embeddable":true,"href":"https:\/\/agora.xtec.cat\/insjvfoix\/wp-json\/wp\/v2\/comments?post=11538"}],"version-history":[{"count":5,"href":"https:\/\/agora.xtec.cat\/insjvfoix\/wp-json\/wp\/v2\/pages\/11538\/revisions"}],"predecessor-version":[{"id":13420,"href":"https:\/\/agora.xtec.cat\/insjvfoix\/wp-json\/wp\/v2\/pages\/11538\/revisions\/13420"}],"up":[{"embeddable":true,"href":"https:\/\/agora.xtec.cat\/insjvfoix\/wp-json\/wp\/v2\/pages\/81"}],"wp:attachment":[{"href":"https:\/\/agora.xtec.cat\/insjvfoix\/wp-json\/wp\/v2\/media?parent=11538"}],"curies":[{"name":"wp","href":"https:\/\/api.w.org\/{rel}","templated":true}]}}

Preinscripció i matrícula (curs 2026-2027) ESO

<p>&nbsp;</p>



<figure class="wp-block-image aligncenter size-full is-resized"><a href="https://agora.xtec.cat/insjvfoix/wp-content/uploads/usu394/2026/02/Preinscripcio_baners_Web_Consorci__Preinscripcio_web_consorci_746x376_PRIMARIA.jpg"><img loading="lazy" decoding="async" width="763" height="393" src="https://agora.xtec.cat/insjvfoix/wp-content/uploads/usu394/2026/02/Preinscripcio_baners_Web_Consorci__Preinscripcio_web_consorci_746x376_PRIMARIA.jpg" alt="" class="wp-image-13158" style="width:518px;height:auto" srcset="https://agora.xtec.cat/insjvfoix/wp-content/uploads/usu394/2026/02/Preinscripcio_baners_Web_Consorci__Preinscripcio_web_consorci_746x376_PRIMARIA.jpg 763w, https://agora.xtec.cat/insjvfoix/wp-content/uploads/usu394/2026/02/Preinscripcio_baners_Web_Consorci__Preinscripcio_web_consorci_746x376_PRIMARIA-300x155.jpg 300w" sizes="auto, (max-width: 763px) 100vw, 763px" /></a></figure>



<p class="has-text-align-left">Quant als terminis de preinscripció i matrícula del curs 2025-2027, les dates que cal tenir en compte són les següents:</p>



<figure class="wp-block-table"><table class="has-fixed-layout"><tbody><tr><td>ESTUDIS</td><td>PREINSCRIPCIÓ</td><td>MATRÍCULA</td></tr><tr><td>ESO</td><td>Del 6 al 18 de març</td><td>Del 22 al 30 de juny&nbsp;</td></tr></tbody></table></figure>



<p><a href="https://agora.xtec.cat/insjvfoix/wp-content/uploads/usu394/2026/02/Instruccio_preinscripcio_ESO_26_27.pdf" data-type="link" data-id="https://agora.xtec.cat/insjvfoix/wp-content/uploads/usu394/2026/02/Instruccio_preinscripcio_ESO_26_27.pdf">Manual per a fer la preinscripció.</a></p>



<div class="wp-block-getwid-advanced-heading"><span class="wp-block-getwid-advanced-heading__content"><strong>Matrícula de continuïtat a l&#8217;ESO</strong>:</span></div>



<p>L&#8217;alumnat que actualment fa l&#8217;ESO se&#8217;ls entregarà un sobre amb la documentació per retornar. A continuació detallem les dates:</p>



<ol class="wp-block-list">
<li>  Els sobres s&#8217;entregaran la setmana del 4 al 8 de maig.</li>



<li>1r d&#8217;ESO els haurà de retornar omplerts la setmana del 18 al 22 de maig.</li>



<li>2n d&#8217;ESO els haurà de retornar omplerts la setmana del 26 al 28 de maig.</li>



<li>3r d&#8217;ESO i l&#8217;alumnat de 4t que vulgui fer batxillerat al centre, els haurà de retornar del 1r al 5 de juny.</li>
</ol>



<p></p>



<p><strong>Preinscripció i matriculació de l&#8217;alumnat que el curs vinent farà 1r de l&#8217;ESO.</strong></p>



<p>L&#8217;horari de secretaria és:</p>



<ul class="wp-block-list">
<li>De dilluns a divendres de 8 a 14 h.</li>
</ul>



<ul class="wp-block-list">
<li>Els dimarts i dijous, de 8 a 19 h.</li>
</ul>



<p>Dates importants:</p>



<figure class="wp-block-table"><table class="has-fixed-layout"><tbody><tr><td><a href="https://agora.xtec.cat/insjvfoix/wp-content/uploads/usu394/2026/03/1_Oferta_inicial.pdf" data-type="link" data-id="https://agora.xtec.cat/insjvfoix/wp-content/uploads/usu394/2026/03/1_Oferta_inicial.pdf">Publicació de l&#8217;oferta inicial</a></td><td>3 de març</td></tr><tr><td><strong>Presentació i/o modificació de ​sol·licituds ESO</strong></td><td><strong>Del&nbsp;6 al 18&nbsp;de&nbsp;març</strong>&nbsp;</td></tr><tr><td>Presentació de documentació&nbsp;i Primària i ESO&nbsp;</td><td>Fins al 19&nbsp;de&nbsp;març&nbsp;</td></tr><tr><td><strong><a href="https://agora.xtec.cat/insjvfoix/wp-content/uploads/usu394/2026/04/2_Llistat_sol_puntuacio_provisional_ESO_26_27.pdf" data-type="link" data-id="https://agora.xtec.cat/insjvfoix/wp-content/uploads/usu394/2026/04/2_Llistat_sol_puntuacio_provisional_ESO_26_27.pdf">Publicació de&nbsp;la&nbsp;llista de sol·licituds amb la puntuació provisional</a></strong></td><td><strong>15&nbsp;d’abril</strong></td></tr><tr><td>Presentació de reclamacions&nbsp;a la llista amb la puntuació&nbsp;provisional&nbsp;</td><td>Del&nbsp;15 al 20&nbsp;d’abril</td></tr><tr><td><a href="https://agora.xtec.cat/insjvfoix/wp-content/uploads/usu394/2026/04/INFORME_BAREM_RESOLTES_BAREM.pdf" data-type="link" data-id="https://agora.xtec.cat/insjvfoix/wp-content/uploads/usu394/2026/04/INFORME_BAREM_RESOLTES_BAREM.pdf">Publicació de la llista amb la puntuació, resoltes les reclamacions </a></td><td>23 d’abril</td></tr><tr><td>Sorteig&nbsp;</td><td>28 d’abril</td></tr><tr><td><strong>Publicació de&nbsp;la llista ordenada</strong>&nbsp;</td><td><strong>29&nbsp;d’abril</strong></td></tr><tr><td>Publicació de l’oferta final&nbsp;</td><td>10&nbsp;de juny</td></tr><tr><td>Publicació de&nbsp;la llista d’admesos&nbsp;i&nbsp;la&nbsp;llista d’espera&nbsp;</td><td>10&nbsp;de juny</td></tr><tr><td>Període per interposar reclamacions a les llistes d&#8217;alumnes amb plaça assignada d​avant la comissió de&nbsp;garanties d&#8217;admissió&nbsp;(CGA)</td><td>Del 10 al 12 de juny&nbsp;</td></tr><tr><td>Període de matrícula de l&#8217;ESO​</td><td>Del 22&nbsp;al 30 de juny&nbsp;​</td></tr></tbody></table></figure>

<p>&nbsp; Quant als terminis de preinscripció i matrícula del curs 2025-2027, les dates que cal tenir en compte són les següents: ESTUDIS PREINSCRIPCIÓ MATRÍCULA ESO Del 6 al 18 de març Del 22 al 30 de juny&nbsp; Manual per a fer la preinscripció. L&#8217;alumnat que actualment fa l&#8217;ESO se&#8217;ls entregarà un sobre amb la documentació [&hellip;]</p>
