{"id":16950,"date":"2023-03-28T12:13:10","date_gmt":"2023-03-28T10:13:10","guid":{"rendered":"https:\/\/agora.xtec.cat\/insjosepvallverdu\/?page_id=16950"},"modified":"2025-04-01T20:31:45","modified_gmt":"2025-04-01T18:31:45","slug":"cfgs-sistemes-electrotecnics-i-automatitzats","status":"publish","type":"page","link":"https:\/\/agora.xtec.cat\/insjosepvallverdu\/departaments-didactics\/cfgs-sistemes-electrotecnics-i-automatitzats\/","title":{"rendered":"CFGS Sistemes electrot\u00e8cnics i automatitzats"},"content":{"rendered":"<p><a href=\"https:\/\/agora.xtec.cat\/insjosepvallverdu\/wp-content\/uploads\/usu1806\/2024\/02\/vallverdu-sistemes-web.jpg\"><img loading=\"lazy\" decoding=\"async\" class=\"aligncenter size-full wp-image-17212\" src=\"https:\/\/agora.xtec.cat\/insjosepvallverdu\/wp-content\/uploads\/usu1806\/2024\/02\/vallverdu-sistemes-web.jpg\" alt=\"\" width=\"1000\" height=\"300\" srcset=\"https:\/\/agora.xtec.cat\/insjosepvallverdu\/wp-content\/uploads\/usu1806\/2024\/02\/vallverdu-sistemes-web.jpg 1000w, https:\/\/agora.xtec.cat\/insjosepvallverdu\/wp-content\/uploads\/usu1806\/2024\/02\/vallverdu-sistemes-web-300x90.jpg 300w, https:\/\/agora.xtec.cat\/insjosepvallverdu\/wp-content\/uploads\/usu1806\/2024\/02\/vallverdu-sistemes-web-768x230.jpg 768w\" sizes=\"auto, (max-width: 1000px) 100vw, 1000px\" \/><\/a><\/p>\n<table style=\"width: 100%;\">\n<tbody>\n<tr>\n<td style=\"width: 23.2426%;\"><b>T\u00cdTOL<\/b><\/td>\n<td style=\"width: 76.0771%;\"><a href=\"https:\/\/triaeducativa.gencat.cat\/ca\/estudis\/?sistemes-electrotecnics-automatitzats&amp;p_id=670\"><b>T\u00c8CNIC\/A SUPERIOR EN SISTEMES ELECTROT\u00c8CNICS I AUTOMATITZATS<\/b><\/a><\/td>\n<\/tr>\n<tr>\n<td style=\"width: 23.2426%;\"><b>FAM\u00cdLIA PROFESSIONAL<\/b><\/td>\n<td style=\"width: 76.0771%;\"><b>Electricitat i electr\u00f2nica<\/b><\/td>\n<\/tr>\n<tr>\n<td style=\"width: 23.2426%;\"><b>DURADA<\/b><\/td>\n<td style=\"width: 76.0771%;\"><b>2000 h <\/b><span style=\"font-weight: 400;\">(<\/span><span style=\"font-weight: 400;\"><b>515 h d&#8217;estada a l&#8217;empresa<\/b><\/span><span style=\"font-weight: 400;\">), que es distribueixen en 2 cursos acad\u00e8mics.<\/span><\/td>\n<\/tr>\n<tr>\n<td style=\"width: 23.2426%;\"><b>COMPET\u00c8NCIA GENERAL<\/b><\/td>\n<td style=\"width: 76.0771%;\"><b>Desenvolupar projectes i gestionar i supervisar el muntatge i manteniment d\u2019instal\u00b7lacions electrot\u00e8cniques en l\u2019\u00e0mbit del reglament electrot\u00e8cnic per a baixa tensi\u00f3 (REBT).\u00a0<\/b><\/p>\n<p><b>Supervisar el manteniment d\u2019instal\u00b7lacions d\u2019infraestructures comunes de telecomunicacions, a partir de la documentaci\u00f3 t\u00e8cnica, especificacions, normativa i procediments establerts, assegurant el funcionament, la qualitat, la seguretat, i la conservaci\u00f3 del medi ambient.<\/b><\/td>\n<\/tr>\n<tr>\n<td style=\"width: 23.2426%;\"><b>M\u00d2DULS PROFESSIONALS<\/b><\/td>\n<td style=\"width: 76.0771%;\">\n<ul class=\"llista-especial\">\n<li>Processos en instal\u00b7lacions d&#8217;infraestructures comunes de telecomunicacions<\/li>\n<li>T\u00e8cniques i processos en instal\u00b7lacions el\u00e8ctriques<\/li>\n<li>Documentaci\u00f3 t\u00e8cnica en instal\u00b7lacions el\u00e8ctriques<\/li>\n<li>Sistemes i circuits el\u00e8ctrics<\/li>\n<li>T\u00e8cniques i processos en instal\u00b7lacions dom\u00f2tiques i autom\u00e0tiques<\/li>\n<li>Desenvolupament de xarxes el\u00e8ctriques i centres de transformaci\u00f3<\/li>\n<li>Configuraci\u00f3 d&#8217;instal\u00b7lacions dom\u00f2tiques i autom\u00e0tiques<\/li>\n<li>Configuraci\u00f3 d&#8217;instal\u00b7lacions el\u00e8ctriques<\/li>\n<li>Gesti\u00f3 del muntatge i del manteniment d&#8217;instal\u00b7lacions el\u00e8ctriques<\/li>\n<li>Angl\u00e8s professional<\/li>\n<li>Digitalitzaci\u00f3 aplicada als sectors productius<\/li>\n<li>Sostenibilitat aplicada al sistema productiu<\/li>\n<li>Itinerari personal per a l&#8217;ocupabilitat I<\/li>\n<li>Itinerari personal per a l&#8217;ocupabilitat II<\/li>\n<li>Projecte intermodular de sistemes electrot\u00e8cnics i automatitzats<\/li>\n<li>M\u00f2dul professional optatiu<\/li>\n<\/ul>\n<\/td>\n<\/tr>\n<tr>\n<td style=\"width: 23.2426%;\"><b>PRINCIPALS OCUPACIONS I <\/b><b>LLOCS DE TREBALL<\/b><\/td>\n<td style=\"width: 76.0771%;\">\n<ul>\n<li style=\"font-weight: 400;\" aria-level=\"1\"><b>T\u00e8cnic en projectes electrot\u00e8cnics<\/b><\/li>\n<li style=\"font-weight: 400;\" aria-level=\"1\"><b>Projectista electrot\u00e8cnic<\/b><\/li>\n<li style=\"font-weight: 400;\" aria-level=\"1\"><b>Projectista d&#8217;instal\u00b7lacions d&#8217;electrificaci\u00f3 de baixa tensi\u00f3 per a habitatges i edificis<\/b><\/li>\n<li style=\"font-weight: 400;\" aria-level=\"1\"><b>Projectista d&#8217;instal\u00b7lacions d&#8217;electrificaci\u00f3 de baixa tensi\u00f3 per a locals especials<\/b><\/li>\n<li style=\"font-weight: 400;\" aria-level=\"1\"><b>Projectista d&#8217;instal\u00b7lacions d&#8217;enllumenat exterior<\/b><\/li>\n<li style=\"font-weight: 400;\" aria-level=\"1\"><b>Projectista de l\u00ednies el\u00e8ctriques de distribuci\u00f3 d&#8217;energia el\u00e8ctrica de mitja tensi\u00f3 i centres de transformaci\u00f3<\/b><\/li>\n<li style=\"font-weight: 400;\" aria-level=\"1\"><b>Projectista d&#8217;instal\u00b7lacions d&#8217;antenes i de telefonia per a habitatges i edificis<\/b><\/li>\n<li style=\"font-weight: 400;\" aria-level=\"1\"><b>Coordinador t\u00e8cnic d&#8217;instal\u00b7lacions electrot\u00e8cniques de baixa tensi\u00f3 per als edificis<\/b><\/li>\n<li style=\"font-weight: 400;\" aria-level=\"1\"><b>T\u00e8cnic de supervisi\u00f3, verificaci\u00f3 i control d&#8217;equips i instal\u00b7lacions electrot\u00e8cniques i automatitzades<\/b><\/li>\n<li style=\"font-weight: 400;\" aria-level=\"1\"><b>T\u00e8cnic supervisor d&#8217;instal\u00b7lacions d&#8217;enllumenat exterior<\/b><\/li>\n<li style=\"font-weight: 400;\" aria-level=\"1\"><b>Capat\u00e0s d&#8217;obres en instal\u00b7lacions electrot\u00e8cniques<\/b><\/li>\n<li style=\"font-weight: 400;\" aria-level=\"1\"><b>Cap d&#8217;equip d&#8217;instal\u00b7ladors de baixa tensi\u00f3 per a edificis<\/b><\/li>\n<li style=\"font-weight: 400;\" aria-level=\"1\"><b>Coordinador t\u00e8cnic de xarxes el\u00e8ctriques de baixa tensi\u00f3 i enllumenat exterior<\/b><\/li>\n<li style=\"font-weight: 400;\" aria-level=\"1\"><b>T\u00e8cnic en supervisi\u00f3, verificaci\u00f3 i control d&#8217;equips de xarxes el\u00e8ctriques de distribuci\u00f3 de baixa tensi\u00f3 i enllumenat exterior<\/b><\/li>\n<li style=\"font-weight: 400;\" aria-level=\"1\"><b>Capat\u00e0s d&#8217;obres en xarxes el\u00e8ctriques de distribuci\u00f3 de baixa tensi\u00f3 i enllumenat exterior<\/b><\/li>\n<li style=\"font-weight: 400;\" aria-level=\"1\"><b>Encarregat d&#8217;obres en xarxes el\u00e8ctriques de distribuci\u00f3 de baixa tensi\u00f3 i enllumenat exterior<\/b><\/li>\n<li style=\"font-weight: 400;\" aria-level=\"1\"><b>Cap d&#8217;equip d&#8217;instal\u00b7ladors de xarxes el\u00e8ctriques de distribuci\u00f3 de baixa tensi\u00f3 i enllumenat exterior<\/b><\/li>\n<li style=\"font-weight: 400;\" aria-level=\"1\"><b>Gestor del manteniment d&#8217;instal\u00b7lacions el\u00e8ctriques de distribuci\u00f3 i enllumenat exterior<\/b><\/li>\n<\/ul>\n<p><b>Amb aquest t\u00edtol s&#8217;obt\u00e9 la compet\u00e8ncia per ser instal\u00b7lador autoritzat en Baixa Tensi\u00f3 i la qualificaci\u00f3 t\u00e8cnica adequada exigida com a requisit per ser empresa instal\u00b7ladora d&#8217;infraestructures comunes de telecomunicacions.<\/b><\/td>\n<\/tr>\n<\/tbody>\n<\/table>\n","protected":false},"excerpt":{"rendered":"<p><a href=\"https:\/\/agora.xtec.cat\/insjosepvallverdu\/wp-content\/uploads\/usu1806\/2024\/02\/vallverdu-sistemes-web.jpg\"><\/a><\/p>\n<p>T\u00cdTOL<br \/>\n<a href=\"https:\/\/triaeducativa.gencat.cat\/ca\/estudis\/?sistemes-electrotecnics-automatitzats&amp;p_id=670\">T\u00c8CNIC\/A SUPERIOR EN SISTEMES ELECTROT\u00c8CNICS I AUTOMATITZATS<\/a><\/p>\n<p>FAM\u00cdLIA PROFESSIONAL<br \/>\nElectricitat i electr\u00f2nica<\/p>\n<p>DURADA<br \/>\n2000 h (515 h d&#8217;estada a l&#8217;empresa), que es distribueixen en 2 cursos acad\u00e8mics.<\/p>\n<p>COMPET\u00c8NCIA GENERAL<br \/>\nDesenvolupar projectes i gestionar i supervisar el muntatge i manteniment d\u2019instal\u00b7lacions electrot\u00e8cniques en l\u2019\u00e0mbit del reglament electrot\u00e8cnic per a baixa&hellip;  <a href=\"https:\/\/agora.xtec.cat\/insjosepvallverdu\/departaments-didactics\/cfgs-sistemes-electrotecnics-i-automatitzats\/\" title=\"Read CFGS Sistemes electrot\u00e8cnics i automatitzats\">Llegeix m\u00e9s\u00bb<\/a><\/p>\n","protected":false},"author":8,"featured_media":0,"parent":13833,"menu_order":0,"comment_status":"closed","ping_status":"closed","template":"","meta":{"_bbp_topic_count":0,"_bbp_reply_count":0,"_bbp_total_topic_count":0,"_bbp_total_reply_count":0,"_bbp_voice_count":0,"_bbp_anonymous_reply_count":0,"_bbp_topic_count_hidden":0,"_bbp_reply_count_hidden":0,"_bbp_forum_subforum_count":0,"footnotes":""},"class_list":["post-16950","page","type-page","status-publish","hentry"],"post_mailing_queue_ids":[],"_links":{"self":[{"href":"https:\/\/agora.xtec.cat\/insjosepvallverdu\/wp-json\/wp\/v2\/pages\/16950","targetHints":{"allow":["GET"]}}],"collection":[{"href":"https:\/\/agora.xtec.cat\/insjosepvallverdu\/wp-json\/wp\/v2\/pages"}],"about":[{"href":"https:\/\/agora.xtec.cat\/insjosepvallverdu\/wp-json\/wp\/v2\/types\/page"}],"author":[{"embeddable":true,"href":"https:\/\/agora.xtec.cat\/insjosepvallverdu\/wp-json\/wp\/v2\/users\/8"}],"replies":[{"embeddable":true,"href":"https:\/\/agora.xtec.cat\/insjosepvallverdu\/wp-json\/wp\/v2\/comments?post=16950"}],"version-history":[{"count":3,"href":"https:\/\/agora.xtec.cat\/insjosepvallverdu\/wp-json\/wp\/v2\/pages\/16950\/revisions"}],"predecessor-version":[{"id":17549,"href":"https:\/\/agora.xtec.cat\/insjosepvallverdu\/wp-json\/wp\/v2\/pages\/16950\/revisions\/17549"}],"up":[{"embeddable":true,"href":"https:\/\/agora.xtec.cat\/insjosepvallverdu\/wp-json\/wp\/v2\/pages\/13833"}],"wp:attachment":[{"href":"https:\/\/agora.xtec.cat\/insjosepvallverdu\/wp-json\/wp\/v2\/media?parent=16950"}],"curies":[{"name":"wp","href":"https:\/\/api.w.org\/{rel}","templated":true}]}}