{"id":16524,"date":"2022-03-01T09:50:44","date_gmt":"2022-03-01T08:50:44","guid":{"rendered":"https:\/\/agora.xtec.cat\/insjosepvallverdu\/?page_id=16524"},"modified":"2025-11-27T09:50:08","modified_gmt":"2025-11-27T08:50:08","slug":"criteris-davaluacio","status":"publish","type":"page","link":"https:\/\/agora.xtec.cat\/insjosepvallverdu\/criteris-davaluacio\/","title":{"rendered":"Criteris d&#8217;avaluaci\u00f3"},"content":{"rendered":"<p><a href=\"https:\/\/agora.xtec.cat\/insjosepvallverdu\/wp-content\/uploads\/usu1806\/2022\/03\/avaluacio.jpg\"><img loading=\"lazy\" decoding=\"async\" class=\"aligncenter size-full wp-image-16525\" src=\"https:\/\/agora.xtec.cat\/insjosepvallverdu\/wp-content\/uploads\/usu1806\/2022\/03\/avaluacio.jpg\" alt=\"\" width=\"853\" height=\"427\" srcset=\"https:\/\/agora.xtec.cat\/insjosepvallverdu\/wp-content\/uploads\/usu1806\/2022\/03\/avaluacio.jpg 853w, https:\/\/agora.xtec.cat\/insjosepvallverdu\/wp-content\/uploads\/usu1806\/2022\/03\/avaluacio-300x150.jpg 300w, https:\/\/agora.xtec.cat\/insjosepvallverdu\/wp-content\/uploads\/usu1806\/2022\/03\/avaluacio-768x384.jpg 768w\" sizes=\"auto, (max-width: 853px) 100vw, 853px\" \/><\/a><\/p>\n<p>En el seg\u00fcent document, podreu trobar els criteris d&#8217;avaluaci\u00f3 corresponents al curs 2025-26 de les diferents mat\u00e8ries i estudis que es poden cursar a l&#8217;Institut Josep Vallverd\u00fa:<b><\/b><\/p>\n<p><a href=\"https:\/\/docs.google.com\/document\/d\/19PYl5VyM7-igVMguFVOxCYGGYj0wQr72YVW6_IA6ikA\/edit?usp=sharing\" target=\"_blank\" rel=\"noopener\"><strong>Criteris d&#8217;avaluaci\u00f3 &#8211; INS Josep Vallverd\u00fa &#8211; curs acad\u00e8mic 2025-26<\/strong><\/a><\/p>\n","protected":false},"excerpt":{"rendered":"<p><a href=\"https:\/\/agora.xtec.cat\/insjosepvallverdu\/wp-content\/uploads\/usu1806\/2022\/03\/avaluacio.jpg\"><\/a><br \/>\nEn el seg\u00fcent document, podreu trobar els criteris d&#8217;avaluaci\u00f3 corresponents al curs 2025-26 de les diferents mat\u00e8ries i estudis que es poden cursar a l&#8217;Institut Josep Vallverd\u00fa:<br \/>\n<a href=\"https:\/\/docs.google.com\/document\/d\/19PYl5VyM7-igVMguFVOxCYGGYj0wQr72YVW6_IA6ikA\/edit?usp=sharing\" target=\"_blank\" rel=\"noopener\">Criteris d&#8217;avaluaci\u00f3 &#8211; INS Josep Vallverd\u00fa &#8211; curs acad\u00e8mic 2025-26<\/a><\/p>\n","protected":false},"author":8,"featured_media":0,"parent":0,"menu_order":0,"comment_status":"closed","ping_status":"closed","template":"","meta":{"_bbp_topic_count":0,"_bbp_reply_count":0,"_bbp_total_topic_count":0,"_bbp_total_reply_count":0,"_bbp_voice_count":0,"_bbp_anonymous_reply_count":0,"_bbp_topic_count_hidden":0,"_bbp_reply_count_hidden":0,"_bbp_forum_subforum_count":0,"footnotes":""},"class_list":["post-16524","page","type-page","status-publish","hentry"],"post_mailing_queue_ids":[],"_links":{"self":[{"href":"https:\/\/agora.xtec.cat\/insjosepvallverdu\/wp-json\/wp\/v2\/pages\/16524","targetHints":{"allow":["GET"]}}],"collection":[{"href":"https:\/\/agora.xtec.cat\/insjosepvallverdu\/wp-json\/wp\/v2\/pages"}],"about":[{"href":"https:\/\/agora.xtec.cat\/insjosepvallverdu\/wp-json\/wp\/v2\/types\/page"}],"author":[{"embeddable":true,"href":"https:\/\/agora.xtec.cat\/insjosepvallverdu\/wp-json\/wp\/v2\/users\/8"}],"replies":[{"embeddable":true,"href":"https:\/\/agora.xtec.cat\/insjosepvallverdu\/wp-json\/wp\/v2\/comments?post=16524"}],"version-history":[{"count":2,"href":"https:\/\/agora.xtec.cat\/insjosepvallverdu\/wp-json\/wp\/v2\/pages\/16524\/revisions"}],"predecessor-version":[{"id":17760,"href":"https:\/\/agora.xtec.cat\/insjosepvallverdu\/wp-json\/wp\/v2\/pages\/16524\/revisions\/17760"}],"wp:attachment":[{"href":"https:\/\/agora.xtec.cat\/insjosepvallverdu\/wp-json\/wp\/v2\/media?parent=16524"}],"curies":[{"name":"wp","href":"https:\/\/api.w.org\/{rel}","templated":true}]}}