{"id":15842,"date":"2020-11-17T19:35:24","date_gmt":"2020-11-17T18:35:24","guid":{"rendered":"http:\/\/agora.xtec.cat\/insjosepvallverdu\/?page_id=15842"},"modified":"2020-11-19T19:31:38","modified_gmt":"2020-11-19T18:31:38","slug":"organigrama-de-carrecs","status":"publish","type":"page","link":"https:\/\/agora.xtec.cat\/insjosepvallverdu\/organigrama-de-carrecs\/","title":{"rendered":"Organigrama de c\u00e0rrecs"},"content":{"rendered":"<p><a href=\"https:\/\/agora.xtec.cat\/insjosepvallverdu\/wp-content\/uploads\/usu1806\/2020\/11\/organigrama.jpg\"><img loading=\"lazy\" decoding=\"async\" class=\"aligncenter size-full wp-image-15843\" src=\"https:\/\/agora.xtec.cat\/insjosepvallverdu\/wp-content\/uploads\/usu1806\/2020\/11\/organigrama.jpg\" alt=\"\" width=\"541\" height=\"353\" srcset=\"https:\/\/agora.xtec.cat\/insjosepvallverdu\/wp-content\/uploads\/usu1806\/2020\/11\/organigrama.jpg 541w, https:\/\/agora.xtec.cat\/insjosepvallverdu\/wp-content\/uploads\/usu1806\/2020\/11\/organigrama-300x196.jpg 300w\" sizes=\"auto, (max-width: 541px) 100vw, 541px\" \/><\/a><\/p>\n<p>A continuaci\u00f3 es reprodueix l&#8217;organigrama de c\u00e0rrecs de l&#8217;Institut Josep Vallverd\u00fa durant el curs 2020-21 incloent la direcci\u00f3 del centre, les diferents coordinacions aix\u00ed com tamb\u00e9 les tutories de les respectives classes d&#8217;ESO, Batxillerat i Cicles Formatius.<\/p>\n<h3><b>Direcci\u00f3:<\/b><\/h3>\n<p><b>Directora<\/b><span style=\"font-weight: 400;\">: N\u00faria Sabat\u00e9\u00a0<\/span><\/p>\n<p><b>Cap d\u2019estudis<\/b><span style=\"font-weight: 400;\">: Irene Calvera<\/span><\/p>\n<p><b>Cap d\u2019estudis adjunta<\/b><span style=\"font-weight: 400;\">:<\/span><span style=\"font-weight: 400;\"> Iela del Olmo<\/span><\/p>\n<p><b>Secretari-administrador<\/b><span style=\"font-weight: 400;\">: Josep Agust\u00ed<\/span><\/p>\n<p><b>Coordinadora pedag\u00f2gica<\/b><span style=\"font-weight: 400;\">: Noemi Jumbert<\/span><\/p>\n<p>&nbsp;<\/p>\n<h3><b>Caps de departament i de seminari:<\/b><\/h3>\n<p><em><strong>ESO i Batxillerat<\/strong><\/em><\/p>\n<p><b>Ci\u00e8ncies (Biologia, geologia, f\u00edsica i qu\u00edmica)<\/b><span style=\"font-weight: 400;\">: David Dom\u00ednguez<\/span><\/p>\n<p><b>Ci\u00e8ncies Socials<\/b><span style=\"font-weight: 400;\">: Gemma Farr\u00e9<\/span><\/p>\n<p><span style=\"font-weight: 400;\"><b>Lleng\u00fces (Catal\u00e0, castell\u00e0 i cl\u00e0ssiques)<\/b><\/span><span style=\"font-weight: 400;\">: N\u00faria Ruiz<\/span><\/p>\n<p><b>Lleng\u00fces Estrangeres (Angl\u00e8s i franc\u00e8s)<\/b><span style=\"font-weight: 400;\">: Teresa Capdevila<\/span><\/p>\n<p><b>Matem\u00e0tiques<\/b><span style=\"font-weight: 400;\">: Ramon Roca<\/span><\/p>\n<p><b>Educaci\u00f3 F\u00edsica i Arts (M\u00fasica i educaci\u00f3 visual i pl\u00e0stica)<\/b><span style=\"font-weight: 400;\">: Teresa Coca<\/span><\/p>\n<p><b>Tecnologia<\/b><span style=\"font-weight: 400;\">: Tere Viscasillas<\/span><\/p>\n<p><strong><em>Cicles Formatius<\/em><\/strong><\/p>\n<p><b>Administratiu<\/b><span style=\"font-weight: 400;\">: Carme Montserrat<\/span><\/p>\n<p><span style=\"font-weight: 400;\"><b>Electricitat<\/b><\/span><span style=\"font-weight: 400;\">: \u00d2scar Oto<\/span><\/p>\n<p><b>Olis i vins:<\/b><span style=\"font-weight: 400;\"> Josep Maria Aud\u00ed<\/span><\/p>\n<p><b>Vitivinicultura: <\/b><span style=\"font-weight: 400;\">Blanca Safont<\/span><\/p>\n<p><b>\u00a0<\/b><\/p>\n<h3><b>Coordinacions:<\/b><\/h3>\n<p><b>ESO i Batxillerat<\/b><span style=\"font-weight: 400;\">:\u00a0 Montserrat Fit\u00e9<\/span><\/p>\n<p><b>Coordinaci\u00f3 TAC<\/b><span style=\"font-weight: 400;\">: Nat\u00e0lia Tierz<\/span><\/p>\n<p><b>Coordinaci\u00f3 LIC<\/b><span style=\"font-weight: 400;\">: Ester Pi\u00f1ol<\/span><\/p>\n<p><b>Coordinaci\u00f3 FP<\/b><span style=\"font-weight: 400;\">: Laia Jov\u00e9.<\/span><\/p>\n<p><b>Coordinaci\u00f3 FP Dual: <\/b><span style=\"font-weight: 400;\">Laura Bou<\/span><\/p>\n<p><b>Aprenentatge i servei: <\/b><span style=\"font-weight: 400;\">Anna M\u00e0sich<\/span><\/p>\n<p><b>Activitats escolars i web de l\u2019institut<\/b><span style=\"font-weight: 400;\">: Ramon Usall<\/span><\/p>\n<p><b>Coordinaci\u00f3 d\u2019inform\u00e0tica i manteniment<\/b><span style=\"font-weight: 400;\">: Francesc Garrido<\/span><\/p>\n<p><b>Audiovisuals<\/b><span style=\"font-weight: 400;\">: Vicent Rambla<\/span><\/p>\n<p><b>Riscos laborals: <\/b><span style=\"font-weight: 400;\">Merc\u00e8 Teixid\u00f3<\/span><\/p>\n<p><b>Mediaci\u00f3 Escolar<\/b><span style=\"font-weight: 400;\">: <\/span><span style=\"font-weight: 400;\">Manel Chavarri<\/span><\/p>\n<p><b>Programes Europeus<\/b><span style=\"font-weight: 400;\">: Francesc Solans<\/span><\/p>\n<p><b>Comissi\u00f3 de Conviv\u00e8ncia<\/b><span style=\"font-weight: 400;\">:<\/span> <span style=\"font-weight: 400;\">N\u00faria Sabat\u00e9, Irene Calvera, Ramon Usall, Jes\u00fas Codera, Manel Chavarri, Iela del Olmo<\/span><\/p>\n<p><b>Comissi\u00f3 de la diversitat: <\/b><span style=\"font-weight: 400;\">N\u00faria Sabat\u00e9, Irene Calvera\u00a0 Ramon Roca, N\u00faria Ruiz, Imma Purroy, Raquel Perell\u00f3, Tom\u00e0s C. Llovera, Rosa Gonz\u00e1lez, Helena Frutos<\/span><\/p>\n<p><b>Socialitzaci\u00f3 de llibres de text:<\/b><span style=\"font-weight: 400;\"> Daniel Negrillo<\/span><\/p>\n<p><b>Biblioteca:<\/b><span style=\"font-weight: 400;\"> Daniel Negrillo<\/span><\/p>\n<p>&nbsp;<\/p>\n<h3><b>Tutories:<\/b><\/h3>\n<p><em><b>ESO<\/b><\/em><\/p>\n<p><b>1r A<\/b><span style=\"font-weight: 400;\">: Anna M\u00e0sich\u00a0<\/span><\/p>\n<p><b>1r B<\/b><span style=\"font-weight: 400;\">: Laura Felip<\/span><\/p>\n<p><b>1r C<\/b><span style=\"font-weight: 400;\">: Anna M. Salmeron\u00a0<\/span><\/p>\n<p><b>1r D<\/b><span style=\"font-weight: 400;\">: Jordi Puigvert<\/span><\/p>\n<p><b>2n A<\/b><span style=\"font-weight: 400;\">: Janet Castro<\/span><\/p>\n<p><b>2n B<\/b><span style=\"font-weight: 400;\">: Merc\u00e8 Teixid\u00f3<\/span><\/p>\n<p><b>2n C: <\/b><span style=\"font-weight: 400;\">Margarita Sim\u00f3<\/span><\/p>\n<p><b>2n D<\/b><span style=\"font-weight: 400;\">: Montserrat Coma<\/span><\/p>\n<p><b>3r A<\/b><span style=\"font-weight: 400;\">: Esther Pi\u00f1ol<\/span><\/p>\n<p><b>3r B<\/b><span style=\"font-weight: 400;\">: Clara March<\/span><\/p>\n<p><b>3r C<\/b><span style=\"font-weight: 400;\">: Rebeca de Juan<\/span><\/p>\n<p><b>3r D: <\/b><span style=\"font-weight: 400;\">Maria Maj\u00f3s \/ Annabel Felip<\/span><\/p>\n<p><b>3r AO<\/b><span style=\"font-weight: 400;\">: Imma Purroy<\/span><\/p>\n<p><b>4t A<\/b><span style=\"font-weight: 400;\">: Ramon Usall<\/span><\/p>\n<p><b>4t B<\/b><span style=\"font-weight: 400;\">: Maite Granell<\/span><\/p>\n<p><b>4t C:<\/b> <span style=\"font-weight: 400;\">Ester Cano<\/span><\/p>\n<p><b>4t AO:<\/b><span style=\"font-weight: 400;\"> Imma Purroy<\/span><\/p>\n<p><b>Aula de Suport<\/b><span style=\"font-weight: 400;\"> : Raquel Perell\u00f3<\/span><\/p>\n<p><b>SIEI: <\/b><span style=\"font-weight: 400;\">Helena Frutos<\/span><\/p>\n<p><b>UEC<\/b><span style=\"font-weight: 400;\">: Imma Purroy<\/span><\/p>\n<p><b>Aula d\u2019acollida<\/b><span style=\"font-weight: 400;\">: Rosa Gonz\u00e0lez<\/span><\/p>\n<p>&nbsp;<\/p>\n<p><em><b>Batxillerat<\/b><\/em><\/p>\n<p><b>1r A<\/b><span style=\"font-weight: 400;\">:\u00a0 Francesc Xavier Vallory<\/span><\/p>\n<p><b>1r B<\/b><span style=\"font-weight: 400;\">:\u00a0 Dani Negrillo<\/span><\/p>\n<p><b>2n A<\/b><span style=\"font-weight: 400;\">: Eva Morales<\/span><\/p>\n<p><b>2n B<\/b><span style=\"font-weight: 400;\">: S\u00edlvia Mateus<\/span><\/p>\n<p>&nbsp;<\/p>\n<p><em><b>Cicles Formatius de Grau Mitj\u00e0 (CFGM)<\/b><\/em><\/p>\n<p><b>Gesti\u00f3 Administrativa: <\/b><\/p>\n<p><span style=\"font-weight: 400;\"><strong>1r GA:<\/strong> Dolors Martorell<\/span><\/p>\n<p><span style=\"font-weight: 400;\"><strong>2n GA:<\/strong> Laura Bou\u00a0<\/span><\/p>\n<p><b>Instal\u00b7lacions el\u00e8ctriques i autom\u00e0tiques<\/b><span style=\"font-weight: 400;\">:<\/span><\/p>\n<p><span style=\"font-weight: 400;\"><strong>1r IEA:<\/strong> \u00d2scar Oto<\/span><\/p>\n<p><span style=\"font-weight: 400;\"><strong>2n IEA:<\/strong> Francesc Garrido\u00a0<\/span><\/p>\n<p><b>Olis i vins<\/b><span style=\"font-weight: 400;\">: <\/span><\/p>\n<p><span style=\"font-weight: 400;\"><strong>1r OiV:<\/strong> Blanca Safont <\/span><\/p>\n<p><span style=\"font-weight: 400;\"><strong>2n OiV:<\/strong> Josep Maria Aud\u00ed<\/span><\/p>\n<p>&nbsp;<\/p>\n<p><em><strong>Cicles Formatius de Grau Superior (CFGS)<\/strong><\/em><\/p>\n<p><strong>Vitivinicultura:<\/strong><\/p>\n<p><b>1r VV:<\/b><span style=\"font-weight: 400;\"> Laia Jov\u00e9<\/span><\/p>\n<p><b>2n VV:<\/b><span style=\"font-weight: 400;\"> Tom\u00e0s Nievas \/ Joan Subir\u00e0<\/span><\/p>\n<p><b>Ind\u00fastries aliment\u00e0ries &#8211; especialitat en Olis<\/b><span style=\"font-weight: 400;\">:<\/span><\/p>\n<p><span style=\"font-weight: 400;\"><strong>1r\/2n IA-O:<\/strong> Josep Maria Aud\u00ed<\/span><\/p>\n","protected":false},"excerpt":{"rendered":"<p><a href=\"https:\/\/agora.xtec.cat\/insjosepvallverdu\/wp-content\/uploads\/usu1806\/2020\/11\/organigrama.jpg\"><\/a><br \/>\nA continuaci\u00f3 es reprodueix l&#8217;organigrama de c\u00e0rrecs de l&#8217;Institut Josep Vallverd\u00fa durant el curs 2020-21 incloent la direcci\u00f3 del centre, les diferents coordinacions aix\u00ed com tamb\u00e9 les tutories de les respectives classes d&#8217;ESO, Batxillerat i Cicles Formatius.<br \/>\nDirecci\u00f3:<br \/>\nDirectora: N\u00faria Sabat\u00e9\u00a0<br \/>\nCap d\u2019estudis: Irene Calvera<br \/>\nCap d\u2019estudis adjunta:&hellip;  <a href=\"https:\/\/agora.xtec.cat\/insjosepvallverdu\/organigrama-de-carrecs\/\" title=\"Read Organigrama de c\u00e0rrecs\">Llegeix m\u00e9s\u00bb<\/a><\/p>\n","protected":false},"author":8,"featured_media":0,"parent":0,"menu_order":0,"comment_status":"closed","ping_status":"closed","template":"","meta":{"_bbp_topic_count":0,"_bbp_reply_count":0,"_bbp_total_topic_count":0,"_bbp_total_reply_count":0,"_bbp_voice_count":0,"_bbp_anonymous_reply_count":0,"_bbp_topic_count_hidden":0,"_bbp_reply_count_hidden":0,"_bbp_forum_subforum_count":0,"footnotes":""},"class_list":["post-15842","page","type-page","status-publish","hentry"],"post_mailing_queue_ids":[],"_links":{"self":[{"href":"https:\/\/agora.xtec.cat\/insjosepvallverdu\/wp-json\/wp\/v2\/pages\/15842","targetHints":{"allow":["GET"]}}],"collection":[{"href":"https:\/\/agora.xtec.cat\/insjosepvallverdu\/wp-json\/wp\/v2\/pages"}],"about":[{"href":"https:\/\/agora.xtec.cat\/insjosepvallverdu\/wp-json\/wp\/v2\/types\/page"}],"author":[{"embeddable":true,"href":"https:\/\/agora.xtec.cat\/insjosepvallverdu\/wp-json\/wp\/v2\/users\/8"}],"replies":[{"embeddable":true,"href":"https:\/\/agora.xtec.cat\/insjosepvallverdu\/wp-json\/wp\/v2\/comments?post=15842"}],"version-history":[{"count":2,"href":"https:\/\/agora.xtec.cat\/insjosepvallverdu\/wp-json\/wp\/v2\/pages\/15842\/revisions"}],"predecessor-version":[{"id":15849,"href":"https:\/\/agora.xtec.cat\/insjosepvallverdu\/wp-json\/wp\/v2\/pages\/15842\/revisions\/15849"}],"wp:attachment":[{"href":"https:\/\/agora.xtec.cat\/insjosepvallverdu\/wp-json\/wp\/v2\/media?parent=15842"}],"curies":[{"name":"wp","href":"https:\/\/api.w.org\/{rel}","templated":true}]}}