{"id":15777,"date":"2020-11-07T12:45:53","date_gmt":"2020-11-07T11:45:53","guid":{"rendered":"http:\/\/agora.xtec.cat\/insjosepvallverdu\/?page_id=15777"},"modified":"2020-11-07T12:49:53","modified_gmt":"2020-11-07T11:49:53","slug":"lequip-directiu","status":"publish","type":"page","link":"https:\/\/agora.xtec.cat\/insjosepvallverdu\/linstitut\/lequip-directiu\/","title":{"rendered":"L&#8217;Equip Directiu"},"content":{"rendered":"<p><a href=\"https:\/\/agora.xtec.cat\/insjosepvallverdu\/wp-content\/uploads\/usu1806\/2020\/11\/Equip-Directiu.jpg\"><img loading=\"lazy\" decoding=\"async\" class=\"aligncenter size-full wp-image-15780\" src=\"https:\/\/agora.xtec.cat\/insjosepvallverdu\/wp-content\/uploads\/usu1806\/2020\/11\/Equip-Directiu.jpg\" alt=\"\" width=\"2400\" height=\"1800\" srcset=\"https:\/\/agora.xtec.cat\/insjosepvallverdu\/wp-content\/uploads\/usu1806\/2020\/11\/Equip-Directiu.jpg 2400w, https:\/\/agora.xtec.cat\/insjosepvallverdu\/wp-content\/uploads\/usu1806\/2020\/11\/Equip-Directiu-300x225.jpg 300w, https:\/\/agora.xtec.cat\/insjosepvallverdu\/wp-content\/uploads\/usu1806\/2020\/11\/Equip-Directiu-768x576.jpg 768w, https:\/\/agora.xtec.cat\/insjosepvallverdu\/wp-content\/uploads\/usu1806\/2020\/11\/Equip-Directiu-1024x768.jpg 1024w, https:\/\/agora.xtec.cat\/insjosepvallverdu\/wp-content\/uploads\/usu1806\/2020\/11\/Equip-Directiu-200x150.jpg 200w\" sizes=\"auto, (max-width: 2400px) 100vw, 2400px\" \/><\/a><\/p>\n<p>L&#8217;Equip Directiu de l&#8217;Institut Josep Vallverd\u00fa est\u00e0 format, des l&#8217;inici del curs acad\u00e8mic 2020-2021, pel seg\u00fcent professorat del centre:<\/p>\n<p><strong>Directora:<\/strong> N\u00faria Sabat\u00e9<\/p>\n<p>Arribada a l&#8217;institut el 2015, la professora de franc\u00e8s N\u00faria Sabat\u00e9 n&#8217;exerceix la direcci\u00f3 des de l&#8217;1 de juliol de 2020. Podeu consultar el seu perfil hum\u00e0 i acad\u00e8mic en aquest <a href=\"https:\/\/agora.xtec.cat\/insjosepvallverdu\/linstitut\/la-directora\/\" target=\"_blank\" rel=\"noopener noreferrer\">enlla\u00e7<\/a>.<\/p>\n<p><strong>Cap d&#8217;estudis:<\/strong> Irene Calvera<\/p>\n<p>Arribada al centre el 2007, I&#8217;actual cap d&#8217;estudis \u00e9s professora de Ci\u00e8ncies Socials, un departament que ha encap\u00e7alat durant els darrers cursos acad\u00e8mics.<\/p>\n<p><strong>Cap d&#8217;estudis adjunta:<\/strong> Iela del Olmo<\/p>\n<p>Catedr\u00e0tica de Ci\u00e8ncies Socials, la professora Iela del Olmo va arribar a l&#8217;institut l&#8217;any 2000 i des d&#8217;aleshores ha exercit diferents c\u00e0rrecs de responsabilitat que van des de la prefectura d&#8217;estudis a la coordinaci\u00f3 de la mediaci\u00f3, passant per d&#8217;altres coordinacions com la d&#8217;activitats o del batxillerat del centre.<\/p>\n<p><strong>Coordinadora pedag\u00f2gica:<\/strong> Noem\u00ed Jumbert<\/p>\n<p>La professora Noem\u00ed Jumbert va arribar a l&#8217;institut el 2012, tot i que hi havia treballat durant un curs acad\u00e8mic de forma pr\u00e8via, i des d&#8217;aleshores hi ha exercit, de forma ininterrompuda, com a professora de llengua anglesa.<\/p>\n<p><strong>Secretari:<\/strong> Josep Agust\u00ed<\/p>\n<p>El catedr\u00e0tic de llengua i literatura catalana Josep Agust\u00ed \u00e9s el m\u00e9s veter\u00e0 del grup. Arribat al centre el 1988, el professor Agust\u00ed ha ocupat diferents c\u00e0rrecs, entre els que cal destacar un llarg per\u00edode al capdavant de la coordinaci\u00f3 pedag\u00f2gica.<\/p>\n","protected":false},"excerpt":{"rendered":"<p><a href=\"https:\/\/agora.xtec.cat\/insjosepvallverdu\/wp-content\/uploads\/usu1806\/2020\/11\/Equip-Directiu.jpg\"><\/a><br \/>\nL&#8217;Equip Directiu de l&#8217;Institut Josep Vallverd\u00fa est\u00e0 format, des l&#8217;inici del curs acad\u00e8mic 2020-2021, pel seg\u00fcent professorat del centre:<br \/>\nDirectora: N\u00faria Sabat\u00e9<br \/>\nArribada a l&#8217;institut el 2015, la professora de franc\u00e8s N\u00faria Sabat\u00e9 n&#8217;exerceix la direcci\u00f3 des de l&#8217;1 de juliol de 2020. Podeu consultar el&hellip;  <a href=\"https:\/\/agora.xtec.cat\/insjosepvallverdu\/linstitut\/lequip-directiu\/\" title=\"Read L&#8217;Equip Directiu\">Llegeix m\u00e9s\u00bb<\/a><\/p>\n","protected":false},"author":8,"featured_media":0,"parent":19,"menu_order":0,"comment_status":"closed","ping_status":"closed","template":"","meta":{"_bbp_topic_count":0,"_bbp_reply_count":0,"_bbp_total_topic_count":0,"_bbp_total_reply_count":0,"_bbp_voice_count":0,"_bbp_anonymous_reply_count":0,"_bbp_topic_count_hidden":0,"_bbp_reply_count_hidden":0,"_bbp_forum_subforum_count":0,"footnotes":""},"class_list":["post-15777","page","type-page","status-publish","hentry"],"post_mailing_queue_ids":[],"_links":{"self":[{"href":"https:\/\/agora.xtec.cat\/insjosepvallverdu\/wp-json\/wp\/v2\/pages\/15777","targetHints":{"allow":["GET"]}}],"collection":[{"href":"https:\/\/agora.xtec.cat\/insjosepvallverdu\/wp-json\/wp\/v2\/pages"}],"about":[{"href":"https:\/\/agora.xtec.cat\/insjosepvallverdu\/wp-json\/wp\/v2\/types\/page"}],"author":[{"embeddable":true,"href":"https:\/\/agora.xtec.cat\/insjosepvallverdu\/wp-json\/wp\/v2\/users\/8"}],"replies":[{"embeddable":true,"href":"https:\/\/agora.xtec.cat\/insjosepvallverdu\/wp-json\/wp\/v2\/comments?post=15777"}],"version-history":[{"count":2,"href":"https:\/\/agora.xtec.cat\/insjosepvallverdu\/wp-json\/wp\/v2\/pages\/15777\/revisions"}],"predecessor-version":[{"id":15783,"href":"https:\/\/agora.xtec.cat\/insjosepvallverdu\/wp-json\/wp\/v2\/pages\/15777\/revisions\/15783"}],"up":[{"embeddable":true,"href":"https:\/\/agora.xtec.cat\/insjosepvallverdu\/wp-json\/wp\/v2\/pages\/19"}],"wp:attachment":[{"href":"https:\/\/agora.xtec.cat\/insjosepvallverdu\/wp-json\/wp\/v2\/media?parent=15777"}],"curies":[{"name":"wp","href":"https:\/\/api.w.org\/{rel}","templated":true}]}}