{"id":15144,"date":"2019-10-28T17:30:53","date_gmt":"2019-10-28T16:30:53","guid":{"rendered":"http:\/\/agora.xtec.cat\/insjosepvallverdu\/?page_id=15144"},"modified":"2025-04-01T21:14:48","modified_gmt":"2025-04-01T19:14:48","slug":"cicles-formatius","status":"publish","type":"page","link":"https:\/\/agora.xtec.cat\/insjosepvallverdu\/estudis\/cicles-formatius\/","title":{"rendered":"Formaci\u00f3 Professional"},"content":{"rendered":"<p>L&#8217;<strong>Institut Josep Vallverd\u00fa<\/strong> ofereix una \u00e0mplia oferta de <strong>Cicles Formatius de Grau Mitj\u00e0 i de Grau Superior<\/strong>, tots amb possibilitat de fer-los amb modalitat d&#8217;<strong><a href=\"https:\/\/agora.xtec.cat\/fpdual\/\">FP DUAL GENERAL<\/a> <\/strong>o <strong><a href=\"https:\/\/agora.xtec.cat\/fpdual\/\">FP DUAL INTENSIVA<\/a><\/strong>. En aquest segon cas, que suposa que l&#8217;alumnat realitzi una part substancial de la seva formaci\u00f3 remunerada en una empresa relacionada amb el seu sector.<\/p>\n<p>A m\u00e9s a m\u00e9s, tamb\u00e9 ofereix un <strong>Programa de formaci\u00f3 i inserci\u00f3<\/strong>.<\/p>\n<p><span style=\"font-weight: 400;\">La nostra <\/span><b>missi\u00f3<\/b><span style=\"font-weight: 400;\"> \u00e9s <\/span><b>formar persones i promocionar professionals amb actituds, compet\u00e8ncies i valors<\/b><span style=\"font-weight: 400;\"> que aportin el<\/span><b> coneixement t\u00e8cnic<\/b><span style=\"font-weight: 400;\"> que requereixen els <\/span><b>sectors de l\u2019administraci\u00f3 i gesti\u00f3, l\u2019electricitat\u00a0 i l\u2019electr\u00f2nica, els serveis socioculturals i a la comunitat i el transport i manteniment de vehicles.<\/b><\/p>\n<p>&nbsp;<\/p>\n<p><strong>OFERTA FORMATIVA DE FORMACI\u00d3 PROFESSIONAL:<\/strong><\/p>\n<p>&nbsp;<\/p>\n<p><a href=\"https:\/\/agora.xtec.cat\/insjosepvallverdu\/wp-content\/uploads\/usu1806\/2025\/03\/josep-vallverdu-borges-targeto-publicitari-2025-1_page-0001.jpg\"><img loading=\"lazy\" decoding=\"async\" class=\"aligncenter size-full wp-image-17542\" src=\"https:\/\/agora.xtec.cat\/insjosepvallverdu\/wp-content\/uploads\/usu1806\/2025\/03\/josep-vallverdu-borges-targeto-publicitari-2025-1_page-0001.jpg\" alt=\"\" width=\"877\" height=\"1241\" srcset=\"https:\/\/agora.xtec.cat\/insjosepvallverdu\/wp-content\/uploads\/usu1806\/2025\/03\/josep-vallverdu-borges-targeto-publicitari-2025-1_page-0001.jpg 877w, https:\/\/agora.xtec.cat\/insjosepvallverdu\/wp-content\/uploads\/usu1806\/2025\/03\/josep-vallverdu-borges-targeto-publicitari-2025-1_page-0001-212x300.jpg 212w, https:\/\/agora.xtec.cat\/insjosepvallverdu\/wp-content\/uploads\/usu1806\/2025\/03\/josep-vallverdu-borges-targeto-publicitari-2025-1_page-0001-724x1024.jpg 724w, https:\/\/agora.xtec.cat\/insjosepvallverdu\/wp-content\/uploads\/usu1806\/2025\/03\/josep-vallverdu-borges-targeto-publicitari-2025-1_page-0001-768x1087.jpg 768w\" sizes=\"auto, (max-width: 877px) 100vw, 877px\" \/><\/a><\/p>\n<p><a href=\"https:\/\/agora.xtec.cat\/insjosepvallverdu\/wp-content\/uploads\/usu1806\/2025\/03\/josep-vallverdu-borges-targeto-publicitari-2025-1_page-0002.jpg\"><img loading=\"lazy\" decoding=\"async\" class=\"aligncenter size-full wp-image-17543\" src=\"https:\/\/agora.xtec.cat\/insjosepvallverdu\/wp-content\/uploads\/usu1806\/2025\/03\/josep-vallverdu-borges-targeto-publicitari-2025-1_page-0002.jpg\" alt=\"\" width=\"877\" height=\"1241\" srcset=\"https:\/\/agora.xtec.cat\/insjosepvallverdu\/wp-content\/uploads\/usu1806\/2025\/03\/josep-vallverdu-borges-targeto-publicitari-2025-1_page-0002.jpg 877w, https:\/\/agora.xtec.cat\/insjosepvallverdu\/wp-content\/uploads\/usu1806\/2025\/03\/josep-vallverdu-borges-targeto-publicitari-2025-1_page-0002-212x300.jpg 212w, https:\/\/agora.xtec.cat\/insjosepvallverdu\/wp-content\/uploads\/usu1806\/2025\/03\/josep-vallverdu-borges-targeto-publicitari-2025-1_page-0002-724x1024.jpg 724w, https:\/\/agora.xtec.cat\/insjosepvallverdu\/wp-content\/uploads\/usu1806\/2025\/03\/josep-vallverdu-borges-targeto-publicitari-2025-1_page-0002-768x1087.jpg 768w\" sizes=\"auto, (max-width: 877px) 100vw, 877px\" \/><\/a><\/p>\n<p><strong><a href=\"https:\/\/agora.xtec.cat\/insjosepvallverdu\/estudis\/cicles-formatius\/pfi-manteniment-i-reparacio-de-vehicles-de-mobilitat-personal\/\">PFI REPARACI\u00d3 I MANTENIMENT DE VEHICLES DE MOBILITAT PERSONAL<\/a><\/strong><\/p>\n<p><a href=\"https:\/\/agora.xtec.cat\/insjosepvallverdu\/wp-content\/uploads\/usu1806\/2023\/03\/PFI-de-manteniment-I-reparacio-de-vehicles-de-mobilitat-personal-banner-web.jpg\"><img loading=\"lazy\" decoding=\"async\" class=\"aligncenter size-full wp-image-16969\" src=\"https:\/\/agora.xtec.cat\/insjosepvallverdu\/wp-content\/uploads\/usu1806\/2023\/03\/PFI-de-manteniment-I-reparacio-de-vehicles-de-mobilitat-personal-banner-web.jpg\" alt=\"\" width=\"1000\" height=\"300\" srcset=\"https:\/\/agora.xtec.cat\/insjosepvallverdu\/wp-content\/uploads\/usu1806\/2023\/03\/PFI-de-manteniment-I-reparacio-de-vehicles-de-mobilitat-personal-banner-web.jpg 1000w, https:\/\/agora.xtec.cat\/insjosepvallverdu\/wp-content\/uploads\/usu1806\/2023\/03\/PFI-de-manteniment-I-reparacio-de-vehicles-de-mobilitat-personal-banner-web-300x90.jpg 300w, https:\/\/agora.xtec.cat\/insjosepvallverdu\/wp-content\/uploads\/usu1806\/2023\/03\/PFI-de-manteniment-I-reparacio-de-vehicles-de-mobilitat-personal-banner-web-768x230.jpg 768w\" sizes=\"auto, (max-width: 1000px) 100vw, 1000px\" \/><\/a><\/p>\n<p><strong><a href=\"https:\/\/agora.xtec.cat\/insjosepvallverdu\/estudis\/cicles-formatius\/cfgm-atencio-a-persones-en-situacio-de-dependencia\/\">CFGM ATENCI\u00d3 A PERSONES EN SITUACI\u00d3 DE DEPEND\u00c8NCIA<\/a><\/strong><\/p>\n<p><a href=\"https:\/\/agora.xtec.cat\/insjosepvallverdu\/wp-content\/uploads\/usu1806\/2024\/02\/vallverdu-dependencia-web.jpg\"><img loading=\"lazy\" decoding=\"async\" class=\"aligncenter size-full wp-image-17210\" src=\"https:\/\/agora.xtec.cat\/insjosepvallverdu\/wp-content\/uploads\/usu1806\/2024\/02\/vallverdu-dependencia-web.jpg\" alt=\"\" width=\"1000\" height=\"300\" srcset=\"https:\/\/agora.xtec.cat\/insjosepvallverdu\/wp-content\/uploads\/usu1806\/2024\/02\/vallverdu-dependencia-web.jpg 1000w, https:\/\/agora.xtec.cat\/insjosepvallverdu\/wp-content\/uploads\/usu1806\/2024\/02\/vallverdu-dependencia-web-300x90.jpg 300w, https:\/\/agora.xtec.cat\/insjosepvallverdu\/wp-content\/uploads\/usu1806\/2024\/02\/vallverdu-dependencia-web-768x230.jpg 768w\" sizes=\"auto, (max-width: 1000px) 100vw, 1000px\" \/><\/a><\/p>\n<p><strong><a href=\"https:\/\/agora.xtec.cat\/insjosepvallverdu\/departaments-didactics\/cfgm-installacions-electrotecniques-i-industrials\/\" target=\"_blank\" rel=\"noopener noreferrer\">CFGM INSTAL\u00b7LACIONS EL\u00c8CTRIQUES I AUTOM\u00c0TIQUES<\/a><\/strong><\/p>\n<p><a href=\"https:\/\/agora.xtec.cat\/insjosepvallverdu\/wp-content\/uploads\/usu1806\/2024\/03\/vallverdu-electriques-web.jpg\"><img loading=\"lazy\" decoding=\"async\" class=\"aligncenter size-full wp-image-17231\" src=\"https:\/\/agora.xtec.cat\/insjosepvallverdu\/wp-content\/uploads\/usu1806\/2024\/03\/vallverdu-electriques-web.jpg\" alt=\"\" width=\"1000\" height=\"300\" srcset=\"https:\/\/agora.xtec.cat\/insjosepvallverdu\/wp-content\/uploads\/usu1806\/2024\/03\/vallverdu-electriques-web.jpg 1000w, https:\/\/agora.xtec.cat\/insjosepvallverdu\/wp-content\/uploads\/usu1806\/2024\/03\/vallverdu-electriques-web-300x90.jpg 300w, https:\/\/agora.xtec.cat\/insjosepvallverdu\/wp-content\/uploads\/usu1806\/2024\/03\/vallverdu-electriques-web-768x230.jpg 768w\" sizes=\"auto, (max-width: 1000px) 100vw, 1000px\" \/><\/a><\/p>\n<p><strong><a href=\"https:\/\/agora.xtec.cat\/insjosepvallverdu\/departaments-didactics\/cfgm-gestio-administrativa\/\" target=\"_blank\" rel=\"noopener noreferrer\">CF<\/a><a href=\"https:\/\/agora.xtec.cat\/insjosepvallverdu\/departaments-didactics\/cfgm-gestio-administrativa\/\" target=\"_blank\" rel=\"noopener noreferrer\">GM GESTI\u00d3 ADMINISTRATIVA<\/a><\/strong><\/p>\n<p><a href=\"https:\/\/agora.xtec.cat\/insjosepvallverdu\/departaments-didactics\/cfgm-gestio-administrativa\/\"><img loading=\"lazy\" decoding=\"async\" class=\"aligncenter wp-image-15319 size-full\" src=\"https:\/\/agora.xtec.cat\/insjosepvallverdu\/wp-content\/uploads\/usu1806\/2020\/02\/administratiu-josep-vallverdu-borgesblanques-web-06.jpg\" alt=\"\" width=\"1000\" height=\"300\" srcset=\"https:\/\/agora.xtec.cat\/insjosepvallverdu\/wp-content\/uploads\/usu1806\/2020\/02\/administratiu-josep-vallverdu-borgesblanques-web-06.jpg 1000w, https:\/\/agora.xtec.cat\/insjosepvallverdu\/wp-content\/uploads\/usu1806\/2020\/02\/administratiu-josep-vallverdu-borgesblanques-web-06-300x90.jpg 300w, https:\/\/agora.xtec.cat\/insjosepvallverdu\/wp-content\/uploads\/usu1806\/2020\/02\/administratiu-josep-vallverdu-borgesblanques-web-06-768x230.jpg 768w\" sizes=\"auto, (max-width: 1000px) 100vw, 1000px\" \/><\/a><\/p>\n<p><strong><a href=\"https:\/\/agora.xtec.cat\/insjosepvallverdu\/estudis\/cicles-formatius\/cfgs-administracio-i-finances\/\">CFGS ADMINISTRACI\u00d3 I FINANCES<\/a><\/strong><a href=\"https:\/\/agora.xtec.cat\/insjosepvallverdu\/wp-content\/uploads\/usu1806\/2022\/05\/administraciofinances-josep-vallverdu-web-1.jpg\"><img loading=\"lazy\" decoding=\"async\" class=\"aligncenter size-full wp-image-16660\" src=\"https:\/\/agora.xtec.cat\/insjosepvallverdu\/wp-content\/uploads\/usu1806\/2022\/05\/administraciofinances-josep-vallverdu-web-1.jpg\" alt=\"\" width=\"1000\" height=\"300\" srcset=\"https:\/\/agora.xtec.cat\/insjosepvallverdu\/wp-content\/uploads\/usu1806\/2022\/05\/administraciofinances-josep-vallverdu-web-1.jpg 1000w, https:\/\/agora.xtec.cat\/insjosepvallverdu\/wp-content\/uploads\/usu1806\/2022\/05\/administraciofinances-josep-vallverdu-web-1-300x90.jpg 300w, https:\/\/agora.xtec.cat\/insjosepvallverdu\/wp-content\/uploads\/usu1806\/2022\/05\/administraciofinances-josep-vallverdu-web-1-768x230.jpg 768w\" sizes=\"auto, (max-width: 1000px) 100vw, 1000px\" \/><\/a><\/p>\n<p>&nbsp;<\/p>\n<p><strong><a href=\"https:\/\/agora.xtec.cat\/insjosepvallverdu\/departaments-didactics\/cfgs-sistemes-electrotecnics-i-automatitzats\/\" target=\"_blank\" rel=\"noopener\">CFGS SISTEMES ELECTROT\u00c8CNICS I AUTOMATITZATS<\/a><\/strong><\/p>\n<p><a href=\"https:\/\/agora.xtec.cat\/insjosepvallverdu\/wp-content\/uploads\/usu1806\/2024\/02\/vallverdu-sistemes-web.jpg\"><img loading=\"lazy\" decoding=\"async\" class=\"aligncenter size-full wp-image-17212\" src=\"https:\/\/agora.xtec.cat\/insjosepvallverdu\/wp-content\/uploads\/usu1806\/2024\/02\/vallverdu-sistemes-web.jpg\" alt=\"\" width=\"1000\" height=\"300\" srcset=\"https:\/\/agora.xtec.cat\/insjosepvallverdu\/wp-content\/uploads\/usu1806\/2024\/02\/vallverdu-sistemes-web.jpg 1000w, https:\/\/agora.xtec.cat\/insjosepvallverdu\/wp-content\/uploads\/usu1806\/2024\/02\/vallverdu-sistemes-web-300x90.jpg 300w, https:\/\/agora.xtec.cat\/insjosepvallverdu\/wp-content\/uploads\/usu1806\/2024\/02\/vallverdu-sistemes-web-768x230.jpg 768w\" sizes=\"auto, (max-width: 1000px) 100vw, 1000px\" \/><\/a><\/p>\n<p><a href=\"https:\/\/agora.xtec.cat\/insjosepvallverdu\/wp-content\/uploads\/usu1806\/2024\/11\/mrr23_redim_evidencia2_logo.jpg\"><img loading=\"lazy\" decoding=\"async\" class=\"aligncenter size-full wp-image-17415\" src=\"https:\/\/agora.xtec.cat\/insjosepvallverdu\/wp-content\/uploads\/usu1806\/2024\/11\/mrr23_redim_evidencia2_logo.jpg\" alt=\"\" width=\"1196\" height=\"313\" srcset=\"https:\/\/agora.xtec.cat\/insjosepvallverdu\/wp-content\/uploads\/usu1806\/2024\/11\/mrr23_redim_evidencia2_logo.jpg 1196w, https:\/\/agora.xtec.cat\/insjosepvallverdu\/wp-content\/uploads\/usu1806\/2024\/11\/mrr23_redim_evidencia2_logo-300x79.jpg 300w, https:\/\/agora.xtec.cat\/insjosepvallverdu\/wp-content\/uploads\/usu1806\/2024\/11\/mrr23_redim_evidencia2_logo-1024x268.jpg 1024w, https:\/\/agora.xtec.cat\/insjosepvallverdu\/wp-content\/uploads\/usu1806\/2024\/11\/mrr23_redim_evidencia2_logo-768x201.jpg 768w\" sizes=\"auto, (max-width: 1196px) 100vw, 1196px\" \/><\/a><\/p>\n<p>&nbsp;<\/p>\n<p>&nbsp;<\/p>\n","protected":false},"excerpt":{"rendered":"<p>L&#8217;Institut Josep Vallverd\u00fa ofereix una \u00e0mplia oferta de Cicles Formatius de Grau Mitj\u00e0 i de Grau Superior, tots amb possibilitat de fer-los amb modalitat d&#8217;<a href=\"https:\/\/agora.xtec.cat\/fpdual\/\">FP DUAL GENERAL<\/a> o <a href=\"https:\/\/agora.xtec.cat\/fpdual\/\">FP DUAL INTENSIVA<\/a>. En aquest segon cas, que suposa que l&#8217;alumnat realitzi una part substancial&hellip;  <a href=\"https:\/\/agora.xtec.cat\/insjosepvallverdu\/estudis\/cicles-formatius\/\" title=\"Read Formaci\u00f3 Professional\">Llegeix m\u00e9s\u00bb<\/a><\/p>\n","protected":false},"author":8,"featured_media":0,"parent":195,"menu_order":0,"comment_status":"closed","ping_status":"closed","template":"","meta":{"_bbp_topic_count":0,"_bbp_reply_count":0,"_bbp_total_topic_count":0,"_bbp_total_reply_count":0,"_bbp_voice_count":0,"_bbp_anonymous_reply_count":0,"_bbp_topic_count_hidden":0,"_bbp_reply_count_hidden":0,"_bbp_forum_subforum_count":0,"footnotes":""},"class_list":["post-15144","page","type-page","status-publish","hentry"],"post_mailing_queue_ids":[],"_links":{"self":[{"href":"https:\/\/agora.xtec.cat\/insjosepvallverdu\/wp-json\/wp\/v2\/pages\/15144","targetHints":{"allow":["GET"]}}],"collection":[{"href":"https:\/\/agora.xtec.cat\/insjosepvallverdu\/wp-json\/wp\/v2\/pages"}],"about":[{"href":"https:\/\/agora.xtec.cat\/insjosepvallverdu\/wp-json\/wp\/v2\/types\/page"}],"author":[{"embeddable":true,"href":"https:\/\/agora.xtec.cat\/insjosepvallverdu\/wp-json\/wp\/v2\/users\/8"}],"replies":[{"embeddable":true,"href":"https:\/\/agora.xtec.cat\/insjosepvallverdu\/wp-json\/wp\/v2\/comments?post=15144"}],"version-history":[{"count":7,"href":"https:\/\/agora.xtec.cat\/insjosepvallverdu\/wp-json\/wp\/v2\/pages\/15144\/revisions"}],"predecessor-version":[{"id":17559,"href":"https:\/\/agora.xtec.cat\/insjosepvallverdu\/wp-json\/wp\/v2\/pages\/15144\/revisions\/17559"}],"up":[{"embeddable":true,"href":"https:\/\/agora.xtec.cat\/insjosepvallverdu\/wp-json\/wp\/v2\/pages\/195"}],"wp:attachment":[{"href":"https:\/\/agora.xtec.cat\/insjosepvallverdu\/wp-json\/wp\/v2\/media?parent=15144"}],"curies":[{"name":"wp","href":"https:\/\/api.w.org\/{rel}","templated":true}]}}