{"id":13860,"date":"2018-10-03T16:54:24","date_gmt":"2018-10-03T14:54:24","guid":{"rendered":"http:\/\/agora.xtec.cat\/insjosepvallverdu\/?page_id=13860"},"modified":"2022-05-23T17:45:30","modified_gmt":"2022-05-23T15:45:30","slug":"cfgs-vins","status":"publish","type":"page","link":"https:\/\/agora.xtec.cat\/insjosepvallverdu\/departaments-didactics\/cfgs-vins\/","title":{"rendered":"CFGS Vitivinicultura"},"content":{"rendered":"<p><a href=\"https:\/\/agora.xtec.cat\/insjosepvallverdu\/wp-content\/uploads\/usu1806\/2022\/05\/vitivinicultura-josep-vallverdu-borgesblanques-web-03.jpg\"><img loading=\"lazy\" decoding=\"async\" class=\"aligncenter size-full wp-image-16654\" src=\"https:\/\/agora.xtec.cat\/insjosepvallverdu\/wp-content\/uploads\/usu1806\/2022\/05\/vitivinicultura-josep-vallverdu-borgesblanques-web-03.jpg\" alt=\"\" width=\"1000\" height=\"300\" srcset=\"https:\/\/agora.xtec.cat\/insjosepvallverdu\/wp-content\/uploads\/usu1806\/2022\/05\/vitivinicultura-josep-vallverdu-borgesblanques-web-03.jpg 1000w, https:\/\/agora.xtec.cat\/insjosepvallverdu\/wp-content\/uploads\/usu1806\/2022\/05\/vitivinicultura-josep-vallverdu-borgesblanques-web-03-300x90.jpg 300w, https:\/\/agora.xtec.cat\/insjosepvallverdu\/wp-content\/uploads\/usu1806\/2022\/05\/vitivinicultura-josep-vallverdu-borgesblanques-web-03-768x230.jpg 768w\" sizes=\"auto, (max-width: 1000px) 100vw, 1000px\" \/><\/a><\/p>\n<table>\n<tbody>\n<tr>\n<td><b>T\u00cdTOL<\/b><\/td>\n<td><b>T\u00c8CNIC\/A SUPERIOR EN VITIVINICULTURA<\/b><\/td>\n<\/tr>\n<tr>\n<td><b>FAM\u00cdLIA PROFESSIONAL<\/b><\/td>\n<td><b>Ind\u00fastries aliment\u00e0ries<\/b><\/td>\n<\/tr>\n<tr>\n<td><b>DURADA<\/b><\/td>\n<td><b>2000 h <\/b><span style=\"font-weight: 400;\">(<\/span><b>383h en centres de treball <\/b><span style=\"font-weight: 400;\">dins el m\u00f2dul professional de Formaci\u00f3 en centres de treball), que es distribueixen en 2 cursos acad\u00e8mics.<\/span><\/td>\n<\/tr>\n<tr>\n<td><b>COMPET\u00c8NCIA GENERAL<\/b><\/td>\n<td><b>Organitzar, programar i supervisar la producci\u00f3 en la ind\u00fastria vitivin\u00ed\u00adcola controlant la producci\u00f3 vit\u00ed\u00adcola i les operacions d\u2019elaboraci\u00f3, estabilitzaci\u00f3 i envasament de vins i derivats, aplicant els plans de producci\u00f3, qualitat, seguretat aliment\u00e0ria, prevenci\u00f3 de riscos laborals i protecci\u00f3 ambiental, d\u2019acord amb la legislaci\u00f3 vigent.<\/b><\/td>\n<\/tr>\n<tr>\n<td><b>M\u00d2DULS PROFESSIONALS<\/b><\/td>\n<td><b>MP1 Viticultura<\/b><\/p>\n<p><b>MP2 Vinificacions<\/b><\/p>\n<p><b>MP3 Estabilitzaci\u00f3, crian\u00e7a i envasat<\/b><\/p>\n<p><b>MP4 An\u00e0lisi enol\u00f2gica<\/b><\/p>\n<p><b>MP5 Ind\u00fastries derivades<\/b><\/p>\n<p><b>MP6 Tast i cultura vitivin\u00edcola<\/b><\/p>\n<p><b>MP7 Comercialitzaci\u00f3 i log\u00edstica en la ind\u00fastria aliment\u00e0ria<\/b><\/p>\n<p><b>MP8 Legislaci\u00f3 vitivin\u00edcola i seguretat aliment\u00e0ria<\/b><\/p>\n<p><b>MP9 Gesti\u00f3 de qualitat i ambiental en la ind\u00fastria aliment\u00e0ria<\/b><\/p>\n<p><b>MP10 Processos bioqu\u00edmics<\/b><\/p>\n<p><b>MP11 Formaci\u00f3 i orientaci\u00f3 laboral<\/b><\/p>\n<p><b>MP12 Empresa i iniciativa emprenedora<\/b><\/p>\n<p><b>MP13 Projecte en la ind\u00fastria vitivin\u00edcola<\/b><\/p>\n<p><b>MP14 Formaci\u00f3 en centres de treball<\/b><\/td>\n<\/tr>\n<tr>\n<td><b>PRINCIPALS OCUPACIONS I\u00a0<\/b><b>LLOCS DE TREBALL<\/b><\/td>\n<td>\n<ul>\n<li aria-level=\"1\"><b>Personal t\u00e8cnic vitivin\u00edcola.\u00a0<\/b><\/li>\n<li aria-level=\"1\"><b>Personal encarregat del proc\u00e9s de destil\u00b7laci\u00f3 i rectificaci\u00f3.\u00a0<\/b><\/li>\n<li aria-level=\"1\"><b>Personal encarregat de la recepci\u00f3 de mostos frescos i sulfitats.\u00a0<\/b><\/li>\n<li aria-level=\"1\"><b>Personal supervisor de columnes de destil\u00b7laci\u00f3 i de concentraci\u00f3.\u00a0<\/b><\/li>\n<li aria-level=\"1\"><b>Personal encarregat de la l\u00ednia d\u2019envasament de destil\u00b7lats, concentrats i vinagres.\u00a0<\/b><\/li>\n<li aria-level=\"1\"><b>Personal encarregat de l\u2019envelliment i la crian\u00e7a de destil\u00b7lats i vinagres.\u00a0<\/b><\/li>\n<li aria-level=\"1\"><b>Personal t\u00e8cnic en an\u00e0lisi sensorial.<\/b><\/li>\n<\/ul>\n<\/td>\n<\/tr>\n<\/tbody>\n<\/table>\n<p><span style=\"font-weight: 400;\">L\u2019Institut Josep Vallverd\u00fa, una vegada endegat el CFGM d\u2019Olis d\u2019oliva i vins, va decidir ampliar la seva oferta formativa, responent a la voluntat de bona part de l\u2019alumnat de continuar ampliant els seus coneixements, a la vegada poder millorar dins del m\u00f3n laboral i accedir a llocs de treball de categoria superior dins del sector del vi i cobrir la demanda del sector de professionals altament qualificats per treballar als cellers.<\/span><\/p>\n<p><span style=\"font-weight: 400;\">\u00c9s per aix\u00f2 que l\u2019Institut es va dotar d\u2019un grup de professors especialitats en cada una de les \u00e0rees de coneixement relacionades amb la vinya, aix\u00ed com en tots els processos productius relacionats amb el vi fins arribar a la seva comercialitzaci\u00f3.<\/span><\/p>\n<p><span style=\"font-weight: 400;\">El treball docent dels nostres professors posa l\u2019accent en els sistemes productius actuals del vi, comen\u00e7ant pels fonaments te\u00f2rics i consolidant-los amb pr\u00e0ctiques a les nostres plantes taller, on es realitzen produccions de vi i licors. Gr\u00e0cies a aquestes pr\u00e0ctiques els nostres alumnes adquireixen tots els coneixements necessaris per afrontar amb \u00e8xit la incorporaci\u00f3 al mercat laboral.<\/span><\/p>\n<p><span style=\"font-weight: 400;\">Tanmateix es realitzen nombroses jornades t\u00e8cniques i pr\u00e0ctiques en diferents empreses punteres dels sector. Per consolidar tot l\u2019apr\u00e9s, la nostra formaci\u00f3 es basa en el concepte de dual. Aquesta formaci\u00f3 trasllada c\u00e0rrega lectiva a les empreses; aix\u00ed, els nostres alumnes, durant el segon curs, hi realitzen classes practiques durant tres dies a la setmana, essent aquestes pr\u00e0ctiques remunerades.<\/span><\/p>\n<p>Podeu trobar la informaci\u00f3 general referida a aquest cicle al seg\u00fcent enlla\u00e7 del lloc web\u00a0<a href=\"https:\/\/triaeducativa.gencat.cat\/ca\/fp\/gs\/families-professionals\/industries-alimentaries\/?p_id=163&amp;estudi\">Triaeducativa.gencat.cat<\/a><\/p>\n<h3><span style=\"font-weight: 400;\">Tr\u00edptic informatiu:<\/span><\/h3>\n<p><a href=\"https:\/\/agora.xtec.cat\/insjosepvallverdu\/wp-content\/uploads\/usu1806\/2021\/02\/triptic-vitivinicultura-ok.pdf\">Tr\u00edptic informatiu del CFGS Vitivinicultura<\/a><\/p>\n<h3><span style=\"font-weight: 400;\">Cap de Departament:<\/span><\/h3>\n<p><span style=\"font-weight: 400;\">Blanca Safont<\/span><\/p>\n<h3><span style=\"font-weight: 400;\">Professorat del curs 2021-22:<\/span><\/h3>\n<p>Josep Maria Aud\u00ed, Laia Jov\u00e9, Tom\u00e0s Nievas, Blanca Safont<\/p>\n<p>&nbsp;<\/p>\n<p>Aquest cicle compta amb la col\u00b7laboraci\u00f3 de<\/p>\n<p><a href=\"https:\/\/agora.xtec.cat\/insjosepvallverdu\/wp-content\/uploads\/usu1806\/2019\/10\/logoFSE.jpg\"><img loading=\"lazy\" decoding=\"async\" class=\"alignleft size-full wp-image-15139\" src=\"https:\/\/agora.xtec.cat\/insjosepvallverdu\/wp-content\/uploads\/usu1806\/2019\/10\/logoFSE.jpg\" alt=\"\" width=\"624\" height=\"86\" srcset=\"https:\/\/agora.xtec.cat\/insjosepvallverdu\/wp-content\/uploads\/usu1806\/2019\/10\/logoFSE.jpg 624w, https:\/\/agora.xtec.cat\/insjosepvallverdu\/wp-content\/uploads\/usu1806\/2019\/10\/logoFSE-300x41.jpg 300w\" sizes=\"auto, (max-width: 624px) 100vw, 624px\" \/><\/a><\/p>\n","protected":false},"excerpt":{"rendered":"<p><a href=\"https:\/\/agora.xtec.cat\/insjosepvallverdu\/wp-content\/uploads\/usu1806\/2022\/05\/vitivinicultura-josep-vallverdu-borgesblanques-web-03.jpg\"><\/a><\/p>\n<p>T\u00cdTOL<br \/>\nT\u00c8CNIC\/A SUPERIOR EN VITIVINICULTURA<\/p>\n<p>FAM\u00cdLIA PROFESSIONAL<br \/>\nInd\u00fastries aliment\u00e0ries<\/p>\n<p>DURADA<br \/>\n2000 h (383h en centres de treball dins el m\u00f2dul professional de Formaci\u00f3 en centres de treball), que es distribueixen en 2 cursos acad\u00e8mics.<\/p>\n<p>COMPET\u00c8NCIA GENERAL<br \/>\nOrganitzar, programar i supervisar la producci\u00f3 en la ind\u00fastria vitivin\u00ed\u00adcola controlant la producci\u00f3 vit\u00ed\u00adcola i&hellip;  <a href=\"https:\/\/agora.xtec.cat\/insjosepvallverdu\/departaments-didactics\/cfgs-vins\/\" title=\"Read CFGS Vitivinicultura\">Llegeix m\u00e9s\u00bb<\/a><\/p>\n","protected":false},"author":1,"featured_media":0,"parent":13833,"menu_order":0,"comment_status":"closed","ping_status":"closed","template":"","meta":{"_bbp_topic_count":0,"_bbp_reply_count":0,"_bbp_total_topic_count":0,"_bbp_total_reply_count":0,"_bbp_voice_count":0,"_bbp_anonymous_reply_count":0,"_bbp_topic_count_hidden":0,"_bbp_reply_count_hidden":0,"_bbp_forum_subforum_count":0,"footnotes":""},"class_list":["post-13860","page","type-page","status-publish","hentry"],"post_mailing_queue_ids":[],"_links":{"self":[{"href":"https:\/\/agora.xtec.cat\/insjosepvallverdu\/wp-json\/wp\/v2\/pages\/13860","targetHints":{"allow":["GET"]}}],"collection":[{"href":"https:\/\/agora.xtec.cat\/insjosepvallverdu\/wp-json\/wp\/v2\/pages"}],"about":[{"href":"https:\/\/agora.xtec.cat\/insjosepvallverdu\/wp-json\/wp\/v2\/types\/page"}],"author":[{"embeddable":true,"href":"https:\/\/agora.xtec.cat\/insjosepvallverdu\/wp-json\/wp\/v2\/users\/1"}],"replies":[{"embeddable":true,"href":"https:\/\/agora.xtec.cat\/insjosepvallverdu\/wp-json\/wp\/v2\/comments?post=13860"}],"version-history":[{"count":4,"href":"https:\/\/agora.xtec.cat\/insjosepvallverdu\/wp-json\/wp\/v2\/pages\/13860\/revisions"}],"predecessor-version":[{"id":16663,"href":"https:\/\/agora.xtec.cat\/insjosepvallverdu\/wp-json\/wp\/v2\/pages\/13860\/revisions\/16663"}],"up":[{"embeddable":true,"href":"https:\/\/agora.xtec.cat\/insjosepvallverdu\/wp-json\/wp\/v2\/pages\/13833"}],"wp:attachment":[{"href":"https:\/\/agora.xtec.cat\/insjosepvallverdu\/wp-json\/wp\/v2\/media?parent=13860"}],"curies":[{"name":"wp","href":"https:\/\/api.w.org\/{rel}","templated":true}]}}