{"id":13837,"date":"2018-10-03T13:11:30","date_gmt":"2018-10-03T11:11:30","guid":{"rendered":"http:\/\/agora.xtec.cat\/insjosepvallverdu\/?page_id=13837"},"modified":"2020-11-16T09:44:19","modified_gmt":"2020-11-16T08:44:19","slug":"llengues","status":"publish","type":"page","link":"https:\/\/agora.xtec.cat\/insjosepvallverdu\/departaments-didactics\/llengues\/","title":{"rendered":"\u00c0mbit Ling\u00fc\u00edstic (Lleng\u00fces Catalana, Castellana i Cl\u00e0ssiques)"},"content":{"rendered":"<p><a href=\"https:\/\/agora.xtec.cat\/insjosepvallverdu\/wp-content\/uploads\/usu1806\/2019\/01\/bibliotrca-web-1.jpg\"><img loading=\"lazy\" decoding=\"async\" class=\"alignnone size-large wp-image-14429\" src=\"https:\/\/agora.xtec.cat\/insjosepvallverdu\/wp-content\/uploads\/usu1806\/2019\/01\/bibliotrca-web-1-1024x365.jpg\" alt=\"\" width=\"1024\" height=\"365\" srcset=\"https:\/\/agora.xtec.cat\/insjosepvallverdu\/wp-content\/uploads\/usu1806\/2019\/01\/bibliotrca-web-1-1024x365.jpg 1024w, https:\/\/agora.xtec.cat\/insjosepvallverdu\/wp-content\/uploads\/usu1806\/2019\/01\/bibliotrca-web-1-300x107.jpg 300w, https:\/\/agora.xtec.cat\/insjosepvallverdu\/wp-content\/uploads\/usu1806\/2019\/01\/bibliotrca-web-1-768x274.jpg 768w, https:\/\/agora.xtec.cat\/insjosepvallverdu\/wp-content\/uploads\/usu1806\/2019\/01\/bibliotrca-web-1.jpg 1209w\" sizes=\"auto, (max-width: 1024px) 100vw, 1024px\" \/><\/a><\/p>\n<p><span style=\"font-weight: 400;\">El professorat del departament de Lleng\u00fces de l\u2019Ins Josep Vallverd\u00fa, format pels \u00e0mbits de Llengua Catalana i Literatura, Llengua Castellana i Literatura, Llengua i Cultura Cl\u00e0ssiques i Literatura Universal, treballa de forma col\u00b7legiada per aconseguir l\u2019assoliment dels objectius generals d\u2019etapa i les compet\u00e8ncies b\u00e0siques per part del nostre alumnat.<\/span><\/p>\n<p><span style=\"font-weight: 400;\">El nostre treball docent posa l\u2019accent sobre la millora de la comprensi\u00f3 i expressi\u00f3 oral i escrita en les lleng\u00fces oficials de Catalunya, i la consolidaci\u00f3 dels h\u00e0bits de lectura i comunicaci\u00f3 emp\u00e0tica, el descobriment de la literatura com a font de lleure, coneixement i estudi i, per \u00faltim, el coneixement, la valoraci\u00f3 i el respecte dels valors b\u00e0sics i de la forma de viure la cultura pr\u00f2pia i d\u2019altres, respectant-ne el patrimoni cultural.<\/span><\/p>\n<p>&nbsp;<\/p>\n<h3><span style=\"font-weight: 400;\">Mat\u00e8ries que s\u2019imparteixen des del Departament:<\/span><\/h3>\n<ul>\n<li style=\"font-weight: 400;\"><span style=\"font-weight: 400;\">Llengua Catalana i Literatura.<\/span><\/li>\n<li style=\"font-weight: 400;\"><span style=\"font-weight: 400;\">Llengua Castellana i Literatura (i Literatura Universal).<\/span><\/li>\n<li style=\"font-weight: 400;\"><span style=\"font-weight: 400;\">Llengua i Cultura Cl\u00e0ssica (Llat\u00ed i Grec).<\/span><\/li>\n<\/ul>\n<h3><span style=\"font-weight: 400;\">Cap de Departament:<\/span><\/h3>\n<p><span style=\"font-weight: 400;\">N\u00faria Ruiz<\/span><\/p>\n<h3><span style=\"font-weight: 400;\">Professorat del curs 2020-21:<\/span><\/h3>\n<p>Josep Agust\u00ed<br \/>\nEster Cano<br \/>\nRebeca De Juan<br \/>\nFrancesc Gualdo<br \/>\nClara March<br \/>\nS\u00edlvia Mateus<br \/>\nEsther Pi\u00f1ol<br \/>\nAna Ma Salmeron<br \/>\nMagal\u00ed Sim\u00f3<br \/>\nMerc\u00e8 Teixid\u00f3<\/p>\n<h3><span style=\"font-weight: 400;\">Criteris d&#8217;avaluaci\u00f3 i qualificaci\u00f3<\/span><\/h3>\n<p><span style=\"font-weight: 400;\">\u00c0MBIT LING\u00dc\u00cdSTIC:<\/span><\/p>\n<ul>\n<li><a style=\"font-family: inherit; font-size: 1em;\" href=\"https:\/\/docs.google.com\/document\/d\/145N18__loe6wGjMw9x3t2aWJ5hlkMLIGaAjkNKdBsEI\/edit?usp=sharing\">LLENGUA CATALANA,\u00a0 LLLENGUA CASTELLANA\u00a0 i LLENG\u00dcES CL\u00c0SSIQUES<\/a><\/li>\n<\/ul>\n<h3><span style=\"font-weight: 400;\">Blogs i enlla\u00e7os del departament:<\/span><\/h3>\n<ul>\n<li style=\"font-weight: 400;\"><a href=\"https:\/\/agora.xtec.cat\/insjosepvallverdu\/general\/obertura-de-la-biblioteca-curs-2018-2019\/\"><span style=\"font-weight: 400;\">Blog de la biblioteca Ra\u00fcl Torrent<\/span><\/a><\/li>\n<li style=\"font-weight: 400;\"><a href=\"https:\/\/paredenblanco.wordpress.com\/\"><span style=\"font-weight: 400;\">La pared en blanco.<\/span><\/a> <span style=\"font-weight: 400;\">Blog para la Literatura espa\u00f1ola de Bachillerato y Segundo Ciclo de la E.S.O.<\/span><\/li>\n<\/ul>\n<p>&nbsp;<\/p>\n<h3><span style=\"font-weight: 400;\">Reconeixements i premis:<\/span><\/h3>\n<p><span style=\"font-weight: 400;\">El Departament did\u00e0ctic est\u00e0 especialment orgull\u00f3s de la participaci\u00f3 dels alumnes en diversos concursos i activitats de promoci\u00f3 de la lectura i la llengua, entre els quals destaca:<\/span><\/p>\n<ul>\n<li style=\"font-weight: 400;\"><span style=\"font-weight: 400;\">Premi literari Protagonista jove.<\/span><\/li>\n<li style=\"font-weight: 400;\"><span style=\"font-weight: 400;\">Concurs de creaci\u00f3 liter\u00e0ria Ficcions.<\/span><\/li>\n<li style=\"font-weight: 400;\"><span style=\"font-weight: 400;\">Gimcana ling\u00fc\u00edstica de les Garrigues.<\/span><\/li>\n<li style=\"font-weight: 400;\"><span style=\"font-weight: 400;\">Premi literari de les Garrigues.<\/span><\/li>\n<li style=\"font-weight: 400;\"><span style=\"font-weight: 400;\">Concurs literari Sant Jordi ins Josep Vallverd\u00fa.<\/span><\/li>\n<\/ul>\n","protected":false},"excerpt":{"rendered":"<p><a href=\"https:\/\/agora.xtec.cat\/insjosepvallverdu\/wp-content\/uploads\/usu1806\/2019\/01\/bibliotrca-web-1.jpg\"><\/a><br \/>\nEl professorat del departament de Lleng\u00fces de l\u2019Ins Josep Vallverd\u00fa, format pels \u00e0mbits de Llengua Catalana i Literatura, Llengua Castellana i Literatura, Llengua i Cultura Cl\u00e0ssiques i Literatura Universal, treballa de forma col\u00b7legiada per aconseguir l\u2019assoliment dels objectius generals d\u2019etapa i les compet\u00e8ncies b\u00e0siques&hellip;  <a href=\"https:\/\/agora.xtec.cat\/insjosepvallverdu\/departaments-didactics\/llengues\/\" title=\"Read \u00c0mbit Ling\u00fc\u00edstic (Lleng\u00fces Catalana, Castellana i Cl\u00e0ssiques)\">Llegeix m\u00e9s\u00bb<\/a><\/p>\n","protected":false},"author":1,"featured_media":0,"parent":13833,"menu_order":0,"comment_status":"closed","ping_status":"closed","template":"","meta":{"_bbp_topic_count":0,"_bbp_reply_count":0,"_bbp_total_topic_count":0,"_bbp_total_reply_count":0,"_bbp_voice_count":0,"_bbp_anonymous_reply_count":0,"_bbp_topic_count_hidden":0,"_bbp_reply_count_hidden":0,"_bbp_forum_subforum_count":0,"footnotes":""},"class_list":["post-13837","page","type-page","status-publish","hentry"],"post_mailing_queue_ids":[],"_links":{"self":[{"href":"https:\/\/agora.xtec.cat\/insjosepvallverdu\/wp-json\/wp\/v2\/pages\/13837","targetHints":{"allow":["GET"]}}],"collection":[{"href":"https:\/\/agora.xtec.cat\/insjosepvallverdu\/wp-json\/wp\/v2\/pages"}],"about":[{"href":"https:\/\/agora.xtec.cat\/insjosepvallverdu\/wp-json\/wp\/v2\/types\/page"}],"author":[{"embeddable":true,"href":"https:\/\/agora.xtec.cat\/insjosepvallverdu\/wp-json\/wp\/v2\/users\/1"}],"replies":[{"embeddable":true,"href":"https:\/\/agora.xtec.cat\/insjosepvallverdu\/wp-json\/wp\/v2\/comments?post=13837"}],"version-history":[{"count":4,"href":"https:\/\/agora.xtec.cat\/insjosepvallverdu\/wp-json\/wp\/v2\/pages\/13837\/revisions"}],"predecessor-version":[{"id":15813,"href":"https:\/\/agora.xtec.cat\/insjosepvallverdu\/wp-json\/wp\/v2\/pages\/13837\/revisions\/15813"}],"up":[{"embeddable":true,"href":"https:\/\/agora.xtec.cat\/insjosepvallverdu\/wp-json\/wp\/v2\/pages\/13833"}],"wp:attachment":[{"href":"https:\/\/agora.xtec.cat\/insjosepvallverdu\/wp-json\/wp\/v2\/media?parent=13837"}],"curies":[{"name":"wp","href":"https:\/\/api.w.org\/{rel}","templated":true}]}}