{"id":13835,"date":"2018-10-03T13:10:57","date_gmt":"2018-10-03T11:10:57","guid":{"rendered":"http:\/\/agora.xtec.cat\/insjosepvallverdu\/?page_id=13835"},"modified":"2020-11-16T10:13:58","modified_gmt":"2020-11-16T09:13:58","slug":"llengues-estrangeres","status":"publish","type":"page","link":"https:\/\/agora.xtec.cat\/insjosepvallverdu\/departaments-didactics\/llengues-estrangeres\/","title":{"rendered":"\u00c0mbit de Lleng\u00fces Estrangeres"},"content":{"rendered":"\r\n\t<div class=\"slideshow_container slideshow_container_style-light\" style=\" \" data-slideshow-id=\"14472\" data-style-name=\"style-light\" data-style-version=\"2.3.1\" >\r\n\r\n\t\t\t\t\t<div class=\"slideshow_loading_icon\"><\/div>\r\n\t\t\r\n\t\t<div class=\"slideshow_content\" style=\"display: none;\">\r\n\r\n\t\t\t<div class=\"slideshow_view\">\r\n\t\t\t\t<div class=\"slideshow_slide slideshow_slide_image\">\r\n\t\t\t\t\t\t\t\t\t\t\t<img src=\"https:\/\/agora.xtec.cat\/insjosepvallverdu\/wp-content\/uploads\/usu1806\/2019\/01\/1ESOclass.jpg\" alt=\"1ESOclass\" width=\"1209\" height=\"431\" \/>\r\n\t\t\t\t\t\t\t\t\t\t<div class=\"slideshow_description_box slideshow_transparent\">\r\n\t\t\t\t\t\t<div class=\"slideshow_title\">1ESOclass<\/div>\t\t\t\t\t\t\t\t\t\t\t<\/div>\r\n\t\t\t\t<\/div>\r\n\r\n\t\t\t\t\t\t<div style=\"clear: both;\"><\/div><\/div><div class=\"slideshow_view\">\r\n\t\t\t\t<div class=\"slideshow_slide slideshow_slide_image\">\r\n\t\t\t\t\t\t\t\t\t\t\t<img src=\"https:\/\/agora.xtec.cat\/insjosepvallverdu\/wp-content\/uploads\/usu1806\/2019\/01\/04-PremimSchool.jpg\" alt=\"04-PremimSchool\" width=\"1209\" height=\"431\" \/>\r\n\t\t\t\t\t\t\t\t\t\t<div class=\"slideshow_description_box slideshow_transparent\">\r\n\t\t\t\t\t\t<div class=\"slideshow_title\">04-PremimSchool<\/div>\t\t\t\t\t\t\t\t\t\t\t<\/div>\r\n\t\t\t\t<\/div>\r\n\r\n\t\t\t\t\t\t<div style=\"clear: both;\"><\/div><\/div><div class=\"slideshow_view\">\r\n\t\t\t\t<div class=\"slideshow_slide slideshow_slide_image\">\r\n\t\t\t\t\t\t\t\t\t\t\t<img src=\"https:\/\/agora.xtec.cat\/insjosepvallverdu\/wp-content\/uploads\/usu1806\/2019\/01\/Buckingham-Palace.jpg\" alt=\"Buckingham Palace\" width=\"1209\" height=\"431\" \/>\r\n\t\t\t\t\t\t\t\t\t\t<div class=\"slideshow_description_box slideshow_transparent\">\r\n\t\t\t\t\t\t<div class=\"slideshow_title\">Buckingham Palace<\/div>\t\t\t\t\t\t\t\t\t\t\t<\/div>\r\n\t\t\t\t<\/div>\r\n\r\n\t\t\t\t\t\t<div style=\"clear: both;\"><\/div><\/div><div class=\"slideshow_view\">\r\n\t\t\t\t<div class=\"slideshow_slide slideshow_slide_image\">\r\n\t\t\t\t\t\t\t\t\t\t\t<img src=\"https:\/\/agora.xtec.cat\/insjosepvallverdu\/wp-content\/uploads\/usu1806\/2019\/01\/Capitol.jpg\" alt=\"Capitol\" width=\"1209\" height=\"431\" \/>\r\n\t\t\t\t\t\t\t\t\t\t<div class=\"slideshow_description_box slideshow_transparent\">\r\n\t\t\t\t\t\t<div class=\"slideshow_title\">Capitol<\/div>\t\t\t\t\t\t\t\t\t\t\t<\/div>\r\n\t\t\t\t<\/div>\r\n\r\n\t\t\t\t\t\t<div style=\"clear: both;\"><\/div><\/div><div class=\"slideshow_view\">\r\n\t\t\t\t<div class=\"slideshow_slide slideshow_slide_image\">\r\n\t\t\t\t\t\t\t\t\t\t\t<img src=\"https:\/\/agora.xtec.cat\/insjosepvallverdu\/wp-content\/uploads\/usu1806\/2019\/01\/Christmasclass.jpg\" alt=\"Christmasclass\" width=\"1209\" height=\"431\" \/>\r\n\t\t\t\t\t\t\t\t\t\t<div class=\"slideshow_description_box slideshow_transparent\">\r\n\t\t\t\t\t\t<div class=\"slideshow_title\">Christmasclass<\/div>\t\t\t\t\t\t\t\t\t\t\t<\/div>\r\n\t\t\t\t<\/div>\r\n\r\n\t\t\t\t\t\t<div style=\"clear: both;\"><\/div><\/div><div class=\"slideshow_view\">\r\n\t\t\t\t<div class=\"slideshow_slide slideshow_slide_image\">\r\n\t\t\t\t\t\t\t\t\t\t\t<img src=\"https:\/\/agora.xtec.cat\/insjosepvallverdu\/wp-content\/uploads\/usu1806\/2019\/01\/CliffsOfMoherIreland.jpg\" alt=\"CliffsOfMoherIreland\" width=\"1209\" height=\"431\" \/>\r\n\t\t\t\t\t\t\t\t\t\t<div class=\"slideshow_description_box slideshow_transparent\">\r\n\t\t\t\t\t\t<div class=\"slideshow_title\">CliffsOfMoherIreland<\/div>\t\t\t\t\t\t\t\t\t\t\t<\/div>\r\n\t\t\t\t<\/div>\r\n\r\n\t\t\t\t\t\t<div style=\"clear: both;\"><\/div><\/div><div class=\"slideshow_view\">\r\n\t\t\t\t<div class=\"slideshow_slide slideshow_slide_image\">\r\n\t\t\t\t\t\t\t\t\t\t\t<img src=\"https:\/\/agora.xtec.cat\/insjosepvallverdu\/wp-content\/uploads\/usu1806\/2019\/01\/ConeyIsland.jpg\" alt=\"ConeyIsland\" width=\"1209\" height=\"431\" \/>\r\n\t\t\t\t\t\t\t\t\t\t<div class=\"slideshow_description_box slideshow_transparent\">\r\n\t\t\t\t\t\t<div class=\"slideshow_title\">ConeyIsland<\/div>\t\t\t\t\t\t\t\t\t\t\t<\/div>\r\n\t\t\t\t<\/div>\r\n\r\n\t\t\t\t\t\t<div style=\"clear: both;\"><\/div><\/div><div class=\"slideshow_view\">\r\n\t\t\t\t<div class=\"slideshow_slide slideshow_slide_image\">\r\n\t\t\t\t\t\t\t\t\t\t\t<img src=\"https:\/\/agora.xtec.cat\/insjosepvallverdu\/wp-content\/uploads\/usu1806\/2019\/01\/EiffelTowerParis.jpg\" alt=\"EiffelTowerParis\" width=\"1209\" height=\"431\" \/>\r\n\t\t\t\t\t\t\t\t\t\t<div class=\"slideshow_description_box slideshow_transparent\">\r\n\t\t\t\t\t\t<div class=\"slideshow_title\">EiffelTowerParis<\/div>\t\t\t\t\t\t\t\t\t\t\t<\/div>\r\n\t\t\t\t<\/div>\r\n\r\n\t\t\t\t\t\t<div style=\"clear: both;\"><\/div><\/div><div class=\"slideshow_view\">\r\n\t\t\t\t<div class=\"slideshow_slide slideshow_slide_image\">\r\n\t\t\t\t\t\t\t\t\t\t\t<img src=\"https:\/\/agora.xtec.cat\/insjosepvallverdu\/wp-content\/uploads\/usu1806\/2019\/01\/FlintHillClass.jpg\" alt=\"FlintHillClass\" width=\"1209\" height=\"431\" \/>\r\n\t\t\t\t\t\t\t\t\t\t<div class=\"slideshow_description_box slideshow_transparent\">\r\n\t\t\t\t\t\t<div class=\"slideshow_title\">FlintHillClass<\/div>\t\t\t\t\t\t\t\t\t\t\t<\/div>\r\n\t\t\t\t<\/div>\r\n\r\n\t\t\t\t\t\t<div style=\"clear: both;\"><\/div><\/div><div class=\"slideshow_view\">\r\n\t\t\t\t<div class=\"slideshow_slide slideshow_slide_image\">\r\n\t\t\t\t\t\t\t\t\t\t\t<img src=\"https:\/\/agora.xtec.cat\/insjosepvallverdu\/wp-content\/uploads\/usu1806\/2019\/01\/FourthBridge-Scotland.jpg\" alt=\"FourthBridge Scotland\" width=\"1209\" height=\"431\" \/>\r\n\t\t\t\t\t\t\t\t\t\t<div class=\"slideshow_description_box slideshow_transparent\">\r\n\t\t\t\t\t\t<div class=\"slideshow_title\">FourthBridge Scotland<\/div>\t\t\t\t\t\t\t\t\t\t\t<\/div>\r\n\t\t\t\t<\/div>\r\n\r\n\t\t\t\t\t\t<div style=\"clear: both;\"><\/div><\/div><div class=\"slideshow_view\">\r\n\t\t\t\t<div class=\"slideshow_slide slideshow_slide_image\">\r\n\t\t\t\t\t\t\t\t\t\t\t<img src=\"https:\/\/agora.xtec.cat\/insjosepvallverdu\/wp-content\/uploads\/usu1806\/2019\/01\/Giant_sCausewayNorthernIreland.jpg\" alt=\"Giant_sCausewayNorthernIreland\" width=\"1209\" height=\"431\" \/>\r\n\t\t\t\t\t\t\t\t\t\t<div class=\"slideshow_description_box slideshow_transparent\">\r\n\t\t\t\t\t\t<div class=\"slideshow_title\">Giant_sCausewayNorthernIreland<\/div>\t\t\t\t\t\t\t\t\t\t\t<\/div>\r\n\t\t\t\t<\/div>\r\n\r\n\t\t\t\t\t\t<div style=\"clear: both;\"><\/div><\/div><div class=\"slideshow_view\">\r\n\t\t\t\t<div class=\"slideshow_slide slideshow_slide_image\">\r\n\t\t\t\t\t\t\t\t\t\t\t<img src=\"https:\/\/agora.xtec.cat\/insjosepvallverdu\/wp-content\/uploads\/usu1806\/2019\/01\/Halloweenclass.jpg\" alt=\"Halloweenclass\" width=\"1209\" height=\"431\" \/>\r\n\t\t\t\t\t\t\t\t\t\t<div class=\"slideshow_description_box slideshow_transparent\">\r\n\t\t\t\t\t\t<div class=\"slideshow_title\">Halloweenclass<\/div>\t\t\t\t\t\t\t\t\t\t\t<\/div>\r\n\t\t\t\t<\/div>\r\n\r\n\t\t\t\t\t\t<div style=\"clear: both;\"><\/div><\/div><div class=\"slideshow_view\">\r\n\t\t\t\t<div class=\"slideshow_slide slideshow_slide_image\">\r\n\t\t\t\t\t\t\t\t\t\t\t<img src=\"https:\/\/agora.xtec.cat\/insjosepvallverdu\/wp-content\/uploads\/usu1806\/2019\/01\/Loch-Ness.jpg\" alt=\"Loch Ness\" width=\"1209\" height=\"431\" \/>\r\n\t\t\t\t\t\t\t\t\t\t<div class=\"slideshow_description_box slideshow_transparent\">\r\n\t\t\t\t\t\t<div class=\"slideshow_title\">Loch Ness<\/div>\t\t\t\t\t\t\t\t\t\t\t<\/div>\r\n\t\t\t\t<\/div>\r\n\r\n\t\t\t\t\t\t<div style=\"clear: both;\"><\/div><\/div><div class=\"slideshow_view\">\r\n\t\t\t\t<div class=\"slideshow_slide slideshow_slide_image\">\r\n\t\t\t\t\t\t\t\t\t\t\t<img src=\"https:\/\/agora.xtec.cat\/insjosepvallverdu\/wp-content\/uploads\/usu1806\/2019\/01\/LondonEye.jpg\" alt=\"LondonEye\" width=\"1209\" height=\"431\" \/>\r\n\t\t\t\t\t\t\t\t\t\t<div class=\"slideshow_description_box slideshow_transparent\">\r\n\t\t\t\t\t\t<div class=\"slideshow_title\">LondonEye<\/div>\t\t\t\t\t\t\t\t\t\t\t<\/div>\r\n\t\t\t\t<\/div>\r\n\r\n\t\t\t\t\t\t<div style=\"clear: both;\"><\/div><\/div><div class=\"slideshow_view\">\r\n\t\t\t\t<div class=\"slideshow_slide slideshow_slide_image\">\r\n\t\t\t\t\t\t\t\t\t\t\t<img src=\"https:\/\/agora.xtec.cat\/insjosepvallverdu\/wp-content\/uploads\/usu1806\/2019\/01\/NYbyNight.jpg\" alt=\"NYbyNight\" width=\"1209\" height=\"431\" \/>\r\n\t\t\t\t\t\t\t\t\t\t<div class=\"slideshow_description_box slideshow_transparent\">\r\n\t\t\t\t\t\t<div class=\"slideshow_title\">NYbyNight<\/div>\t\t\t\t\t\t\t\t\t\t\t<\/div>\r\n\t\t\t\t<\/div>\r\n\r\n\t\t\t\t\t\t<div style=\"clear: both;\"><\/div><\/div><div class=\"slideshow_view\">\r\n\t\t\t\t<div class=\"slideshow_slide slideshow_slide_image\">\r\n\t\t\t\t\t\t\t\t\t\t\t<img src=\"https:\/\/agora.xtec.cat\/insjosepvallverdu\/wp-content\/uploads\/usu1806\/2019\/01\/Oxford.jpg\" alt=\"Oxford\" width=\"1209\" height=\"431\" \/>\r\n\t\t\t\t\t\t\t\t\t\t<div class=\"slideshow_description_box slideshow_transparent\">\r\n\t\t\t\t\t\t<div class=\"slideshow_title\">Oxford<\/div>\t\t\t\t\t\t\t\t\t\t\t<\/div>\r\n\t\t\t\t<\/div>\r\n\r\n\t\t\t\t\t\t<div style=\"clear: both;\"><\/div><\/div><div class=\"slideshow_view\">\r\n\t\t\t\t<div class=\"slideshow_slide slideshow_slide_image\">\r\n\t\t\t\t\t\t\t\t\t\t\t<img src=\"https:\/\/agora.xtec.cat\/insjosepvallverdu\/wp-content\/uploads\/usu1806\/2019\/01\/StatueofLibertyNY.jpg\" alt=\"StatueofLibertyNY\" width=\"1209\" height=\"431\" \/>\r\n\t\t\t\t\t\t\t\t\t\t<div class=\"slideshow_description_box slideshow_transparent\">\r\n\t\t\t\t\t\t<div class=\"slideshow_title\">StatueofLibertyNY<\/div>\t\t\t\t\t\t\t\t\t\t\t<\/div>\r\n\t\t\t\t<\/div>\r\n\r\n\t\t\t\t\t\t<div style=\"clear: both;\"><\/div><\/div><div class=\"slideshow_view\">\r\n\t\t\t\t<div class=\"slideshow_slide slideshow_slide_image\">\r\n\t\t\t\t\t\t\t\t\t\t\t<img src=\"https:\/\/agora.xtec.cat\/insjosepvallverdu\/wp-content\/uploads\/usu1806\/2019\/01\/Stonehenge.jpg\" alt=\"Stonehenge\" width=\"1209\" height=\"431\" \/>\r\n\t\t\t\t\t\t\t\t\t\t<div class=\"slideshow_description_box slideshow_transparent\">\r\n\t\t\t\t\t\t<div class=\"slideshow_title\">Stonehenge<\/div>\t\t\t\t\t\t\t\t\t\t\t<\/div>\r\n\t\t\t\t<\/div>\r\n\r\n\t\t\t\t\t\t<div style=\"clear: both;\"><\/div><\/div><div class=\"slideshow_view\">\r\n\t\t\t\t<div class=\"slideshow_slide slideshow_slide_image\">\r\n\t\t\t\t\t\t\t\t\t\t\t<img src=\"https:\/\/agora.xtec.cat\/insjosepvallverdu\/wp-content\/uploads\/usu1806\/2019\/01\/TimesSquareNY.jpg\" alt=\"TimesSquareNY\" width=\"1209\" height=\"431\" \/>\r\n\t\t\t\t\t\t\t\t\t\t<div class=\"slideshow_description_box slideshow_transparent\">\r\n\t\t\t\t\t\t<div class=\"slideshow_title\">TimesSquareNY<\/div>\t\t\t\t\t\t\t\t\t\t\t<\/div>\r\n\t\t\t\t<\/div>\r\n\r\n\t\t\t\t\t\t<div style=\"clear: both;\"><\/div><\/div><div class=\"slideshow_view\">\r\n\t\t\t\t<div class=\"slideshow_slide slideshow_slide_image\">\r\n\t\t\t\t\t\t\t\t\t\t\t<img src=\"https:\/\/agora.xtec.cat\/insjosepvallverdu\/wp-content\/uploads\/usu1806\/2019\/01\/TowerBridgeLondon.jpg\" alt=\"TowerBridgeLondon\" width=\"1209\" height=\"431\" \/>\r\n\t\t\t\t\t\t\t\t\t\t<div class=\"slideshow_description_box slideshow_transparent\">\r\n\t\t\t\t\t\t<div class=\"slideshow_title\">TowerBridgeLondon<\/div>\t\t\t\t\t\t\t\t\t\t\t<\/div>\r\n\t\t\t\t<\/div>\r\n\r\n\t\t\t\t\t\t<div style=\"clear: both;\"><\/div><\/div>\r\n\t\t<\/div>\r\n\r\n\t\t<div class=\"slideshow_controlPanel slideshow_transparent\" style=\"display: none;\"><ul><li class=\"slideshow_togglePlay\" data-play-text=\"Visualitza\" data-pause-text=\"Pausa\"><\/li><\/ul><\/div>\r\n\r\n\t\t<div class=\"slideshow_button slideshow_previous slideshow_transparent\" role=\"button\" data-previous-text=\"Anterior\" style=\"display: none;\"><\/div>\r\n\t\t<div class=\"slideshow_button slideshow_next slideshow_transparent\" role=\"button\" data-next-text=\"Seg\u00fcent\" style=\"display: none;\"><\/div>\r\n\r\n\t\t<div class=\"slideshow_pagination\" style=\"display: none;\" data-go-to-text=\"V\u00e9s a la diapositiva\"><div class=\"slideshow_pagination_center\"><\/div><\/div>\r\n\r\n\t\t<!-- WordPress Slideshow Version 2.3.1 -->\r\n\r\n\t\t\t<\/div>\r\n\r\n\n<p><span style=\"font-weight: 400;\">Les exig\u00e8ncies i necessitats a la societat del segle XXI han propiciat ajustaments en l\u2019\u00e0mbit escolar, preparant els alumnes per viure en un m\u00f3n progressivament m\u00e9s internacional, multicultural i multiling\u00fce alhora que tecnol\u00f2gicament m\u00e9s avan\u00e7at. Des de la nostra \u00e0rea hem de contribuir al desenvolupament de les seves habilitats i de totes les compet\u00e8ncies, sobretot la compet\u00e8ncia comunicativa ling\u00fc\u00edstica i audiovisual. <\/span><\/p>\n<p><span style=\"font-weight: 400;\">Oferim a l\u2019alumnat una gran diversitat d\u2019activitats que promouen la comunicaci\u00f3 real dins i fora de l\u2019aula, amb un desenvolupament sistem\u00e0tic de les destreses escrites i orals. <\/span><\/p>\n<h3><span style=\"font-weight: 400;\">Mat\u00e8ries que s\u2019imparteixen des del Departament:<\/span><\/h3>\n<ul>\n<li style=\"font-weight: 400;\"><strong>Angl\u00e8s<\/strong><\/li>\n<li style=\"font-weight: 400;\"><strong>Franc\u00e8s<\/strong><\/li>\n<\/ul>\n<h3><span style=\"font-weight: 400;\">Cap de Departament:<\/span><\/h3>\n<p><span style=\"font-weight: 400;\">Teresa Capdevila<\/span><\/p>\n<h3><span style=\"font-weight: 400;\">Professorat del curs 2020-21:<\/span><\/h3>\n<p>Montse Coma<br \/>\nAnnabel Felip<br \/>\nMaite Granell<br \/>\nNoemi Jumbert<br \/>\nMaria Maj\u00f3s<br \/>\nAnna Pou<br \/>\nN\u00faria Sabat\u00e9<br \/>\nMaria Zapater<\/p>\n<p><span style=\"font-weight: 400;\"> \u00a0\u00a0\u00a0\u00a0\u00a0\u00a0\u00a0\u00a0\u00a0\u00a0\u00a0\u00a0\u00a0\u00a0\u00a0\u00a0\u00a0\u00a0\u00a0<\/span><\/p>\n<h3><span style=\"font-weight: 400;\">Criteris d&#8217;avaluaci\u00f3 i qualificaci\u00f3<\/span><\/h3>\n<p><span style=\"font-weight: 400;\">\u00c0MBIT LING\u00dc\u00cdSTIC:<\/span><\/p>\n<ul>\n<li style=\"font-weight: 400;\"><a href=\"https:\/\/docs.google.com\/document\/d\/1IIZgIBL8BcjfL24VXwPMknSFHCr7xhh25lY47Ahg4MI\/edit?usp=sharing\"><span style=\"font-weight: 400;\">LLENG\u00dcES ESTRANGERES:\u00a0 ANGLESA \/ FRANCESA<\/span><\/a><\/li>\n<\/ul>\n<h3><span style=\"font-weight: 400;\">Activitats del departament de lleng\u00fces estrangeres<\/span><\/h3>\n<p><a href=\"https:\/\/agora.xtec.cat\/insjosepvallverdu\/activitats-del-departament-de-llengues-estrangeres\/\">\u00a0 \u00a0 \u00a0 \u00a0 \u00a0 Activitats<\/a><\/p>\n<p><a href=\"https:\/\/photos.app.goo.gl\/4usL9cQnXLYMA3Fg8\"><span style=\"font-weight: 400;\">\u00a0 \u00a0 \u00a0 \u00a0 <\/span><\/a><span style=\"font-weight: 400;\">\u00a0 <a href=\"https:\/\/photos.app.goo.gl\/3ZMrZ5ATdDq6wDbP8\">Les activitats en imatges<\/a><\/span><\/p>\n<p>&nbsp;<\/p>\n<h3><span style=\"font-weight: 400;\">Blogs i enlla\u00e7os del departament de Lleng\u00fces estrangeres<\/span><\/h3>\n<ul>\n<li><b>Optatives d\u2019angl\u00e8s 2n d\u2019ESO<\/b><\/li>\n<\/ul>\n<p>&nbsp;<\/p>\n<ul>\n<li><b>Optatives d\u2019angl\u00e8s 3r d\u2019ESO<\/b><\/li>\n<\/ul>\n<p><a href=\"http:\/\/oralenglishpracticee.blogspot.com.es\/\"><span style=\"font-weight: 400;\">\u00a0 \u00a0 \u00a0 \u00a0 \u00a0 Travelling abroad \u2013 Oral English Practice<\/span><\/a><\/p>\n<p><a href=\"https:\/\/flipgrid.com\/843c6f3a\"><span style=\"font-weight: 400;\">\u00a0 \u00a0 \u00a0 \u00a0 \u00a0 Flipgrid: Travelling Abroad 2018-2019<\/span><\/a><\/p>\n<ul>\n<li><b>Optatives d\u2019angl\u00e8s 4t d\u2019ESO<\/b><\/li>\n<\/ul>\n<p><a href=\"http:\/\/intercambiovirtualijvfhs.blogspot.com.es\/?zx=cc89a237adf3bdef\"><span style=\"font-weight: 400;\">\u00a0 \u00a0 \u00a0 \u00a0 \u00a0 Pen Pals 4th ESO Virtual Exchange IJV \u2013 FHS<\/span><\/a><\/p>\n<p><a href=\"https:\/\/flipgrid.com\/h3p7q61\"><span style=\"font-weight: 400;\">\u00a0 \u00a0 \u00a0 \u00a0 \u00a0 Flipgrid: Intercambio 2018-2019<\/span><\/a><\/p>\n<ul>\n<li><b>Mat\u00e8ria d\u2019angl\u00e8s 2n de Batxillerat<\/b><\/li>\n<\/ul>\n<p><a href=\"http:\/\/ourstudentsbestessays.blogspot.com.es\/\"><span style=\"font-weight: 400;\">\u00a0 \u00a0 \u00a0 \u00a0 \u00a0 Improving our Writing Skills \u2013 Some of our Student\u2019s best essays<\/span><\/a><\/p>\n<ul>\n<li><b>Blocs de viatges a l\u2019estranger d\u2019angl\u00e8s<\/b><\/li>\n<\/ul>\n<p><a href=\"http:\/\/schoolexchangetrip.blogspot.com.es\/\"><span style=\"font-weight: 400;\">\u00a0 \u00a0 \u00a0 \u00a0 \u00a0 School Exchange Trips: New York \u2013 Washington DC<\/span><\/a><\/p>\n<ul>\n<li><b>Blocs auxiliars de conversa en llengua anglesa<\/b><\/li>\n<\/ul>\n<p><a href=\"http:\/\/claremccurdy.blogspot.com.es\/\"><span style=\"font-weight: 400;\">\u00a0 \u00a0 \u00a0 \u00a0 \u00a0 Clare\u2019s blog: our Irish language assistant<\/span><\/a><\/p>\n<h3><\/h3>\n<h3><span style=\"font-weight: 400;\">Reconeixements i premis:<\/span><\/h3>\n<p><b>Curs 2017-18<\/b><span style=\"font-weight: 400;\">: <\/span><\/p>\n<ul>\n<li style=\"font-weight: 400;\"><b>XI<\/b> <b>Concurs Fonix: <\/b><span style=\"font-weight: 400;\">els finalistes de 1r Cicle d\u2019ESO s\u00f3n <\/span><i><span style=\"font-weight: 400;\">Alba Mateu, Vinyet Solans<\/span><\/i><span style=\"font-weight: 400;\"> i <\/span><i><span style=\"font-weight: 400;\">Bruna Vidal<\/span><\/i><span style=\"font-weight: 400;\">, de 2n Cicle de l\u2019ESO <\/span><i><span style=\"font-weight: 400;\">Ana\u00efs Mart\u00ednez i Arnau Roura<\/span><\/i><span style=\"font-weight: 400;\">, i de 2n de Batxillerat els alumnes <\/span><i><span style=\"font-weight: 400;\">Jassmine Assiad, Jassine Bouzidi <\/span><\/i><span style=\"font-weight: 400;\">i<\/span><i><span style=\"font-weight: 400;\"> Bianca Castro<\/span><\/i><span style=\"font-weight: 400;\">.<\/span><\/li>\n<li style=\"font-weight: 400;\"><b>Concurs The Big Challenge: <\/b><span style=\"font-weight: 400;\">Els millors alumnes classificats s\u00f3n <\/span><i><span style=\"font-weight: 400;\">Carla Pifarr\u00e9 Miravall<\/span><\/i><span style=\"font-weight: 400;\"> de 1r d\u2019ESO, <\/span><i><span style=\"font-weight: 400;\">Cl\u00e0udia Caselles Bodet<\/span><\/i><span style=\"font-weight: 400;\"> de 2n d\u2019ESO, <\/span><i><span style=\"font-weight: 400;\">Ramon Segarra Riu<\/span><\/i><span style=\"font-weight: 400;\"> de 3r d\u2019ESO i <\/span><i><span style=\"font-weight: 400;\">Paula Gispert Pijuan <\/span><\/i><span style=\"font-weight: 400;\">de 4t d\u2019ESO.<\/span><\/li>\n<li style=\"font-weight: 400;\"><span style=\"font-weight: 400;\">Finalista al <\/span><i><span style=\"font-weight: 400;\">5\u00e8 edici\u00f3<\/span><\/i><span style=\"font-weight: 400;\"> dels <\/span><b>mSchools Student Awards <\/b><span style=\"font-weight: 400;\">a la categoria de <\/span><b>Mobile History Map<\/b><span style=\"font-weight: 400;\"> amb el Projecte <\/span><i><span style=\"font-weight: 400;\">\u201cApadrinem el nostre Patrimoni: compartim un passeig per les Garrigues\u201d<\/span><\/i><\/li>\n<li style=\"font-weight: 400;\"><b>Ex\u00e0mens de Franc\u00e8s DELF Scolaire<\/b><span style=\"font-weight: 400;\">. 100% aprovats<\/span><\/li>\n<\/ul>\n<p>&nbsp;<\/p>\n","protected":false},"excerpt":{"rendered":"<p>\t\t\t\t\t\t1ESOclass\t\t\t\t\t\t\t\t\t\t\t<\/p>\n<p>\t\t\t\t\t\t04-PremimSchool\t\t\t\t\t\t\t\t\t\t\t<\/p>\n<p>\t\t\t\t\t\tBuckingham Palace\t\t\t\t\t\t\t\t\t\t\t<\/p>\n<p>\t\t\t\t\t\tCapitol\t\t\t\t\t\t\t\t\t\t\t<\/p>\n<p>\t\t\t\t\t\tChristmasclass\t\t\t\t\t\t\t\t\t\t\t<\/p>\n<p>\t\t\t\t\t\tCliffsOfMoherIreland\t\t\t\t\t\t\t\t\t\t\t<\/p>\n<p>\t\t\t\t\t\tConeyIsland\t\t\t\t\t\t\t\t\t\t\t<\/p>\n<p>\t\t\t\t\t\tEiffelTowerParis\t\t\t\t\t\t\t\t\t\t\t<\/p>\n<p>\t\t\t\t\t\tFlintHillClass\t\t\t\t\t\t\t\t\t\t\t<\/p>\n<p>\t\t\t\t\t\tFourthBridge Scotland\t\t\t\t\t\t\t\t\t\t\t<\/p>\n<p>\t\t\t\t\t\tGiant_sCausewayNorthernIreland\t\t\t\t\t\t\t\t\t\t\t<\/p>\n<p>\t\t\t\t\t\tHalloweenclass\t\t\t\t\t\t\t\t\t\t\t<\/p>\n<p>\t\t\t\t\t\tLoch Ness\t\t\t\t\t\t\t\t\t\t\t<\/p>\n<p>\t\t\t\t\t\tLondonEye\t\t\t\t\t\t\t\t\t\t\t<\/p>\n<p>\t\t\t\t\t\tNYbyNight\t\t\t\t\t\t\t\t\t\t\t<\/p>\n<p>\t\t\t\t\t\tOxford\t\t\t\t\t\t\t\t\t\t\t<\/p>\n<p>\t\t\t\t\t\tStatueofLibertyNY\t\t\t\t\t\t\t\t\t\t\t<\/p>\n<p>\t\t\t\t\t\tStonehenge\t\t\t\t\t\t\t\t\t\t\t<\/p>\n<p>\t\t\t\t\t\tTimesSquareNY\t\t\t\t\t\t\t\t\t\t\t<\/p>\n<p>\t\t\t\t\t\tTowerBridgeLondon\t\t\t\t\t\t\t\t\t\t\t<\/p>\n<ul>\n<li class=\"slideshow_togglePlay\" data-play-text=\"Visualitza\" data-pause-text=\"Pausa\"><\/li>\n<\/ul>\n<p>Les exig\u00e8ncies i necessitats a la societat del segle XXI han propiciat ajustaments en l\u2019\u00e0mbit escolar, preparant els alumnes per viure en un m\u00f3n progressivament m\u00e9s internacional, multicultural i multiling\u00fce alhora que tecnol\u00f2gicament m\u00e9s avan\u00e7at. Des de la nostra&hellip;  <a href=\"https:\/\/agora.xtec.cat\/insjosepvallverdu\/departaments-didactics\/llengues-estrangeres\/\" title=\"Read \u00c0mbit de Lleng\u00fces Estrangeres\">Llegeix m\u00e9s\u00bb<\/a><\/p>\n","protected":false},"author":1,"featured_media":0,"parent":13833,"menu_order":0,"comment_status":"closed","ping_status":"closed","template":"","meta":{"_bbp_topic_count":0,"_bbp_reply_count":0,"_bbp_total_topic_count":0,"_bbp_total_reply_count":0,"_bbp_voice_count":0,"_bbp_anonymous_reply_count":0,"_bbp_topic_count_hidden":0,"_bbp_reply_count_hidden":0,"_bbp_forum_subforum_count":0,"footnotes":""},"class_list":["post-13835","page","type-page","status-publish","hentry"],"post_mailing_queue_ids":[],"_links":{"self":[{"href":"https:\/\/agora.xtec.cat\/insjosepvallverdu\/wp-json\/wp\/v2\/pages\/13835","targetHints":{"allow":["GET"]}}],"collection":[{"href":"https:\/\/agora.xtec.cat\/insjosepvallverdu\/wp-json\/wp\/v2\/pages"}],"about":[{"href":"https:\/\/agora.xtec.cat\/insjosepvallverdu\/wp-json\/wp\/v2\/types\/page"}],"author":[{"embeddable":true,"href":"https:\/\/agora.xtec.cat\/insjosepvallverdu\/wp-json\/wp\/v2\/users\/1"}],"replies":[{"embeddable":true,"href":"https:\/\/agora.xtec.cat\/insjosepvallverdu\/wp-json\/wp\/v2\/comments?post=13835"}],"version-history":[{"count":4,"href":"https:\/\/agora.xtec.cat\/insjosepvallverdu\/wp-json\/wp\/v2\/pages\/13835\/revisions"}],"predecessor-version":[{"id":15834,"href":"https:\/\/agora.xtec.cat\/insjosepvallverdu\/wp-json\/wp\/v2\/pages\/13835\/revisions\/15834"}],"up":[{"embeddable":true,"href":"https:\/\/agora.xtec.cat\/insjosepvallverdu\/wp-json\/wp\/v2\/pages\/13833"}],"wp:attachment":[{"href":"https:\/\/agora.xtec.cat\/insjosepvallverdu\/wp-json\/wp\/v2\/media?parent=13835"}],"curies":[{"name":"wp","href":"https:\/\/api.w.org\/{rel}","templated":true}]}}