{"id":681,"date":"2025-04-01T12:52:21","date_gmt":"2025-04-01T10:52:21","guid":{"rendered":"https:\/\/agora.xtec.cat\/insjosefinacastellvi\/?page_id=681"},"modified":"2025-10-09T23:47:57","modified_gmt":"2025-10-09T21:47:57","slug":"beques-i-ajuts","status":"publish","type":"page","link":"https:\/\/agora.xtec.cat\/insjosefinacastellvi\/secretaria\/beques-i-ajuts\/","title":{"rendered":"Beques i ajuts"},"content":{"rendered":"\n<p>Us informem que ja teniu oberta la convocat\u00f2ria de beques de car\u00e0cter general per al curs acad\u00e8mic 2025-2026, per a estudiants que cursin estudis postobligatoris. <\/p>\n\n\n\n<ul class=\"wp-block-list\">\n<li><a href=\"http:\/\/ensenyament.gencat.cat\/ca\/serveis-tramits\/beques\/\">Beques i ajuts del Departament d\u2019Ensenyament<\/a>:&nbsp;<\/li>\n<\/ul>\n\n\n\n<p>Ajuts per a :&nbsp;<\/p>\n\n\n\n<ul class=\"wp-block-list\">\n<li>Alumnat amb necessitat espec\u00edfica de suport educatiu.<\/li>\n\n\n\n<li>Beques de car\u00e0cter general per a ensenyaments postobligatoris no universit\u00e0ris (Batxillerat i Cicles Formatius).<\/li>\n\n\n\n<li>Beques de col\u00b7laboraci\u00f3 al Consell Catal\u00e0 de Formaci\u00f3 Professional&nbsp;<\/li>\n<\/ul>\n\n\n\n<p>Consulta de:<\/p>\n\n\n\n<p>L&#8217;estat de la beca i\/o de l&#8217;ajut. Les dades de la teva unitat de tr\u00e0mit<\/p>\n\n\n\n<ul class=\"wp-block-list\">\n<li><a href=\"http:\/\/www.educacionyfp.gob.es\/servicios-al-ciudadano\/catalogo\/estudiantes\/becas-ayudas\/para-estudiar.html\">Beques, ajudes i subvencions per a estudiar- MEC<\/a><\/li>\n\n\n\n<li><a href=\"https:\/\/www.becaseducacion.gob.es\/becas-y-ayudas\/ayudas-apoyo-educativo\/tipos-de-becas.html\">Beques del ministeri per alumnat amb Necessitats Educatives Especials (NEE)<\/a>.<\/li>\n<\/ul>\n","protected":false},"excerpt":{"rendered":"<p>Us informem que ja teniu oberta la convocat\u00f2ria de beques de car\u00e0cter general per al curs acad\u00e8mic 2025-2026, per a estudiants que cursin estudis postobligatoris. Ajuts per a :&nbsp; Consulta de: L&#8217;estat de la beca i\/o de l&#8217;ajut. Les dades de la teva unitat de tr\u00e0mit<\/p>\n","protected":false},"author":1,"featured_media":0,"parent":81,"menu_order":0,"comment_status":"closed","ping_status":"closed","template":"","meta":{"site-sidebar-layout":"default","site-content-layout":"","ast-site-content-layout":"","site-content-style":"default","site-sidebar-style":"default","ast-global-header-display":"","ast-banner-title-visibility":"","ast-main-header-display":"","ast-hfb-above-header-display":"","ast-hfb-below-header-display":"","ast-hfb-mobile-header-display":"","site-post-title":"","ast-breadcrumbs-content":"","ast-featured-img":"","footer-sml-layout":"","theme-transparent-header-meta":"","adv-header-id-meta":"","stick-header-meta":"","header-above-stick-meta":"","header-main-stick-meta":"","header-below-stick-meta":"","astra-migrate-meta-layouts":"default","ast-page-background-enabled":"default","ast-page-background-meta":{"desktop":{"background-color":"var(--ast-global-color-4)","background-image":"","background-repeat":"repeat","background-position":"center center","background-size":"auto","background-attachment":"scroll","background-type":"","background-media":"","overlay-type":"","overlay-color":"","overlay-opacity":"","overlay-gradient":""},"tablet":{"background-color":"","background-image":"","background-repeat":"repeat","background-position":"center center","background-size":"auto","background-attachment":"scroll","background-type":"","background-media":"","overlay-type":"","overlay-color":"","overlay-opacity":"","overlay-gradient":""},"mobile":{"background-color":"","background-image":"","background-repeat":"repeat","background-position":"center center","background-size":"auto","background-attachment":"scroll","background-type":"","background-media":"","overlay-type":"","overlay-color":"","overlay-opacity":"","overlay-gradient":""}},"ast-content-background-meta":{"desktop":{"background-color":"var(--ast-global-color-5)","background-image":"","background-repeat":"repeat","background-position":"center center","background-size":"auto","background-attachment":"scroll","background-type":"","background-media":"","overlay-type":"","overlay-color":"","overlay-opacity":"","overlay-gradient":""},"tablet":{"background-color":"var(--ast-global-color-5)","background-image":"","background-repeat":"repeat","background-position":"center center","background-size":"auto","background-attachment":"scroll","background-type":"","background-media":"","overlay-type":"","overlay-color":"","overlay-opacity":"","overlay-gradient":""},"mobile":{"background-color":"var(--ast-global-color-5)","background-image":"","background-repeat":"repeat","background-position":"center center","background-size":"auto","background-attachment":"scroll","background-type":"","background-media":"","overlay-type":"","overlay-color":"","overlay-opacity":"","overlay-gradient":""}},"footnotes":""},"class_list":["post-681","page","type-page","status-publish","hentry"],"post_mailing_queue_ids":[],"_links":{"self":[{"href":"https:\/\/agora.xtec.cat\/insjosefinacastellvi\/wp-json\/wp\/v2\/pages\/681","targetHints":{"allow":["GET"]}}],"collection":[{"href":"https:\/\/agora.xtec.cat\/insjosefinacastellvi\/wp-json\/wp\/v2\/pages"}],"about":[{"href":"https:\/\/agora.xtec.cat\/insjosefinacastellvi\/wp-json\/wp\/v2\/types\/page"}],"author":[{"embeddable":true,"href":"https:\/\/agora.xtec.cat\/insjosefinacastellvi\/wp-json\/wp\/v2\/users\/1"}],"replies":[{"embeddable":true,"href":"https:\/\/agora.xtec.cat\/insjosefinacastellvi\/wp-json\/wp\/v2\/comments?post=681"}],"version-history":[{"count":2,"href":"https:\/\/agora.xtec.cat\/insjosefinacastellvi\/wp-json\/wp\/v2\/pages\/681\/revisions"}],"predecessor-version":[{"id":696,"href":"https:\/\/agora.xtec.cat\/insjosefinacastellvi\/wp-json\/wp\/v2\/pages\/681\/revisions\/696"}],"up":[{"embeddable":true,"href":"https:\/\/agora.xtec.cat\/insjosefinacastellvi\/wp-json\/wp\/v2\/pages\/81"}],"wp:attachment":[{"href":"https:\/\/agora.xtec.cat\/insjosefinacastellvi\/wp-json\/wp\/v2\/media?parent=681"}],"curies":[{"name":"wp","href":"https:\/\/api.w.org\/{rel}","templated":true}]}}

<p>Us informem que ja teniu oberta la convocatòria de beques de caràcter general per al curs acadèmic 2025-2026, per a estudiants que cursin estudis postobligatoris. </p>



<ul class="wp-block-list">
<li><a href="http://ensenyament.gencat.cat/ca/serveis-tramits/beques/">Beques i ajuts del Departament d’Ensenyament</a>:&nbsp;</li>
</ul>



<p>Ajuts per a :&nbsp;</p>



<ul class="wp-block-list">
<li>Alumnat amb necessitat específica de suport educatiu.</li>



<li>Beques de caràcter general per a ensenyaments postobligatoris no universitàris (Batxillerat i Cicles Formatius).</li>



<li>Beques de col·laboració al Consell Català de Formació Professional&nbsp;</li>
</ul>



<p>Consulta de:</p>



<p>L&#8217;estat de la beca i/o de l&#8217;ajut. Les dades de la teva unitat de tràmit</p>



<ul class="wp-block-list">
<li><a href="http://www.educacionyfp.gob.es/servicios-al-ciudadano/catalogo/estudiantes/becas-ayudas/para-estudiar.html">Beques, ajudes i subvencions per a estudiar- MEC</a></li>



<li><a href="https://www.becaseducacion.gob.es/becas-y-ayudas/ayudas-apoyo-educativo/tipos-de-becas.html">Beques del ministeri per alumnat amb Necessitats Educatives Especials (NEE)</a>.</li>
</ul>

<p>Us informem que ja teniu oberta la convocatòria de beques de caràcter general per al curs acadèmic 2025-2026, per a estudiants que cursin estudis postobligatoris. Ajuts per a :&nbsp; Consulta de: L&#8217;estat de la beca i/o de l&#8217;ajut. Les dades de la teva unitat de tràmit</p>
