{"id":55,"date":"2014-09-17T16:59:49","date_gmt":"2014-09-17T16:59:49","guid":{"rendered":"http:\/\/agora.xtec.cat\/insjosefinacastellvi\/?page_id=55"},"modified":"2025-09-22T20:14:40","modified_gmt":"2025-09-22T18:14:40","slug":"horaris","status":"publish","type":"page","link":"https:\/\/agora.xtec.cat\/insjosefinacastellvi\/linstitut\/horaris\/","title":{"rendered":"Horaris"},"content":{"rendered":"<h2><b>HORARI DEL CENTRE<\/b><\/h2>\n<p><span style=\"font-weight: 400;\">La jornada lectiva comen\u00e7a a les 8.30h i acaba a les 15:00h, seguint la seg\u00fcent distribuci\u00f3:<\/span><\/p>\n<p>\u00a0<\/p>\n<table style=\"height: 476px; width: 100%; border-color: #4334e3; background-color: #67aee0;\">\n<tbody>\n<tr style=\"height: 68px;\">\n<td style=\"height: 68px;\">\n<p><b>1r classe lectiva<\/b><\/p>\n<\/td>\n<td style=\"height: 68px;\">\n<p><span style=\"font-weight: 400;\">8:30-9:30h<\/span><\/p>\n<\/td>\n<\/tr>\n<tr style=\"height: 68px;\">\n<td style=\"height: 68px;\">\n<p><b>2n classe lectiva<\/b><\/p>\n<\/td>\n<td style=\"height: 68px;\">\n<p><span style=\"font-weight: 400;\">9:30-10:30h<\/span><\/p>\n<\/td>\n<\/tr>\n<tr style=\"height: 68px;\">\n<td style=\"height: 68px;\">\n<p><b>3r classe lectiva<\/b><\/p>\n<\/td>\n<td style=\"height: 68px;\">\n<p><span style=\"font-weight: 400;\">10:30-11:30h<\/span><\/p>\n<\/td>\n<\/tr>\n<tr style=\"height: 68px;\">\n<td style=\"height: 68px;\">\n<p><b> Pati<\/b><\/p>\n<\/td>\n<td style=\"height: 68px;\">\n<p><span style=\"font-weight: 400;\">11:30-12:00h<\/span><\/p>\n<\/td>\n<\/tr>\n<tr style=\"height: 68px;\">\n<td style=\"height: 68px;\">\n<p><b>4t classe lectiva<\/b><\/p>\n<\/td>\n<td style=\"height: 68px;\">\n<p><span style=\"font-weight: 400;\">12:00-13:00h<\/span><\/p>\n<\/td>\n<\/tr>\n<tr style=\"height: 68px;\">\n<td style=\"height: 68px;\">\n<p><b>5\u00e9 classe lectiva<\/b><\/p>\n<\/td>\n<td style=\"height: 68px;\">\n<p><span style=\"font-weight: 400;\">13:00-14:00h<\/span><\/p>\n<\/td>\n<\/tr>\n<tr style=\"height: 68px;\">\n<td style=\"height: 68px;\">\n<p><b>6\u00e9 classe lectiva<\/b><\/p>\n<\/td>\n<td style=\"height: 68px;\">\n<p><span style=\"font-weight: 400;\">14:00-15:00h<\/span><\/p>\n<\/td>\n<\/tr>\n<\/tbody>\n<\/table>\n\n\n<p><\/p>\n","protected":false},"excerpt":{"rendered":"<p>HORARI DEL CENTRE La jornada lectiva comen\u00e7a a les 8.30h i acaba a les 15:00h, seguint la seg\u00fcent distribuci\u00f3: \u00a0 1r classe lectiva 8:30-9:30h 2n classe lectiva 9:30-10:30h 3r classe lectiva 10:30-11:30h Pati 11:30-12:00h 4t classe lectiva 12:00-13:00h 5\u00e9 classe lectiva 13:00-14:00h 6\u00e9 classe lectiva 14:00-15:00h<\/p>\n","protected":false},"author":1,"featured_media":0,"parent":19,"menu_order":80,"comment_status":"closed","ping_status":"closed","template":"page-templates\/side-menu.php","meta":{"site-sidebar-layout":"default","site-content-layout":"","ast-site-content-layout":"","site-content-style":"default","site-sidebar-style":"default","ast-global-header-display":"","ast-banner-title-visibility":"","ast-main-header-display":"","ast-hfb-above-header-display":"","ast-hfb-below-header-display":"","ast-hfb-mobile-header-display":"","site-post-title":"","ast-breadcrumbs-content":"","ast-featured-img":"","footer-sml-layout":"","theme-transparent-header-meta":"","adv-header-id-meta":"","stick-header-meta":"","header-above-stick-meta":"","header-main-stick-meta":"","header-below-stick-meta":"","astra-migrate-meta-layouts":"default","ast-page-background-enabled":"default","ast-page-background-meta":{"desktop":{"background-color":"var(--ast-global-color-4)","background-image":"","background-repeat":"repeat","background-position":"center center","background-size":"auto","background-attachment":"scroll","background-type":"","background-media":"","overlay-type":"","overlay-color":"","overlay-opacity":"","overlay-gradient":""},"tablet":{"background-color":"","background-image":"","background-repeat":"repeat","background-position":"center center","background-size":"auto","background-attachment":"scroll","background-type":"","background-media":"","overlay-type":"","overlay-color":"","overlay-opacity":"","overlay-gradient":""},"mobile":{"background-color":"","background-image":"","background-repeat":"repeat","background-position":"center center","background-size":"auto","background-attachment":"scroll","background-type":"","background-media":"","overlay-type":"","overlay-color":"","overlay-opacity":"","overlay-gradient":""}},"ast-content-background-meta":{"desktop":{"background-color":"var(--ast-global-color-5)","background-image":"","background-repeat":"repeat","background-position":"center center","background-size":"auto","background-attachment":"scroll","background-type":"","background-media":"","overlay-type":"","overlay-color":"","overlay-opacity":"","overlay-gradient":""},"tablet":{"background-color":"var(--ast-global-color-5)","background-image":"","background-repeat":"repeat","background-position":"center center","background-size":"auto","background-attachment":"scroll","background-type":"","background-media":"","overlay-type":"","overlay-color":"","overlay-opacity":"","overlay-gradient":""},"mobile":{"background-color":"var(--ast-global-color-5)","background-image":"","background-repeat":"repeat","background-position":"center center","background-size":"auto","background-attachment":"scroll","background-type":"","background-media":"","overlay-type":"","overlay-color":"","overlay-opacity":"","overlay-gradient":""}},"footnotes":""},"class_list":["post-55","page","type-page","status-publish","hentry"],"post_mailing_queue_ids":[],"_links":{"self":[{"href":"https:\/\/agora.xtec.cat\/insjosefinacastellvi\/wp-json\/wp\/v2\/pages\/55","targetHints":{"allow":["GET"]}}],"collection":[{"href":"https:\/\/agora.xtec.cat\/insjosefinacastellvi\/wp-json\/wp\/v2\/pages"}],"about":[{"href":"https:\/\/agora.xtec.cat\/insjosefinacastellvi\/wp-json\/wp\/v2\/types\/page"}],"author":[{"embeddable":true,"href":"https:\/\/agora.xtec.cat\/insjosefinacastellvi\/wp-json\/wp\/v2\/users\/1"}],"replies":[{"embeddable":true,"href":"https:\/\/agora.xtec.cat\/insjosefinacastellvi\/wp-json\/wp\/v2\/comments?post=55"}],"version-history":[{"count":2,"href":"https:\/\/agora.xtec.cat\/insjosefinacastellvi\/wp-json\/wp\/v2\/pages\/55\/revisions"}],"predecessor-version":[{"id":819,"href":"https:\/\/agora.xtec.cat\/insjosefinacastellvi\/wp-json\/wp\/v2\/pages\/55\/revisions\/819"}],"up":[{"embeddable":true,"href":"https:\/\/agora.xtec.cat\/insjosefinacastellvi\/wp-json\/wp\/v2\/pages\/19"}],"wp:attachment":[{"href":"https:\/\/agora.xtec.cat\/insjosefinacastellvi\/wp-json\/wp\/v2\/media?parent=55"}],"curies":[{"name":"wp","href":"https:\/\/api.w.org\/{rel}","templated":true}]}}

<h2><b>HORARI DEL CENTRE</b></h2>
<p><span style="font-weight: 400;">La jornada lectiva comença a les 8.30h i acaba a les 15:00h, seguint la següent distribució:</span></p>
<p> </p>
<table style="height: 476px; width: 100%; border-color: #4334e3; background-color: #67aee0;">
<tbody>
<tr style="height: 68px;">
<td style="height: 68px;">
<p><b>1r classe lectiva</b></p>
</td>
<td style="height: 68px;">
<p><span style="font-weight: 400;">8:30-9:30h</span></p>
</td>
</tr>
<tr style="height: 68px;">
<td style="height: 68px;">
<p><b>2n classe lectiva</b></p>
</td>
<td style="height: 68px;">
<p><span style="font-weight: 400;">9:30-10:30h</span></p>
</td>
</tr>
<tr style="height: 68px;">
<td style="height: 68px;">
<p><b>3r classe lectiva</b></p>
</td>
<td style="height: 68px;">
<p><span style="font-weight: 400;">10:30-11:30h</span></p>
</td>
</tr>
<tr style="height: 68px;">
<td style="height: 68px;">
<p><b> Pati</b></p>
</td>
<td style="height: 68px;">
<p><span style="font-weight: 400;">11:30-12:00h</span></p>
</td>
</tr>
<tr style="height: 68px;">
<td style="height: 68px;">
<p><b>4t classe lectiva</b></p>
</td>
<td style="height: 68px;">
<p><span style="font-weight: 400;">12:00-13:00h</span></p>
</td>
</tr>
<tr style="height: 68px;">
<td style="height: 68px;">
<p><b>5é classe lectiva</b></p>
</td>
<td style="height: 68px;">
<p><span style="font-weight: 400;">13:00-14:00h</span></p>
</td>
</tr>
<tr style="height: 68px;">
<td style="height: 68px;">
<p><b>6é classe lectiva</b></p>
</td>
<td style="height: 68px;">
<p><span style="font-weight: 400;">14:00-15:00h</span></p>
</td>
</tr>
</tbody>
</table>


<p></p>

<p>HORARI DEL CENTRE La jornada lectiva comença a les 8.30h i acaba a les 15:00h, seguint la següent distribució:   1r classe lectiva 8:30-9:30h 2n classe lectiva 9:30-10:30h 3r classe lectiva 10:30-11:30h Pati 11:30-12:00h 4t classe lectiva 12:00-13:00h 5é classe lectiva 13:00-14:00h 6é classe lectiva 14:00-15:00h</p>
