{"id":937,"date":"2016-12-16T08:58:51","date_gmt":"2016-12-16T07:58:51","guid":{"rendered":"http:\/\/agora.xtec.cat\/insjoanmercader\/?page_id=937"},"modified":"2025-07-02T07:51:22","modified_gmt":"2025-07-02T05:51:22","slug":"llistat-de-llibres","status":"publish","type":"page","link":"https:\/\/agora.xtec.cat\/insjoanmercader\/secretaria\/llistat-de-llibres\/","title":{"rendered":"Llistat de llibres"},"content":{"rendered":"<h3><span style=\"color: #3366ff;\">Llistat de llibres 2025-2026 &#8211; <a href=\"https:\/\/agora.xtec.cat\/insjoanmercader\/wp-content\/uploads\/usu427\/2025\/07\/LLIBRES-PDF-UNITS.pdf\">Enlla\u00e7<\/a><br \/>\n<\/span><\/h3>\n<p>&nbsp;<\/p>\n<p><strong>A tenir en compte:<\/strong><\/p>\n<ul>\n<li><strong>No adquirir llibres de mat\u00e8ries optatives (ESO i BATX) i de modalitat (BATX) que no estiguin confirmades<\/strong><\/li>\n<li><strong>Els llibres de lectura es poden adquirir ara o durant el curs.<\/strong><\/li>\n<li><b>Els llibres es poden adquirir en les diverses llibreries i tamb\u00e9 a trav\u00e9s d&#8217;Iddink (empresa de reutilitzaci\u00f3 que col\u00b7labora amb l&#8217;AMPA de l&#8217;institut).<\/b><\/li>\n<\/ul>\n<p><strong><span style=\"color: #800080;\">IDDINK:<\/span><\/strong><\/p>\n<h6 style=\"text-align: justify;\"><em><strong>Fulls informatius Iddink: <a href=\"https:\/\/agora.xtec.cat\/insjoanmercader\/wp-content\/uploads\/usu427\/2025\/06\/Full_Iddink.pdf\">Enlla\u00e7<\/a><\/strong><\/em><\/h6>\n<h6 style=\"text-align: justify;\"><strong><i>Presentaci\u00f3 Iddink: <a href=\"https:\/\/vimeo.com\/953990128\" target=\"_blank\" rel=\"noopener\">https:\/\/vimeo.com\/953990128<\/a><\/i><\/strong><\/h6>\n<h6 class=\"m_1229722224418232490MsoListParagraphCxSpFirst\" style=\"text-align: justify;\"><strong><span style=\"font-family: inherit; font-size: 1em;\">C<\/span><i>om tractar els ecoBooks: <a href=\"https:\/\/agora.xtec.cat\/insjoanmercader\/wp-content\/uploads\/usu427\/2024\/07\/CAT-Com-tractar-els-ecoBooks.png\" target=\"_blank\" rel=\"noopener\">Enlla\u00e7<\/a><\/i><\/strong><\/h6>\n<h6 class=\"m_1229722224418232490MsoListParagraphCxSpFirst\" style=\"text-align: justify;\"><strong><i>Com retornar ecoBooks: <a href=\"https:\/\/agora.xtec.cat\/insjoanmercader\/wp-content\/uploads\/usu427\/2024\/07\/CAT-Com-retornar-els-ecoBooks-2.png\" target=\"_blank\" rel=\"noopener\">Enlla\u00e7<\/a><\/i><\/strong><\/h6>\n<h6><strong><em>Com utilitzar el Val escolar: <a href=\"https:\/\/agora.xtec.cat\/insjoanmercader\/wp-content\/uploads\/usu427\/2025\/06\/2025-Val-escolar.pdf\">Enlla\u00e7<\/a><\/em><\/strong><\/h6>\n<h6 class=\"m_1229722224418232490MsoListParagraphCxSpMiddle\" style=\"text-align: justify;\"><strong><i>Com accedir a les meves llic\u00e8ncies digitals:\u00a0<\/i><a href=\"https:\/\/vimeo.com\/427321666\" target=\"_blank\" rel=\"noopener noreferrer\" data-saferedirecturl=\"https:\/\/www.google.com\/url?q=https:\/\/vimeo.com\/427321666&amp;source=gmail&amp;ust=1593269334072000&amp;usg=AFQjCNHj-fnmQZp6-e8fHXTU7JHb7j2lJA\">https:\/\/vimeo.com\/427321666<\/a><\/strong><\/h6>\n<h6 class=\"m_1229722224418232490MsoListParagraphCxSpMiddle\" style=\"text-align: justify;\"><strong><i>Qu\u00e8 \u00e9s Iddink digital?:\u00a0<\/i><a href=\"https:\/\/vimeo.com\/427321499\" target=\"_blank\" rel=\"noopener noreferrer\" data-saferedirecturl=\"https:\/\/www.google.com\/url?q=https:\/\/vimeo.com\/427321499&amp;source=gmail&amp;ust=1593269334072000&amp;usg=AFQjCNH_mJ9K-9ybvd-FagKAEruIqP51_g\">https:\/\/vimeo.com\/427321499<\/a><\/strong><\/h6>\n","protected":false},"excerpt":{"rendered":"<p>Llistat de llibres 2025-2026 &#8211; Enlla\u00e7 &nbsp; A tenir en compte: No adquirir llibres de mat\u00e8ries optatives (ESO i BATX) i de modalitat (BATX) que no estiguin confirmades Els llibres de lectura es poden adquirir ara o durant el curs. Els llibres es poden adquirir en les diverses llibreries i tamb\u00e9 a trav\u00e9s d&#8217;Iddink (empresa [&hellip;]<\/p>\n","protected":false},"author":1,"featured_media":0,"parent":81,"menu_order":0,"comment_status":"closed","ping_status":"closed","template":"","meta":{"_bbp_topic_count":0,"_bbp_reply_count":0,"_bbp_total_topic_count":0,"_bbp_total_reply_count":0,"_bbp_voice_count":0,"_bbp_anonymous_reply_count":0,"_bbp_topic_count_hidden":0,"_bbp_reply_count_hidden":0,"_bbp_forum_subforum_count":0,"site-sidebar-layout":"default","site-content-layout":"","ast-site-content-layout":"default","site-content-style":"default","site-sidebar-style":"default","ast-global-header-display":"","ast-banner-title-visibility":"","ast-main-header-display":"","ast-hfb-above-header-display":"","ast-hfb-below-header-display":"","ast-hfb-mobile-header-display":"","site-post-title":"","ast-breadcrumbs-content":"","ast-featured-img":"","footer-sml-layout":"","theme-transparent-header-meta":"default","adv-header-id-meta":"","stick-header-meta":"","header-above-stick-meta":"","header-main-stick-meta":"","header-below-stick-meta":"","astra-migrate-meta-layouts":"set","ast-page-background-enabled":"default","ast-page-background-meta":{"desktop":{"background-color":"var(--ast-global-color-4)","background-image":"","background-repeat":"repeat","background-position":"center center","background-size":"auto","background-attachment":"scroll","background-type":"","background-media":"","overlay-type":"","overlay-color":"","overlay-opacity":"","overlay-gradient":""},"tablet":{"background-color":"","background-image":"","background-repeat":"repeat","background-position":"center center","background-size":"auto","background-attachment":"scroll","background-type":"","background-media":"","overlay-type":"","overlay-color":"","overlay-opacity":"","overlay-gradient":""},"mobile":{"background-color":"","background-image":"","background-repeat":"repeat","background-position":"center center","background-size":"auto","background-attachment":"scroll","background-type":"","background-media":"","overlay-type":"","overlay-color":"","overlay-opacity":"","overlay-gradient":""}},"ast-content-background-meta":{"desktop":{"background-color":"var(--ast-global-color-5)","background-image":"","background-repeat":"repeat","background-position":"center center","background-size":"auto","background-attachment":"scroll","background-type":"","background-media":"","overlay-type":"","overlay-color":"","overlay-opacity":"","overlay-gradient":""},"tablet":{"background-color":"var(--ast-global-color-5)","background-image":"","background-repeat":"repeat","background-position":"center center","background-size":"auto","background-attachment":"scroll","background-type":"","background-media":"","overlay-type":"","overlay-color":"","overlay-opacity":"","overlay-gradient":""},"mobile":{"background-color":"var(--ast-global-color-5)","background-image":"","background-repeat":"repeat","background-position":"center center","background-size":"auto","background-attachment":"scroll","background-type":"","background-media":"","overlay-type":"","overlay-color":"","overlay-opacity":"","overlay-gradient":""}},"footnotes":""},"class_list":["post-937","page","type-page","status-publish","hentry"],"post_mailing_queue_ids":[],"_links":{"self":[{"href":"https:\/\/agora.xtec.cat\/insjoanmercader\/wp-json\/wp\/v2\/pages\/937","targetHints":{"allow":["GET"]}}],"collection":[{"href":"https:\/\/agora.xtec.cat\/insjoanmercader\/wp-json\/wp\/v2\/pages"}],"about":[{"href":"https:\/\/agora.xtec.cat\/insjoanmercader\/wp-json\/wp\/v2\/types\/page"}],"author":[{"embeddable":true,"href":"https:\/\/agora.xtec.cat\/insjoanmercader\/wp-json\/wp\/v2\/users\/1"}],"replies":[{"embeddable":true,"href":"https:\/\/agora.xtec.cat\/insjoanmercader\/wp-json\/wp\/v2\/comments?post=937"}],"version-history":[{"count":9,"href":"https:\/\/agora.xtec.cat\/insjoanmercader\/wp-json\/wp\/v2\/pages\/937\/revisions"}],"predecessor-version":[{"id":12171,"href":"https:\/\/agora.xtec.cat\/insjoanmercader\/wp-json\/wp\/v2\/pages\/937\/revisions\/12171"}],"up":[{"embeddable":true,"href":"https:\/\/agora.xtec.cat\/insjoanmercader\/wp-json\/wp\/v2\/pages\/81"}],"wp:attachment":[{"href":"https:\/\/agora.xtec.cat\/insjoanmercader\/wp-json\/wp\/v2\/media?parent=937"}],"curies":[{"name":"wp","href":"https:\/\/api.w.org\/{rel}","templated":true}]}}