{"id":5879,"date":"2019-09-18T15:59:36","date_gmt":"2019-09-18T13:59:36","guid":{"rendered":"http:\/\/agora.xtec.cat\/insjoanmercader\/?page_id=5879"},"modified":"2026-02-13T13:38:45","modified_gmt":"2026-02-13T12:38:45","slug":"malalties-al-lergies-i-medicaments","status":"publish","type":"page","link":"https:\/\/agora.xtec.cat\/insjoanmercader\/secretaria\/malalties-al-lergies-i-medicaments\/","title":{"rendered":"Malalties, al\u00b7l\u00e8rgies i medicaments"},"content":{"rendered":"<h4><strong>Al\u00b7l\u00e8rgia aliment\u00e0ria i\/o l\u00e0tex<\/strong><\/h4>\n<ul>\n<li><a href=\"https:\/\/documents.espai.educacio.gencat.cat\/PC\/Seguretat\/Protocol_allergies.pdf\" target=\"_blank\" rel=\"noopener\">Protocol Departament d&#8217;Educaci\u00f3 i Formaci\u00f3 Professional\u00a0<\/a><\/li>\n<li><a href=\"https:\/\/agora.xtec.cat\/insjoanmercader\/wp-content\/uploads\/usu427\/2025\/02\/Full-recollida-informacio-A310.pdf\" target=\"_blank\" rel=\"noopener\">Recollida de dades<\/a><\/li>\n<li><a href=\"https:\/\/agora.xtec.cat\/insjoanmercader\/wp-content\/uploads\/usu427\/2025\/02\/Sol.-i-autoritzacio-administracio-medicaments-A311.pdf\" target=\"_blank\" rel=\"noopener\">Autoritzaci\u00f3 medicaci\u00f3<\/a><\/li>\n<\/ul>\n<h4><strong>Diabetis<\/strong><\/h4>\n<ul>\n<li><a href=\"https:\/\/documents.espai.educacio.gencat.cat\/PC\/Seguretat\/Protocol_diabetis.pdf\" target=\"_blank\" rel=\"noopener\">Protocol del departament d&#8217;Educaci\u00f3 i Formaci\u00f3 Professional<\/a><\/li>\n<li><a href=\"https:\/\/agora.xtec.cat\/insjoanmercader\/wp-content\/uploads\/usu427\/2025\/02\/Sol.-Glucago-A315.pdf\" target=\"_blank\" rel=\"noopener\">Sol\u00b7licitud i autoritzaci\u00f3 administraci\u00f3 glucag\u00f3<\/a><\/li>\n<\/ul>\n<p>Podeu consultar tota la informaci\u00f3 relativa a salut i seguretat en l&#8217;\u00e0mbit escolar a la p\u00e0gina web del Departament d&#8217;Educaci\u00f3 i Formaci\u00f3 Professional de la Generalitat de Catalunya.<\/p>\n<p><a href=\"https:\/\/educacio.gencat.cat\/ca\/arees-actuacio\/families\/families-escola\/escolaritat\/salut-seguretat-escola\" target=\"_blank\" rel=\"noopener\">\u00a0 \u00a0 \u00a0 \u00a0 \u00a0 \u00a0 https:\/\/educacio.gencat.cat\/ca\/arees-actuacio\/families\/families-escola\/escolaritat\/salut-seguretat-escola<\/a><\/p>\n","protected":false},"excerpt":{"rendered":"<p>Al\u00b7l\u00e8rgia aliment\u00e0ria i\/o l\u00e0tex Protocol Departament d&#8217;Educaci\u00f3 i Formaci\u00f3 Professional\u00a0 Recollida de dades Autoritzaci\u00f3 medicaci\u00f3 Diabetis Protocol del departament d&#8217;Educaci\u00f3 i Formaci\u00f3 Professional Sol\u00b7licitud i autoritzaci\u00f3 administraci\u00f3 glucag\u00f3 Podeu consultar tota la informaci\u00f3 relativa a salut i seguretat en l&#8217;\u00e0mbit escolar a la p\u00e0gina web del Departament d&#8217;Educaci\u00f3 i Formaci\u00f3 Professional de la Generalitat de [&hellip;]<\/p>\n","protected":false},"author":1,"featured_media":0,"parent":81,"menu_order":0,"comment_status":"closed","ping_status":"closed","template":"","meta":{"_bbp_topic_count":0,"_bbp_reply_count":0,"_bbp_total_topic_count":0,"_bbp_total_reply_count":0,"_bbp_voice_count":0,"_bbp_anonymous_reply_count":0,"_bbp_topic_count_hidden":0,"_bbp_reply_count_hidden":0,"_bbp_forum_subforum_count":0,"site-sidebar-layout":"default","site-content-layout":"","ast-site-content-layout":"default","site-content-style":"default","site-sidebar-style":"default","ast-global-header-display":"","ast-banner-title-visibility":"","ast-main-header-display":"","ast-hfb-above-header-display":"","ast-hfb-below-header-display":"","ast-hfb-mobile-header-display":"","site-post-title":"","ast-breadcrumbs-content":"","ast-featured-img":"","footer-sml-layout":"","theme-transparent-header-meta":"default","adv-header-id-meta":"","stick-header-meta":"","header-above-stick-meta":"","header-main-stick-meta":"","header-below-stick-meta":"","astra-migrate-meta-layouts":"set","ast-page-background-enabled":"default","ast-page-background-meta":{"desktop":{"background-color":"var(--ast-global-color-4)","background-image":"","background-repeat":"repeat","background-position":"center center","background-size":"auto","background-attachment":"scroll","background-type":"","background-media":"","overlay-type":"","overlay-color":"","overlay-opacity":"","overlay-gradient":""},"tablet":{"background-color":"","background-image":"","background-repeat":"repeat","background-position":"center center","background-size":"auto","background-attachment":"scroll","background-type":"","background-media":"","overlay-type":"","overlay-color":"","overlay-opacity":"","overlay-gradient":""},"mobile":{"background-color":"","background-image":"","background-repeat":"repeat","background-position":"center center","background-size":"auto","background-attachment":"scroll","background-type":"","background-media":"","overlay-type":"","overlay-color":"","overlay-opacity":"","overlay-gradient":""}},"ast-content-background-meta":{"desktop":{"background-color":"var(--ast-global-color-5)","background-image":"","background-repeat":"repeat","background-position":"center center","background-size":"auto","background-attachment":"scroll","background-type":"","background-media":"","overlay-type":"","overlay-color":"","overlay-opacity":"","overlay-gradient":""},"tablet":{"background-color":"var(--ast-global-color-5)","background-image":"","background-repeat":"repeat","background-position":"center center","background-size":"auto","background-attachment":"scroll","background-type":"","background-media":"","overlay-type":"","overlay-color":"","overlay-opacity":"","overlay-gradient":""},"mobile":{"background-color":"var(--ast-global-color-5)","background-image":"","background-repeat":"repeat","background-position":"center center","background-size":"auto","background-attachment":"scroll","background-type":"","background-media":"","overlay-type":"","overlay-color":"","overlay-opacity":"","overlay-gradient":""}},"footnotes":""},"class_list":["post-5879","page","type-page","status-publish","hentry"],"post_mailing_queue_ids":[],"_links":{"self":[{"href":"https:\/\/agora.xtec.cat\/insjoanmercader\/wp-json\/wp\/v2\/pages\/5879","targetHints":{"allow":["GET"]}}],"collection":[{"href":"https:\/\/agora.xtec.cat\/insjoanmercader\/wp-json\/wp\/v2\/pages"}],"about":[{"href":"https:\/\/agora.xtec.cat\/insjoanmercader\/wp-json\/wp\/v2\/types\/page"}],"author":[{"embeddable":true,"href":"https:\/\/agora.xtec.cat\/insjoanmercader\/wp-json\/wp\/v2\/users\/1"}],"replies":[{"embeddable":true,"href":"https:\/\/agora.xtec.cat\/insjoanmercader\/wp-json\/wp\/v2\/comments?post=5879"}],"version-history":[{"count":6,"href":"https:\/\/agora.xtec.cat\/insjoanmercader\/wp-json\/wp\/v2\/pages\/5879\/revisions"}],"predecessor-version":[{"id":12639,"href":"https:\/\/agora.xtec.cat\/insjoanmercader\/wp-json\/wp\/v2\/pages\/5879\/revisions\/12639"}],"up":[{"embeddable":true,"href":"https:\/\/agora.xtec.cat\/insjoanmercader\/wp-json\/wp\/v2\/pages\/81"}],"wp:attachment":[{"href":"https:\/\/agora.xtec.cat\/insjoanmercader\/wp-json\/wp\/v2\/media?parent=5879"}],"curies":[{"name":"wp","href":"https:\/\/api.w.org\/{rel}","templated":true}]}}