{"id":46,"date":"2014-09-17T16:53:45","date_gmt":"2014-09-17T16:53:45","guid":{"rendered":"http:\/\/agora.xtec.cat\/insjoanmercader\/?page_id=46"},"modified":"2025-10-07T12:21:52","modified_gmt":"2025-10-07T10:21:52","slug":"organigrama","status":"publish","type":"page","link":"https:\/\/agora.xtec.cat\/insjoanmercader\/linstitut\/organigrama\/","title":{"rendered":"Organigrama"},"content":{"rendered":"<p>&nbsp;<\/p>\n<table class=\" alignleft\" style=\"width: 723px;\">\n<tbody>\n<tr>\n<td style=\"width: 365px; text-align: center;\" colspan=\"2\"><span style=\"text-decoration: underline; color: #333333;\"><strong>ORGANIGRAMA 2025-2026<\/strong><\/span><\/p>\n<p><span style=\"color: #333333;\">\u00a0<\/span><\/td>\n<\/tr>\n<tr>\n<td style=\"width: 365px;\"><span style=\"color: #333333;\"><strong>EQUIP DIRECTIU:<\/strong><\/span><\/p>\n<p><span lang=\"ca-ES\" style=\"color: #333333;\">Direcci\u00f3: Jordi Farr\u00e9<\/span><\/p>\n<p><span lang=\"ca-ES\" style=\"color: #333333;\">Cap d\u2019Estudis: Albert Mateu<\/span><\/p>\n<p><span lang=\"ca-ES\" style=\"color: #333333;\">Secretaria: Magda Sisquella<\/span><\/p>\n<p><span lang=\"ca-ES\" style=\"color: #333333;\">Coordinaci\u00f3 Pedag\u00f2gica: Raquel Castells<\/span><\/p>\n<p><span lang=\"ca-ES\" style=\"color: #333333;\">Adjunt CE: Marta Ayuso<\/span><\/td>\n<td style=\"width: 349px;\"><span style=\"color: #333333;\"><strong>COORDINACI\u00d3:<\/strong><\/span><\/p>\n<p><span lang=\"ca-ES\" style=\"color: #333333;\">1 i 2 ESO: Cristina Bru<br \/>\n<\/span><\/p>\n<p><span lang=\"ca-ES\" style=\"color: #333333;\">3 i 4 ESO: Pilar Rodr\u00edguez<br \/>\n<\/span><\/p>\n<p><span lang=\"ca-ES\" style=\"color: #333333;\">BAT: Alba Romaguera<\/span><\/td>\n<\/tr>\n<tr>\n<td style=\"width: 365px;\"><span style=\"color: #333333;\"><strong>ALTRES COORDINACIONS I C\u00c0RRECS:<\/strong><\/span><\/p>\n<p><span lang=\"ca-ES\" style=\"color: #333333;\">Consell Delegats i Delegades: Ismael Miquel<\/span><\/p>\n<p>IOC: Albert Mateu<\/p>\n<p><span lang=\"ca-ES\" style=\"color: #333333;\">Lectura: Raquel Castells<\/span><\/p>\n<p>LIC: Ino Rivera<\/p>\n<p><span lang=\"ca-ES\" style=\"color: #333333;\">Coordinaci\u00f3 digital: Jose Antonio S\u00e1nchez<\/span><\/p>\n<p><span lang=\"ca-ES\" style=\"color: #333333;\">Pla Cat. Esport: Ismael Miquel<\/span><\/p>\n<p><span lang=\"ca-ES\" style=\"color: #333333;\">P. Exteriors: Ino Rivera<\/span><\/p>\n<p><span lang=\"ca-ES\" style=\"color: #333333;\">Revista: Berta Aymerich<\/span><\/p>\n<p><span lang=\"ca-ES\" style=\"color: #333333;\">Riscos Laborals: Toni Sol\u00e9<\/span><\/td>\n<td style=\"width: 349px;\"><span style=\"color: #333333;\"><strong>DEPARTAMENTS DID\u00c0CTICS I CAPS DE DEPARTAMENT:<\/strong><\/span><\/p>\n<p><span lang=\"ca-ES\" style=\"color: #333333;\">Arts: Anna Sol\u00e0<\/span><\/p>\n<p><span lang=\"ca-ES\" style=\"color: #333333;\">Ci\u00e8ncies: Susanna Farr\u00e9<\/span><\/p>\n<p><span lang=\"ca-ES\" style=\"color: #333333;\">Humanitats: Ramon Cuadras<\/span><\/p>\n<p><span lang=\"ca-ES\" style=\"color: #333333;\">Llengua castellana: Jose Maria Dom\u00ednguez<\/span><\/p>\n<p><span lang=\"ca-ES\" style=\"color: #333333;\">Llengua catalana: Mar Conill<\/span><\/p>\n<p><span lang=\"ca-ES\" style=\"color: #333333;\">Lleng\u00fces estrangeres: Leonides Corredera<\/span><\/p>\n<p><span lang=\"ca-ES\" style=\"color: #333333;\">Matem\u00e0tiques: Roser Regordosa<\/span><\/p>\n<p><span lang=\"ca-ES\" style=\"color: #333333;\">Tecnologies: Anna Rovira<\/span><\/td>\n<\/tr>\n<tr>\n<td style=\"width: 365px;\" colspan=\"2\"><span style=\"color: #333333;\"><strong>PAS:<\/strong><\/span><\/p>\n<p><span lang=\"ca-ES\" style=\"color: #333333;\">Administraci\u00f3 i secretaria: Cam\u00ed Tous i S\u00edlvia Iglesias<br \/>\n<\/span><\/p>\n<p><span lang=\"ca-ES\" style=\"color: #333333;\">Consergeria: Llu\u00eds Requena i Assumpta Castillo<br \/>\n<\/span><\/td>\n<\/tr>\n<\/tbody>\n<\/table>\n<p>&nbsp;<\/p>\n<p>&nbsp;<\/p>\n","protected":false},"excerpt":{"rendered":"<p>&nbsp; ORGANIGRAMA 2025-2026 \u00a0 EQUIP DIRECTIU: Direcci\u00f3: Jordi Farr\u00e9 Cap d\u2019Estudis: Albert Mateu Secretaria: Magda Sisquella Coordinaci\u00f3 Pedag\u00f2gica: Raquel Castells Adjunt CE: Marta Ayuso COORDINACI\u00d3: 1 i 2 ESO: Cristina Bru 3 i 4 ESO: Pilar Rodr\u00edguez BAT: Alba Romaguera ALTRES COORDINACIONS I C\u00c0RRECS: Consell Delegats i Delegades: Ismael Miquel IOC: Albert Mateu Lectura: Raquel [&hellip;]<\/p>\n","protected":false},"author":1,"featured_media":0,"parent":19,"menu_order":2,"comment_status":"closed","ping_status":"closed","template":"","meta":{"_bbp_topic_count":0,"_bbp_reply_count":0,"_bbp_total_topic_count":0,"_bbp_total_reply_count":0,"_bbp_voice_count":0,"_bbp_anonymous_reply_count":0,"_bbp_topic_count_hidden":0,"_bbp_reply_count_hidden":0,"_bbp_forum_subforum_count":0,"site-sidebar-layout":"default","site-content-layout":"","ast-site-content-layout":"default","site-content-style":"default","site-sidebar-style":"default","ast-global-header-display":"","ast-banner-title-visibility":"","ast-main-header-display":"","ast-hfb-above-header-display":"","ast-hfb-below-header-display":"","ast-hfb-mobile-header-display":"","site-post-title":"","ast-breadcrumbs-content":"","ast-featured-img":"","footer-sml-layout":"","theme-transparent-header-meta":"default","adv-header-id-meta":"","stick-header-meta":"","header-above-stick-meta":"","header-main-stick-meta":"","header-below-stick-meta":"","astra-migrate-meta-layouts":"set","ast-page-background-enabled":"default","ast-page-background-meta":{"desktop":{"background-color":"var(--ast-global-color-4)","background-image":"","background-repeat":"repeat","background-position":"center center","background-size":"auto","background-attachment":"scroll","background-type":"","background-media":"","overlay-type":"","overlay-color":"","overlay-opacity":"","overlay-gradient":""},"tablet":{"background-color":"","background-image":"","background-repeat":"repeat","background-position":"center center","background-size":"auto","background-attachment":"scroll","background-type":"","background-media":"","overlay-type":"","overlay-color":"","overlay-opacity":"","overlay-gradient":""},"mobile":{"background-color":"","background-image":"","background-repeat":"repeat","background-position":"center center","background-size":"auto","background-attachment":"scroll","background-type":"","background-media":"","overlay-type":"","overlay-color":"","overlay-opacity":"","overlay-gradient":""}},"ast-content-background-meta":{"desktop":{"background-color":"var(--ast-global-color-5)","background-image":"","background-repeat":"repeat","background-position":"center center","background-size":"auto","background-attachment":"scroll","background-type":"","background-media":"","overlay-type":"","overlay-color":"","overlay-opacity":"","overlay-gradient":""},"tablet":{"background-color":"var(--ast-global-color-5)","background-image":"","background-repeat":"repeat","background-position":"center center","background-size":"auto","background-attachment":"scroll","background-type":"","background-media":"","overlay-type":"","overlay-color":"","overlay-opacity":"","overlay-gradient":""},"mobile":{"background-color":"var(--ast-global-color-5)","background-image":"","background-repeat":"repeat","background-position":"center center","background-size":"auto","background-attachment":"scroll","background-type":"","background-media":"","overlay-type":"","overlay-color":"","overlay-opacity":"","overlay-gradient":""}},"footnotes":""},"class_list":["post-46","page","type-page","status-publish","hentry"],"post_mailing_queue_ids":[],"_links":{"self":[{"href":"https:\/\/agora.xtec.cat\/insjoanmercader\/wp-json\/wp\/v2\/pages\/46","targetHints":{"allow":["GET"]}}],"collection":[{"href":"https:\/\/agora.xtec.cat\/insjoanmercader\/wp-json\/wp\/v2\/pages"}],"about":[{"href":"https:\/\/agora.xtec.cat\/insjoanmercader\/wp-json\/wp\/v2\/types\/page"}],"author":[{"embeddable":true,"href":"https:\/\/agora.xtec.cat\/insjoanmercader\/wp-json\/wp\/v2\/users\/1"}],"replies":[{"embeddable":true,"href":"https:\/\/agora.xtec.cat\/insjoanmercader\/wp-json\/wp\/v2\/comments?post=46"}],"version-history":[{"count":6,"href":"https:\/\/agora.xtec.cat\/insjoanmercader\/wp-json\/wp\/v2\/pages\/46\/revisions"}],"predecessor-version":[{"id":12276,"href":"https:\/\/agora.xtec.cat\/insjoanmercader\/wp-json\/wp\/v2\/pages\/46\/revisions\/12276"}],"up":[{"embeddable":true,"href":"https:\/\/agora.xtec.cat\/insjoanmercader\/wp-json\/wp\/v2\/pages\/19"}],"wp:attachment":[{"href":"https:\/\/agora.xtec.cat\/insjoanmercader\/wp-json\/wp\/v2\/media?parent=46"}],"curies":[{"name":"wp","href":"https:\/\/api.w.org\/{rel}","templated":true}]}}