{"id":882,"date":"2016-07-08T12:08:40","date_gmt":"2016-07-08T11:08:40","guid":{"rendered":"http:\/\/agora.xtec.cat\/insjoanguinjoan\/?page_id=882"},"modified":"2026-04-10T11:31:59","modified_gmt":"2026-04-10T09:31:59","slug":"treball-de-recerca","status":"publish","type":"page","link":"https:\/\/agora.xtec.cat\/insjoanguinjoan\/estudis\/batxillerat\/2n-bat\/treball-de-recerca\/","title":{"rendered":"Treball de Recerca"},"content":{"rendered":"<p>El Treball de recerca \u00e9s un treball d&#8217;investigaci\u00f3 que ha de realitzar tot l&#8217;alumnat de Batxillerat.<br \/>\n&#8211; \u00c9s una investigaci\u00f3 que pot estar emmarcada dins d&#8217;una mat\u00e8ria o tenir un car\u00e0cter interdisciplinar.<br \/>\n&#8211; Est\u00e0 dirigit per un professor\/a &#8211; tutor\/a.<br \/>\n&#8211; La seva qualificaci\u00f3 representa el 10% de la qualificaci\u00f3 final del Batxillerat.<br \/>\n&#8211; Es presenta per escrit i oralment davant d&#8217;un tribunal.<br \/>\n&#8211; S&#8217;avalua tenint en compte l&#8217;actuaci\u00f3 durant la realitzaci\u00f3 del treball, l&#8217;informe escrit i la presentaci\u00f3 oral.<\/p>\n<p>Cada centre fa una proposta de treball al seu alumnat, organitza les tutories i estableix una normativa sobre el calendari, els criteris d&#8217;avaluaci\u00f3 i la presentaci\u00f3.<\/p>\n<p>Documents<\/p>\n<p><a href=\"https:\/\/agora.xtec.cat\/insjoanguinjoan\/wp-content\/uploads\/usu1332\/2026\/04\/DOSSIER-DEL-TREBALL-DE-RECERCA-CURS-2026-27-1.pdf\">Dossier Treball de Recerca Curs 2026-2027<\/a><\/p>\n<p><a href=\"http:\/\/agora.xtec.cat\/insjoanguinjoan\/wp-content\/uploads\/usu1332\/2016\/07\/Guia-aspectes-formals-treball-recerca-Barcanova.pdf\">Guia aspectes formals TR (Ed. Barcanova)<\/a><\/p>\n<p>Enlla\u00e7os:<\/p>\n<p><a href=\"http:\/\/xtec.gencat.cat\/ca\/curriculum\/batxillerat\/treballrecerca\/premis\/\">Premis per als TR<\/a><\/p>\n<p><a href=\"https:\/\/app.box.com\/s\/7q7h1kprnhht08bis8n0\">Arxiu de TR des de 2011<\/a><\/p>\n<p><a href=\"http:\/\/www.edu365.cat\/batxillerat\/comfer\/recerca\/\">Informaci\u00f3 TR edu365<\/a><\/p>\n<p><a href=\"http:\/\/diposit.ub.edu\/dspace\/bitstream\/2445\/114030\/6\/Guia%20practica%20per%20fer%20un%20bon%20TR%20BTX%2020%20consells.pdf\">Guia pr\u00e0ctica per fer un bon TR<\/a><\/p>\n<p><iframe loading=\"lazy\" src=\"\/\/www.youtube.com\/embed\/G_PqQCYicU4\" width=\"560\" height=\"314\"><\/iframe><\/p>\n<p><iframe loading=\"lazy\" src=\"\/\/www.youtube.com\/embed\/34mdViojqXQ\" width=\"560\" height=\"314\"><\/iframe><\/p>\n","protected":false},"excerpt":{"rendered":"<p>El Treball de recerca \u00e9s un treball d&#8217;investigaci\u00f3 que ha de realitzar tot l&#8217;alumnat de Batxillerat. &#8211; \u00c9s una investigaci\u00f3 que pot estar emmarcada dins d&#8217;una mat\u00e8ria o tenir un car\u00e0cter interdisciplinar. &#8211; Est\u00e0 dirigit per un professor\/a &#8211; tutor\/a. &#8211; La seva qualificaci\u00f3 representa el 10% de la qualificaci\u00f3 final del Batxillerat. &#8211; Es [&hellip;]<\/p>\n","protected":false},"author":1,"featured_media":0,"parent":515,"menu_order":0,"comment_status":"closed","ping_status":"closed","template":"","meta":{"_bbp_topic_count":0,"_bbp_reply_count":0,"_bbp_total_topic_count":0,"_bbp_total_reply_count":0,"_bbp_voice_count":0,"_bbp_anonymous_reply_count":0,"_bbp_topic_count_hidden":0,"_bbp_reply_count_hidden":0,"_bbp_forum_subforum_count":0,"site-sidebar-layout":"default","site-content-layout":"","ast-site-content-layout":"default","site-content-style":"default","site-sidebar-style":"default","ast-global-header-display":"","ast-banner-title-visibility":"","ast-main-header-display":"","ast-hfb-above-header-display":"","ast-hfb-below-header-display":"","ast-hfb-mobile-header-display":"","site-post-title":"","ast-breadcrumbs-content":"","ast-featured-img":"","footer-sml-layout":"","theme-transparent-header-meta":"","adv-header-id-meta":"","stick-header-meta":"","header-above-stick-meta":"","header-main-stick-meta":"","header-below-stick-meta":"","astra-migrate-meta-layouts":"set","ast-page-background-enabled":"default","ast-page-background-meta":{"desktop":{"background-color":"var(--ast-global-color-4)","background-image":"","background-repeat":"repeat","background-position":"center center","background-size":"auto","background-attachment":"scroll","background-type":"","background-media":"","overlay-type":"","overlay-color":"","overlay-opacity":"","overlay-gradient":""},"tablet":{"background-color":"","background-image":"","background-repeat":"repeat","background-position":"center center","background-size":"auto","background-attachment":"scroll","background-type":"","background-media":"","overlay-type":"","overlay-color":"","overlay-opacity":"","overlay-gradient":""},"mobile":{"background-color":"","background-image":"","background-repeat":"repeat","background-position":"center center","background-size":"auto","background-attachment":"scroll","background-type":"","background-media":"","overlay-type":"","overlay-color":"","overlay-opacity":"","overlay-gradient":""}},"ast-content-background-meta":{"desktop":{"background-color":"var(--ast-global-color-5)","background-image":"","background-repeat":"repeat","background-position":"center center","background-size":"auto","background-attachment":"scroll","background-type":"","background-media":"","overlay-type":"","overlay-color":"","overlay-opacity":"","overlay-gradient":""},"tablet":{"background-color":"var(--ast-global-color-5)","background-image":"","background-repeat":"repeat","background-position":"center center","background-size":"auto","background-attachment":"scroll","background-type":"","background-media":"","overlay-type":"","overlay-color":"","overlay-opacity":"","overlay-gradient":""},"mobile":{"background-color":"var(--ast-global-color-5)","background-image":"","background-repeat":"repeat","background-position":"center center","background-size":"auto","background-attachment":"scroll","background-type":"","background-media":"","overlay-type":"","overlay-color":"","overlay-opacity":"","overlay-gradient":""}},"footnotes":""},"class_list":["post-882","page","type-page","status-publish","hentry"],"post_mailing_queue_ids":[],"_links":{"self":[{"href":"https:\/\/agora.xtec.cat\/insjoanguinjoan\/wp-json\/wp\/v2\/pages\/882","targetHints":{"allow":["GET"]}}],"collection":[{"href":"https:\/\/agora.xtec.cat\/insjoanguinjoan\/wp-json\/wp\/v2\/pages"}],"about":[{"href":"https:\/\/agora.xtec.cat\/insjoanguinjoan\/wp-json\/wp\/v2\/types\/page"}],"author":[{"embeddable":true,"href":"https:\/\/agora.xtec.cat\/insjoanguinjoan\/wp-json\/wp\/v2\/users\/1"}],"replies":[{"embeddable":true,"href":"https:\/\/agora.xtec.cat\/insjoanguinjoan\/wp-json\/wp\/v2\/comments?post=882"}],"version-history":[{"count":6,"href":"https:\/\/agora.xtec.cat\/insjoanguinjoan\/wp-json\/wp\/v2\/pages\/882\/revisions"}],"predecessor-version":[{"id":10948,"href":"https:\/\/agora.xtec.cat\/insjoanguinjoan\/wp-json\/wp\/v2\/pages\/882\/revisions\/10948"}],"up":[{"embeddable":true,"href":"https:\/\/agora.xtec.cat\/insjoanguinjoan\/wp-json\/wp\/v2\/pages\/515"}],"wp:attachment":[{"href":"https:\/\/agora.xtec.cat\/insjoanguinjoan\/wp-json\/wp\/v2\/media?parent=882"}],"curies":[{"name":"wp","href":"https:\/\/api.w.org\/{rel}","templated":true}]}}