{"id":8541,"date":"2024-03-15T13:02:45","date_gmt":"2024-03-15T12:02:45","guid":{"rendered":"https:\/\/agora.xtec.cat\/insjoanguinjoan\/?page_id=8541"},"modified":"2026-03-23T12:44:53","modified_gmt":"2026-03-23T11:44:53","slug":"preinscripcio-i-matricula-de-cfgm","status":"publish","type":"page","link":"https:\/\/agora.xtec.cat\/insjoanguinjoan\/secretaria\/preinscripcio-i-matricules\/preinscripcio-i-matricula-de-cfgm\/","title":{"rendered":"CICLES FORMATIUS"},"content":{"rendered":"<table style=\"border-collapse: collapse; width: 100%; height: 463px;\">\n<tbody>\n<tr style=\"height: 463px;\">\n<td style=\"width: 100%; height: 463px;\">\n<h3>PREINSCRIPCI\u00d3 I MATR\u00cdCULA 2026-2027<\/h3>\n<p><strong>CICLES FORMATIUS DE GRAU MITJ\u00c0 (nom\u00e9s per a nous alumnes)<\/strong><\/p>\n<p>Informa&#8217;t a: <a href=\"https:\/\/triaeducativa.gencat.cat\/ca\/fp\/grau-mitja\/index.html\">Tria Educativa<\/a> Grau Mitj\u00e0 i Gencat <a href=\"https:\/\/preinscripcio.gencat.cat\/ca\/estudis\/fp-grau-mitja\/inici\/\">Preinscripci\u00f3<\/a> Formaci\u00f3 Professional<\/p>\n<p>Consulta <a href=\"https:\/\/preinscripcio.gencat.cat\/ca\/estudis\/fp-grau-mitja\/informat\/consulta-notes-tall\/\" target=\"_blank\" rel=\"noopener\">AQU\u00cd<\/a> la nota de tall del curs passat.<\/p>\n<p><strong>A TENIR EN COMPTE:<\/strong><\/p>\n<ul>\n<li>Als estudis postobligatoris no hi ha obligaci\u00f3 d&#8217;estar escolaritzat. Per tant, \u00e9s responsabilitat de l&#8217;alumne fer el seguiment dels terminis i tr\u00e0mits, ja que no s&#8217;accepten sol\u00b7licituds fora de termini i es perd el dret a participar en el proc\u00e9s de preinscripci\u00f3 i matr\u00edcula.<\/li>\n<li>Si no fas la confirmaci\u00f3 de matr\u00edcula en l\u00ednia i no completes la matr\u00edcula amb l&#8217;Institut, perdr\u00e0s la pla\u00e7a assignada i quedar\u00e0s excl\u00f2s\/osa del proc\u00e9s.<\/li>\n<\/ul>\n<\/td>\n<\/tr>\n<\/tbody>\n<\/table>\n\n\n<h4 class=\"wp-block-heading has-text-align-center\"><strong>Calendari <\/strong>de preinscripci\u00f3 i matr\u00edcula de cicles<\/h4>\n\n\n\n<figure class=\"wp-block-table is-style-stripes\"><table class=\"has-fixed-layout\"><tbody><tr><td>22 de maig de 2026<\/td><td>Publicaci\u00f3 de l&#8217;<strong>oferta inicial <\/strong>de places<\/td><\/tr><tr><td><strong><mark style=\"background-color:var(--ast-global-color-0)\" class=\"has-inline-color\">Del 26 de maig a l&#8217;1 de juny de 2026<\/mark><\/strong><\/td><td><strong><a href=\"https:\/\/tramits.gencat.cat\/ca\/tramits\/tramits-temes\/preinscripcio-fp-gm\" target=\"_blank\" rel=\"noreferrer noopener\">PRESENTA LA SOL\u00b7LICITUD<br><\/a><\/strong>\u00c9s molt important respectar les dates, perqu\u00e8 per a aquests ensenyaments no s&#8217;accepten sol\u00b7licituds fora de termini. Els criteris de prioritat serveixen per donar una puntuaci\u00f3 a cada sol\u00b7licitud. D&#8217;aquesta manera s&#8217;estableix l&#8217;ordre d&#8217;acc\u00e9s a les places de cada centre.<\/td><\/tr><tr><td>Del 26 de maig al 2 de juny de 2026<\/td><td><strong>Presentaci\u00f3 de documentaci\u00f3<br><\/strong>Aquests dies pots presentar la documentaci\u00f3 acreditativa que justifica les prioritats de cada alumne o alumna.<\/td><\/tr><tr><td>29 de juny de 2026<\/td><td><strong>Publicaci\u00f3 de la llista de sol\u00b7licituds amb la puntuaci\u00f3 provisional<br><\/strong>En aquesta llista hi ha les sol\u00b7licituds ordenades alfab\u00e8ticament amb la puntuaci\u00f3 que ha rebut cada sol\u00b7licitud en aplicar-hi el barem.<\/td><\/tr><tr><td>Del 29 de juny al 2 de juliol de 2026<\/td><td><strong>Presentaci\u00f3 de reclamacions<br><\/strong>Durant aquest per\u00edode, si detectes alguna errada o anomalia en el barem assignat, pots presentar una reclamaci\u00f3, utilitzant l&#8217;eina electr\u00f2nica per a presentar reclamacions.<\/td><\/tr><tr><td>6 de juliol de 2026 a les 11h<\/td><td><strong>Sorteig<\/strong><br>El nombre de places a cada centre \u00e9s limitat. Si el nombre de peticions supera el d&#8217;alumnes que es pot acollir, cal aplicar un sistema de desempat entre les sol\u00b7licituds que tenen la mateixa puntuaci\u00f3. Per fer-ho, s&#8217;obt\u00e9 un n\u00famero per sorteig a partir del qual s&#8217;ordenen totes les peticions empatades en punts, tenint en compte el n\u00famero de desempat que s&#8217;ha assignat a cada sol\u00b7licitud. El sorteig tindr\u00e0 lloc a les 11 hores, als serveis centrals del Departament d&#8217;Educaci\u00f3 i Formaci\u00f3 Professional (Via Augusta, 202-226, Barcelona).<\/td><\/tr><tr><td>7 de juliol de 2026<\/td><td><strong>Llista de sol\u00b7licituds amb la puntuaci\u00f3 un cop resoltes les reclamacions<\/strong><\/td><\/tr><tr><td>10 de juliol de 2026<\/td><td><strong>Publicaci\u00f3 de l&#8217;oferta final de places<\/strong><\/td><\/tr><tr><td><strong><mark style=\"background-color:rgba(0, 0, 0, 0);color:#020202\" class=\"has-inline-color\">10 de juliol de 2026<\/mark><\/strong><\/td><td>Publicaci\u00f3 de la <strong>llista de places assignades de la <mark style=\"background-color:var(--ast-global-color-0)\" class=\"has-inline-color\">PRIMERA TANDA<\/mark><\/strong>, amb indicaci\u00f3 de la petici\u00f3 atesa de l&#8217;alumne\/a<\/td><\/tr><tr><td>Del 10 al 14 de juliol de 2026<\/td><td><strong>CONFIRMA la matr\u00edcula, MILLORA l&#8217;assignaci\u00f3 o RENUNCIA a la pla\u00e7a assignada<br><\/strong>En aquest per\u00edode, pots:<br><strong>Confirmar la matr\u00edcula<\/strong>&nbsp;en l\u00ednia si tens assignada la teva primera opci\u00f3 en la primera assignaci\u00f3; o<br><strong>Millorar l&#8217;assignaci\u00f3<\/strong>; o<br><strong>Renunciar<\/strong>&nbsp;a la pla\u00e7a assignada.<br>Has de tenir en compte que si renuncies o no fas la confirmaci\u00f3 de matr\u00edcula en l\u00ednia, perdr\u00e0s la pla\u00e7a assignada i quedar\u00e0s excl\u00f2s\/osa del proc\u00e9s.<br>&nbsp;<strong>Tot i haver confirmat la matr\u00edcula en l\u00ednia has de completar la matr\u00edcula adre\u00e7ant-te al centre assignat. <\/strong><\/td><\/tr><tr><td><strong>24 de juliol de 2026<\/strong><\/td><td>Publicaci\u00f3 de la<strong> llista de places assignades en la <mark style=\"background-color:var(--ast-global-color-0)\" class=\"has-inline-color\">SEGONA TANDA<\/mark> d&#8217;assignacions i en la proposta d&#8217;assignaci\u00f3.<\/strong><\/td><\/tr><tr><td>Del 24 al 28 de juliol de 2026<\/td><td><strong>CONFIRMA la matr\u00edcula o RENUNCIA a la pla\u00e7a assignada<br><\/strong>En aquest per\u00edode, pots:<br><strong>Confirmar la matr\u00edcula<\/strong>&nbsp;en l\u00ednia si tens assignada si acceptes la pla\u00e7a assignada en la segona tanda d&#8217;assignaci\u00f3 o en la proposta d&#8217;assignaci\u00f3; o<br><strong>Renunciar<\/strong>&nbsp;a la pla\u00e7a assignada.<br>Has de tenir en compte que si renuncies o no fas la confirmaci\u00f3 de matr\u00edcula en l\u00ednia, perdr\u00e0s la pla\u00e7a assignada i quedar\u00e0s excl\u00f2s\/osa del proc\u00e9s.<br>&nbsp;<strong>Tot i haver confirmat la matr\u00edcula en l\u00ednia has de completar la matr\u00edcula adre\u00e7ant-te al centre assignat. <\/strong><\/td><\/tr><\/tbody><\/table><\/figure>\n\n\n\n<p class=\"has-text-align-center\"><a href=\"https:\/\/aplicacions.gestioeducativa.gencat.cat\/ords\/pls\/apex\/f?p=2011025:LOGIN:316446762606499:::::\"><strong>CONSULTA<\/strong> LA TEVA SOL\u00b7LICITUD<\/a><\/p>\n\n\n\n<h4 class=\"wp-block-heading\">M A T R \u00cd C U L A<\/h4>\n\n\n\n<p>INFORMACI\u00d3 IMPORTANT: \u00c9s necessari que us instal\u00b7leu al vostre m\u00f2bil&nbsp;<a href=\"https:\/\/play.google.com\/store\/apps\/details?id=com.MultiExpo.tokappschool&amp;hl=ca\">&nbsp;l\u2019aplicaci\u00f3 TokApp<\/a>&nbsp;per fer el pagament de la quota de material de la matr\u00edcula. Posteriorment, aquesta aplicaci\u00f3 us ser\u00e0 d\u2019utilitat per efectuar el pagament de sortides, orles, confirmaci\u00f3 de continu\u00eftat de matr\u00edcula del centre i autoritzacions.\u00c9s important que us instal\u00b7leu l\u2019aplicaci\u00f3 utilitzant&nbsp;<strong>el mateix correu electr\u00f2nic i n\u00famero de tel\u00e8fon<\/strong>&nbsp;que vau fer servir a la preinscripci\u00f3. Si teniu dubtes, podeu consultar aquestes dades al&nbsp;<strong>resguard<\/strong>&nbsp;que es va generar en finalitzar la preinscripci\u00f3.<\/p>\n\n\n\n<p>Tel\u00e8fon directe per ajuda i suport t\u00e8cnic TokApp&nbsp;&nbsp;<strong>886 08 09 96<\/strong><\/p>\n\n\n\n<p><\/p>\n","protected":false},"excerpt":{"rendered":"<p>PREINSCRIPCI\u00d3 I MATR\u00cdCULA 2026-2027 CICLES FORMATIUS DE GRAU MITJ\u00c0 (nom\u00e9s per a nous alumnes) Informa&#8217;t a: Tria Educativa Grau Mitj\u00e0 i Gencat Preinscripci\u00f3 Formaci\u00f3 Professional Consulta AQU\u00cd la nota de tall del curs passat. A TENIR EN COMPTE: Als estudis postobligatoris no hi ha obligaci\u00f3 d&#8217;estar escolaritzat. Per tant, \u00e9s responsabilitat de l&#8217;alumne fer el [&hellip;]<\/p>\n","protected":false},"author":1,"featured_media":0,"parent":533,"menu_order":30,"comment_status":"closed","ping_status":"closed","template":"","meta":{"_bbp_topic_count":0,"_bbp_reply_count":0,"_bbp_total_topic_count":0,"_bbp_total_reply_count":0,"_bbp_voice_count":0,"_bbp_anonymous_reply_count":0,"_bbp_topic_count_hidden":0,"_bbp_reply_count_hidden":0,"_bbp_forum_subforum_count":0,"site-sidebar-layout":"default","site-content-layout":"","ast-site-content-layout":"default","site-content-style":"default","site-sidebar-style":"default","ast-global-header-display":"","ast-banner-title-visibility":"","ast-main-header-display":"","ast-hfb-above-header-display":"","ast-hfb-below-header-display":"","ast-hfb-mobile-header-display":"","site-post-title":"","ast-breadcrumbs-content":"","ast-featured-img":"","footer-sml-layout":"","theme-transparent-header-meta":"","adv-header-id-meta":"","stick-header-meta":"","header-above-stick-meta":"","header-main-stick-meta":"","header-below-stick-meta":"","astra-migrate-meta-layouts":"set","ast-page-background-enabled":"default","ast-page-background-meta":{"desktop":{"background-color":"var(--ast-global-color-4)","background-image":"","background-repeat":"repeat","background-position":"center center","background-size":"auto","background-attachment":"scroll","background-type":"","background-media":"","overlay-type":"","overlay-color":"","overlay-opacity":"","overlay-gradient":""},"tablet":{"background-color":"","background-image":"","background-repeat":"repeat","background-position":"center center","background-size":"auto","background-attachment":"scroll","background-type":"","background-media":"","overlay-type":"","overlay-color":"","overlay-opacity":"","overlay-gradient":""},"mobile":{"background-color":"","background-image":"","background-repeat":"repeat","background-position":"center center","background-size":"auto","background-attachment":"scroll","background-type":"","background-media":"","overlay-type":"","overlay-color":"","overlay-opacity":"","overlay-gradient":""}},"ast-content-background-meta":{"desktop":{"background-color":"var(--ast-global-color-5)","background-image":"","background-repeat":"repeat","background-position":"center center","background-size":"auto","background-attachment":"scroll","background-type":"","background-media":"","overlay-type":"","overlay-color":"","overlay-opacity":"","overlay-gradient":""},"tablet":{"background-color":"var(--ast-global-color-5)","background-image":"","background-repeat":"repeat","background-position":"center center","background-size":"auto","background-attachment":"scroll","background-type":"","background-media":"","overlay-type":"","overlay-color":"","overlay-opacity":"","overlay-gradient":""},"mobile":{"background-color":"var(--ast-global-color-5)","background-image":"","background-repeat":"repeat","background-position":"center center","background-size":"auto","background-attachment":"scroll","background-type":"","background-media":"","overlay-type":"","overlay-color":"","overlay-opacity":"","overlay-gradient":""}},"footnotes":""},"class_list":["post-8541","page","type-page","status-publish","hentry"],"post_mailing_queue_ids":[],"_links":{"self":[{"href":"https:\/\/agora.xtec.cat\/insjoanguinjoan\/wp-json\/wp\/v2\/pages\/8541","targetHints":{"allow":["GET"]}}],"collection":[{"href":"https:\/\/agora.xtec.cat\/insjoanguinjoan\/wp-json\/wp\/v2\/pages"}],"about":[{"href":"https:\/\/agora.xtec.cat\/insjoanguinjoan\/wp-json\/wp\/v2\/types\/page"}],"author":[{"embeddable":true,"href":"https:\/\/agora.xtec.cat\/insjoanguinjoan\/wp-json\/wp\/v2\/users\/1"}],"replies":[{"embeddable":true,"href":"https:\/\/agora.xtec.cat\/insjoanguinjoan\/wp-json\/wp\/v2\/comments?post=8541"}],"version-history":[{"count":6,"href":"https:\/\/agora.xtec.cat\/insjoanguinjoan\/wp-json\/wp\/v2\/pages\/8541\/revisions"}],"predecessor-version":[{"id":10891,"href":"https:\/\/agora.xtec.cat\/insjoanguinjoan\/wp-json\/wp\/v2\/pages\/8541\/revisions\/10891"}],"up":[{"embeddable":true,"href":"https:\/\/agora.xtec.cat\/insjoanguinjoan\/wp-json\/wp\/v2\/pages\/533"}],"wp:attachment":[{"href":"https:\/\/agora.xtec.cat\/insjoanguinjoan\/wp-json\/wp\/v2\/media?parent=8541"}],"curies":[{"name":"wp","href":"https:\/\/api.w.org\/{rel}","templated":true}]}}