{"id":646,"date":"2016-07-04T12:19:36","date_gmt":"2016-07-04T11:19:36","guid":{"rendered":"http:\/\/agora.xtec.cat\/insjoanguinjoan\/?page_id=646"},"modified":"2025-10-07T08:53:02","modified_gmt":"2025-10-07T06:53:02","slug":"ciencies-socials","status":"publish","type":"page","link":"https:\/\/agora.xtec.cat\/insjoanguinjoan\/departaments\/ciencies-socials\/","title":{"rendered":"Ci\u00e8ncies Socials"},"content":{"rendered":"<hr \/>\n<h1>CI\u00c8NCIES SOCIALS<\/h1>\n<table style=\"width: 81.5178%;\">\n<tbody>\n<tr>\n<td style=\"width: 100%;\">\n<h3><a href=\"https:\/\/agora.xtec.cat\/insjoanguinjoan\/wp-content\/uploads\/usu1332\/2025\/10\/CRITERIS-DAVALUACIO.ESO-SOCIALS.pdf\">CRITERIS D&#8217;AVALUACI\u00d3 SOCIALS ESO<\/a><\/h3>\n<h3><a href=\"https:\/\/agora.xtec.cat\/insjoanguinjoan\/wp-content\/uploads\/usu1332\/2025\/10\/CRITERIS-AVALUACIO.ESO-CULTURA-CLASSICA.pdf\">CRITERIS AVALUACIO CULTURA CLASSICA ESO<\/a><\/h3>\n<h3><a href=\"https:\/\/agora.xtec.cat\/insjoanguinjoan\/wp-content\/uploads\/usu1332\/2025\/10\/CRITERIS-DAVALUACIO-Llati-ESO.pdf\">CRITERIS D&#8217;AVALUACI\u00d3 LLAT\u00cd ESO<\/a><\/h3>\n<h3><a href=\"https:\/\/agora.xtec.cat\/insjoanguinjoan\/wp-content\/uploads\/usu1332\/2025\/10\/CRITERIS-DAVALUACIO.SOCIALS.BAT-HISTORIA.pdf\">CRITERIS D&#8217;AVALUACI\u00d3 HIST\u00d2RIA BATXILLERAT<\/a><\/h3>\n<h3><a href=\"https:\/\/agora.xtec.cat\/insjoanguinjoan\/wp-content\/uploads\/usu1332\/2025\/10\/CRITERIS-DAVALUACIO.SOCIALS.BAT-HISTORIA-CONTEMP.pdf\">CRITERIS D&#8217;AVALUACI\u00d3 HIST\u00d2RIA DEL M\u00d3N CONTEMPORANI BATXILLERAT<\/a><\/h3>\n<h3><a href=\"https:\/\/agora.xtec.cat\/insjoanguinjoan\/wp-content\/uploads\/usu1332\/2025\/10\/CRITERIS-DAVALUACIO.SOCIALS.BAT-H.ART_.pdf\">CRITERIS D&#8217;AVALUACI\u00d3 HIST\u00d2RIA DE L&#8217;ART BATXILLERAT<\/a><\/h3>\n<h3><a href=\"https:\/\/agora.xtec.cat\/insjoanguinjoan\/wp-content\/uploads\/usu1332\/2025\/10\/CRITERIS-DAVALUACIO.SOCIALS.BAT-GEO.pdf\">CRITERIS D&#8217;AVALUACI\u00d3 GEOGRAFIA BATXILLERAT<\/a><\/h3>\n<h3><a href=\"https:\/\/agora.xtec.cat\/insjoanguinjoan\/wp-content\/uploads\/usu1332\/2025\/10\/CRITERIS-DAVALUACIO.SOCIALS.BAT-ODS.pdf\">CRITERIS D&#8217;AVALUACI\u00d3 ODS BATXILLERAT<\/a><\/h3>\n<h3><a href=\"https:\/\/agora.xtec.cat\/insjoanguinjoan\/wp-content\/uploads\/usu1332\/2025\/10\/CRITERIS-DAVALUACIO.SOCIALS.BAT-PROB.SOC_.pdf\">CRITERIS D&#8217;AVALUACI\u00d3 PROBLEM\u00c0TIQUES SOCIALS BATXILLERAT<\/a><\/h3>\n<h3><a href=\"https:\/\/agora.xtec.cat\/insjoanguinjoan\/wp-content\/uploads\/usu1332\/2025\/10\/CRITERIS-DAVALUACIO-Llati-i-Grec-BAT.pdf\">CRITERIS D&#8217;AVALUACI\u00d3 LLAT\u00cd I GREC BATXILLERAT<\/a><\/h3>\n<h3><a href=\"https:\/\/agora.xtec.cat\/insjoanguinjoan\/wp-content\/uploads\/usu1332\/2025\/10\/CRITERIS-DAVALUACIO.BAT-FILOSOFIA-I-PSICOLOGIA.pdf\">CRITERIS D&#8217;AVALUACI\u00d3 FILOSOFIA I PSICOLOGIA BATXILLERAT<\/a><\/h3>\n<\/td>\n<\/tr>\n<\/tbody>\n<\/table>\n<p>&nbsp;<\/p>\n<p>&nbsp;<\/p>\n<table>\n<tbody>\n<tr>\n<td>\n<h5>Activitats d&#8217;estiu de C. Socials per tota l&#8217;ESO<\/h5>\n<p><a href=\"https:\/\/agora.xtec.cat\/insjoanguinjoan\/wp-content\/uploads\/usu1332\/2020\/07\/Activitats-destiu.docx\">Activitats d&#8217;estiu<\/a><\/td>\n<\/tr>\n<\/tbody>\n<\/table>\n<p>&nbsp;<\/p>\n<h1><\/h1>\n<p>&nbsp;<\/p>\n<p>&nbsp;<\/p>\n<p>&nbsp;<\/p>\n<p>&nbsp;<\/p>\n","protected":false},"excerpt":{"rendered":"<p>CI\u00c8NCIES SOCIALS CRITERIS D&#8217;AVALUACI\u00d3 SOCIALS ESO CRITERIS AVALUACIO CULTURA CLASSICA ESO CRITERIS D&#8217;AVALUACI\u00d3 LLAT\u00cd ESO CRITERIS D&#8217;AVALUACI\u00d3 HIST\u00d2RIA BATXILLERAT CRITERIS D&#8217;AVALUACI\u00d3 HIST\u00d2RIA DEL M\u00d3N CONTEMPORANI BATXILLERAT CRITERIS D&#8217;AVALUACI\u00d3 HIST\u00d2RIA DE L&#8217;ART BATXILLERAT CRITERIS D&#8217;AVALUACI\u00d3 GEOGRAFIA BATXILLERAT CRITERIS D&#8217;AVALUACI\u00d3 ODS BATXILLERAT CRITERIS D&#8217;AVALUACI\u00d3 PROBLEM\u00c0TIQUES SOCIALS BATXILLERAT CRITERIS D&#8217;AVALUACI\u00d3 LLAT\u00cd I GREC BATXILLERAT CRITERIS D&#8217;AVALUACI\u00d3 FILOSOFIA I [&hellip;]<\/p>\n","protected":false},"author":1,"featured_media":0,"parent":460,"menu_order":40,"comment_status":"closed","ping_status":"closed","template":"page-templates\/side-menu.php","meta":{"_bbp_topic_count":0,"_bbp_reply_count":0,"_bbp_total_topic_count":0,"_bbp_total_reply_count":0,"_bbp_voice_count":0,"_bbp_anonymous_reply_count":0,"_bbp_topic_count_hidden":0,"_bbp_reply_count_hidden":0,"_bbp_forum_subforum_count":0,"site-sidebar-layout":"default","site-content-layout":"","ast-site-content-layout":"","site-content-style":"default","site-sidebar-style":"default","ast-global-header-display":"","ast-banner-title-visibility":"","ast-main-header-display":"","ast-hfb-above-header-display":"","ast-hfb-below-header-display":"","ast-hfb-mobile-header-display":"","site-post-title":"","ast-breadcrumbs-content":"","ast-featured-img":"","footer-sml-layout":"","theme-transparent-header-meta":"","adv-header-id-meta":"","stick-header-meta":"","header-above-stick-meta":"","header-main-stick-meta":"","header-below-stick-meta":"","astra-migrate-meta-layouts":"default","ast-page-background-enabled":"default","ast-page-background-meta":{"desktop":{"background-color":"var(--ast-global-color-4)","background-image":"","background-repeat":"repeat","background-position":"center center","background-size":"auto","background-attachment":"scroll","background-type":"","background-media":"","overlay-type":"","overlay-color":"","overlay-opacity":"","overlay-gradient":""},"tablet":{"background-color":"","background-image":"","background-repeat":"repeat","background-position":"center center","background-size":"auto","background-attachment":"scroll","background-type":"","background-media":"","overlay-type":"","overlay-color":"","overlay-opacity":"","overlay-gradient":""},"mobile":{"background-color":"","background-image":"","background-repeat":"repeat","background-position":"center center","background-size":"auto","background-attachment":"scroll","background-type":"","background-media":"","overlay-type":"","overlay-color":"","overlay-opacity":"","overlay-gradient":""}},"ast-content-background-meta":{"desktop":{"background-color":"var(--ast-global-color-5)","background-image":"","background-repeat":"repeat","background-position":"center center","background-size":"auto","background-attachment":"scroll","background-type":"","background-media":"","overlay-type":"","overlay-color":"","overlay-opacity":"","overlay-gradient":""},"tablet":{"background-color":"var(--ast-global-color-5)","background-image":"","background-repeat":"repeat","background-position":"center center","background-size":"auto","background-attachment":"scroll","background-type":"","background-media":"","overlay-type":"","overlay-color":"","overlay-opacity":"","overlay-gradient":""},"mobile":{"background-color":"var(--ast-global-color-5)","background-image":"","background-repeat":"repeat","background-position":"center center","background-size":"auto","background-attachment":"scroll","background-type":"","background-media":"","overlay-type":"","overlay-color":"","overlay-opacity":"","overlay-gradient":""}},"footnotes":""},"class_list":["post-646","page","type-page","status-publish","hentry"],"post_mailing_queue_ids":[],"_links":{"self":[{"href":"https:\/\/agora.xtec.cat\/insjoanguinjoan\/wp-json\/wp\/v2\/pages\/646","targetHints":{"allow":["GET"]}}],"collection":[{"href":"https:\/\/agora.xtec.cat\/insjoanguinjoan\/wp-json\/wp\/v2\/pages"}],"about":[{"href":"https:\/\/agora.xtec.cat\/insjoanguinjoan\/wp-json\/wp\/v2\/types\/page"}],"author":[{"embeddable":true,"href":"https:\/\/agora.xtec.cat\/insjoanguinjoan\/wp-json\/wp\/v2\/users\/1"}],"replies":[{"embeddable":true,"href":"https:\/\/agora.xtec.cat\/insjoanguinjoan\/wp-json\/wp\/v2\/comments?post=646"}],"version-history":[{"count":6,"href":"https:\/\/agora.xtec.cat\/insjoanguinjoan\/wp-json\/wp\/v2\/pages\/646\/revisions"}],"predecessor-version":[{"id":10050,"href":"https:\/\/agora.xtec.cat\/insjoanguinjoan\/wp-json\/wp\/v2\/pages\/646\/revisions\/10050"}],"up":[{"embeddable":true,"href":"https:\/\/agora.xtec.cat\/insjoanguinjoan\/wp-json\/wp\/v2\/pages\/460"}],"wp:attachment":[{"href":"https:\/\/agora.xtec.cat\/insjoanguinjoan\/wp-json\/wp\/v2\/media?parent=646"}],"curies":[{"name":"wp","href":"https:\/\/api.w.org\/{rel}","templated":true}]}}