{"id":537,"date":"2016-07-01T12:28:29","date_gmt":"2016-07-01T11:28:29","guid":{"rendered":"http:\/\/agora.xtec.cat\/insjoanguinjoan\/?page_id=537"},"modified":"2026-03-24T16:48:40","modified_gmt":"2026-03-24T15:48:40","slug":"autoritzacions-i-sol%c2%b7licituds","status":"publish","type":"page","link":"https:\/\/agora.xtec.cat\/insjoanguinjoan\/secretaria\/autoritzacions-i-sol%c2%b7licituds\/","title":{"rendered":"Sol\u00b7licituds"},"content":{"rendered":"\n<p>Pots presentar la teva sol\u00b7licitud <strong>gen\u00e8rica<\/strong>, de <strong>baixa <\/strong>d&#8217;un alumne\/a o de <strong>canvi de mat\u00e8ria<\/strong> en l\u00ednia:<\/p>\n\n\n\n<div class=\"wp-block-buttons is-content-justification-center is-layout-flex wp-container-core-buttons-is-layout-1 wp-block-buttons-is-layout-flex\">\n<div class=\"wp-block-button\"><a class=\"wp-block-button__link wp-element-button\" href=\"https:\/\/docs.google.com\/forms\/d\/e\/1FAIpQLSf-yTjyXyZYbDpVn6zGZxPyZL74JoSN4jU-jK313JfUT3GXqg\/viewform?usp=publish-editor\" target=\"_blank\" rel=\"noreferrer noopener\">FES LA TEVA SOL\u00b7LICITUD<\/a><\/div>\n<\/div>\n\n\n\n<p>Tingues en compte que les sol\u00b7licituds de canvi de mat\u00e8ria (canvi d&#8217;optativa, de religi\u00f3 o d&#8217;activitats c\u00edviques i culturals) nom\u00e9s s&#8217;admetran a l&#8217;inici del curs, durant el primer trimestre.<\/p>\n\n\n\n<p><a href=\"https:\/\/agora.xtec.cat\/insjoanguinjoan\/wp-content\/uploads\/usu1332\/2023\/11\/Informacio-admissio-al-llarg-del-curs.pdf\">Informaci\u00f3 admissi\u00f3 al llarg del curs<\/a><\/p>\n\n\n\n<h4 class=\"wp-block-heading\">CONVALIDACIONS&nbsp;DE M\u00daSICA<\/h4>\n\n\n\n<p><table style=\"border-collapse: collapse; width: 100%;\"><tbody><tr><td style=\"width: 100%;\"><strong>ESO<\/strong>  &#8211; CONVALIDACIONS DE M\u00daSICA<br><p><a href=\"https:\/\/agora.xtec.cat\/insjoanguinjoan\/wp-content\/uploads\/usu1332\/2025\/10\/CUR_Simultaneitat_musica.pdf\">Normativa_Simultaneitat_musica<\/a><\/p><p><a href=\"https:\/\/agora.xtec.cat\/insjoanguinjoan\/wp-content\/uploads\/usu1332\/2025\/10\/Quadre_Simultaneitat_musica.pdf\">Quadre_Simultaneitat_musica<\/a><\/p><p><a href=\"https:\/\/agora.xtec.cat\/insjoanguinjoan\/wp-content\/uploads\/usu1332\/2022\/01\/EMU1_Sol.licitud_alumnes_musica_ESO.pdf\">EMU1 Sol.licitud alumnes m\u00fasica <\/a><\/p><p><a href=\"https:\/\/agora.xtec.cat\/insjoanguinjoan\/wp-content\/uploads\/usu1332\/2022\/01\/CMU2_Certificat_escola_musica_ESO.pdf\">CMU2 Certificat escola m\u00fasica <\/a><\/p><p><a href=\"https:\/\/agora.xtec.cat\/insjoanguinjoan\/wp-content\/uploads\/usu1332\/2022\/01\/CMU1_-Certificat_conservatori_ESO.pdf\">CMU1\u00a0 Certificat conservatori<\/a><\/p><p><a href=\"https:\/\/agora.xtec.cat\/insjoanguinjoan\/wp-content\/uploads\/usu1332\/2022\/09\/Y332_039_Pla-de-seguiment-escola-de-musica-autoritzada-ESO.pdf\">Y332_039_Pla de seguiment escola de m\u00fasica autoritzada ESO<\/a><\/p><\/td><\/tr><\/tbody><\/table><\/p>\n\n\n\n<p><table style=\"border-collapse: collapse; width: 100%;\"><tbody><tr><td style=\"width: 100%;\"><strong>BATXILLERAT<\/strong> &#8211; CONVALIDACIONS DE M\u00daSICA<br><p><a href=\"https:\/\/agora.xtec.cat\/insjoanguinjoan\/wp-content\/uploads\/usu1332\/2025\/10\/Quadre_Simultaneitat_musica.pdf\">Quadre_Simultaneitat_musica<\/a><\/p><p><a href=\"https:\/\/agora.xtec.cat\/insjoanguinjoan\/wp-content\/uploads\/usu1332\/2022\/01\/BMU3_Sol.licitud_alumnes_musica_batxillerat_escola_autoritzada.pdf\">BMU3 Sol.licitud alumnes m\u00fasica batxillerat escola autoritzada<\/a><\/p><p><a href=\"https:\/\/agora.xtec.cat\/insjoanguinjoan\/wp-content\/uploads\/usu1332\/2022\/01\/CMU3_Certificat_musica_batxillerat_escola-autoritzada.pdf\">CMU3 Certificat m\u00fasica batxillerat escola autoritzada<\/a><\/p><p><a href=\"https:\/\/agora.xtec.cat\/insjoanguinjoan\/wp-content\/uploads\/usu1332\/2022\/01\/BMU1-Sol.licitud-alumnes-musica-conservatori.pdf\">BMU1 Sol.licitud alumnes m\u00fasica conservatori<\/a><\/p><p><a href=\"https:\/\/agora.xtec.cat\/insjoanguinjoan\/wp-content\/uploads\/usu1332\/2022\/01\/CMU1-Certificat_conservatori_musica_batxillerat.pdf\">CMU1 Certificat conservatori m\u00fasica batxillerat<\/a><\/p><\/td><\/tr><\/tbody><\/table><\/p>\n\n\n\n<h4 class=\"wp-block-heading\">CONVALIDACIONS D&#8217;ESPORT <\/h4>\n\n\n\n<p>Junt amb la sol\u00b7licitud de convalidaci\u00f3 s&#8217;ha de presentar un<strong> certificat del Consell Catal\u00e0 de l&#8217;Esport<\/strong> conforme l&#8217;alumne \u00e9s un<strong> esportista d&#8217;alt rendiment (ARC) o de tecnificaci\u00f3<\/strong> de la federaci\u00f3 catalana corresponent. Podeu sol\u00b7licitar aquest certificat clicant <a href=\"https:\/\/tramits.gencat.cat\/ca\/tramits\/tramits-temes\/Sollicitud-del-certificat-desportista-dAlt-Rendiment-o-de-Tecnificacio\" target=\"_blank\" rel=\"noreferrer noopener\">AQU\u00cd<\/a><\/p>\n\n\n\n<p>Els alumnes amb dedicaci\u00f3 significativa a l&#8217;esport avalada pel Consell Catal\u00e0 de l&#8217;Esport que sol\u00b7liciten que se&#8217;ls reconeguin la mat\u00e8ria d&#8217;Educaci\u00f3 F\u00edsica. El reconeixament de la mat\u00e8ria d&#8217;Educaci\u00f3 F\u00edsica implica que no t\u00e9 qualificaci\u00f3 ni computa a l&#8217;efecte del c\u00e0lcul de la mitjana, i a les actes s&#8217;indica la valoraci\u00f3 &#8220;<em>Convalidat<\/em>&#8220;.<\/p>\n\n\n\n<p><p><a href=\"https:\/\/agora.xtec.cat\/insjoanguinjoan\/wp-content\/uploads\/usu1332\/2023\/09\/Sol.licitud-reconeixement-Educacio-Fisica-ESO.pdf\">Sol.licitud reconeixement Educaci\u00f3 F\u00edsica ESO<\/a><\/p><p><a href=\"https:\/\/agora.xtec.cat\/insjoanguinjoan\/wp-content\/uploads\/usu1332\/2024\/10\/Sollicitud-Convalidacio-educacio-fisica-Batxillerat.pdf\">Sol\u00b7licitud convalidaci\u00f3 Educaci\u00f3 F\u00edsica Batxillerat<\/a><\/p><\/p>\n\n\n\n<h4 class=\"wp-block-heading\">CONVALIDACIONS DE DANSA<\/h4>\n\n\n\n<p><table style=\"border-collapse: collapse; width: 100%;\"><tbody><tr><td style=\"width: 100%;\"><p><strong>ESO<\/strong> &#8211; CONVALIDACIONS DE DANSA<\/p><p><a href=\"https:\/\/agora.xtec.cat\/insjoanguinjoan\/wp-content\/uploads\/usu1332\/2025\/10\/CUR_Simultaneitat_dansa.pdf\">Normativa_Simultaneitat_dansa<\/a><\/p><p><a href=\"https:\/\/agora.xtec.cat\/insjoanguinjoan\/wp-content\/uploads\/usu1332\/2025\/10\/Quadre_Simultaneitat_dansa.pdf\">Quadre_Simultaneitat_dansa<\/a><\/p><p><a href=\"https:\/\/agora.xtec.cat\/insjoanguinjoan\/wp-content\/uploads\/usu1332\/2022\/01\/EDA1-Sollicitud-alumnes-ESO-que-cursen-estudis-de-dansa.pdf\">EDA1 Sol\u00b7licitud alumnes ESO que cursen estudis de dansa<\/a><\/p><p><a href=\"https:\/\/agora.xtec.cat\/insjoanguinjoan\/wp-content\/uploads\/usu1332\/2022\/01\/CDA1-Certificat-conservatori-o-centre-professional-de-dansa.pdf\">CDA1 Certificat conservatori o centre professional de dansa<\/a><\/p><p><a href=\"https:\/\/agora.xtec.cat\/insjoanguinjoan\/wp-content\/uploads\/usu1332\/2022\/01\/CDA2-Certificat-escola-de-dansa-autoritzada.pdf\">CDA2 Certificat escola de dansa autoritzada<\/a><\/p><p><a href=\"https:\/\/agora.xtec.cat\/insjoanguinjoan\/wp-content\/uploads\/usu1332\/2022\/09\/Y332_038_Pla-de-seguiment-escola-de-dansa-autoritzada.pdf\">Y332_038_Pla de seguiment escola de dansa autoritzada<\/a><\/p><\/td><\/tr><\/tbody><\/table> <table style=\"border-collapse: collapse; width: 100%;\"><tbody><tr><td style=\"width: 100%;\"><p><strong>BATXILLERAT<\/strong> &#8211; CONVALIDACIONS DE DANSA<\/p><p><a href=\"https:\/\/agora.xtec.cat\/insjoanguinjoan\/wp-content\/uploads\/usu1332\/2025\/10\/Quadre_Simultaneitat_dansa.pdf\">Quadre_Simultaneitat_dansa<\/a><\/p><p><a href=\"https:\/\/agora.xtec.cat\/insjoanguinjoan\/wp-content\/uploads\/usu1332\/2022\/01\/BDA1-Sol.licitud-alumnes-conservatori-o-centre-professional.pdf\">BDA1 Sol.licitud alumnes conservatori o centre professional<\/a><\/p><p><a href=\"https:\/\/agora.xtec.cat\/insjoanguinjoan\/wp-content\/uploads\/usu1332\/2022\/01\/BDA3-Sol.licitud-alumnes-escola-de-dansa-autoritzada.pdf\">BDA3 Sol.licitud alumnes escola de dansa autoritzada<\/a><\/p><p><a href=\"https:\/\/agora.xtec.cat\/insjoanguinjoan\/wp-content\/uploads\/usu1332\/2022\/01\/CDA1-Certificat-conservatori-o-centre-professional-dansa.pdf\">CDA1 Certificat conservatori o centre professional dansa<\/a><\/p><p><a href=\"https:\/\/agora.xtec.cat\/insjoanguinjoan\/wp-content\/uploads\/usu1332\/2022\/01\/CDA2-Certificat-descola-de-dansa-autoritzada-entre-7-i-10-hores-setmanals.pdf\">CDA2 Certificat d&#8217;escola de dansa autoritzada entre 7 i 10 hores setmanals<\/a><\/p><p><a href=\"https:\/\/agora.xtec.cat\/insjoanguinjoan\/wp-content\/uploads\/usu1332\/2022\/01\/CDA3-Certificat-descola-de-dansa-autoritzada-11-hores-o-mes-setmanals.pdf\">CDA3 Certificat d&#8217;escola de dansa autoritzada 11 hores o m\u00e9s setmanals<\/a><\/p><\/td><\/tr><\/tbody><\/table><\/p>\n\n\n\n<h4 class=\"wp-block-heading\">CONVALIDACI\u00d3 DE MAT\u00c8RIES DE BATXILLERAT PER ALUMNES QUE HAN SUPERAT UN CICLE DE GRAU MITJ\u00c0 O DE GRAU SUPERIOR<\/h4>\n\n\n\n<p><table style=\"border-collapse: collapse; width: 100%;\"><tbody><tr><td style=\"width: 100%;\"><p><a href=\"https:\/\/agora.xtec.cat\/insjoanguinjoan\/wp-content\/uploads\/usu1332\/2022\/01\/Sol.licitud-convalidacio-materies-batxillerat-per-superar-cicle-formatiu.pdf\">Sol.licitud convalidaci\u00f3 mat\u00e8ries batxillerat per superar cicle formatiu<\/a><\/p><\/td><\/tr><\/tbody><\/table><\/p>\n\n\n\n<h4 class=\"wp-block-heading\">CONVALIDACIONS CICLES FORMATIUS<\/h4>\n\n\n\n<p><table style=\"border-collapse: collapse; width: 100%; height: 163px;\"><tbody><tr style=\"height: 163px;\"><td style=\"width: 100%; height: 163px;\">Abans de fer la petici\u00f3 de sol\u00b7licitud a la Secretaria del Centre, cal comentar-ho amb el Coordinador de Cicles Formatius.<br><p><a href=\"https:\/\/agora.xtec.cat\/insjoanguinjoan\/wp-content\/uploads\/usu1332\/2022\/11\/Sol.licitud-de-convalidacio-directa.docx\">Sol.licitud de convalidaci\u00f3 directa<\/a> (Convalidacions que aplica el centre educatiu directament)<\/p><p><a href=\"https:\/\/agora.xtec.cat\/insjoanguinjoan\/wp-content\/uploads\/usu1332\/2022\/11\/Sollicitud-convalidacio-cicles-formatius.pdf\">Sol\u00b7licitud convalidaci\u00f3 singular<\/a> (Direcci\u00f3 General de Formaci\u00f3 Professional)<\/p><\/td><\/tr><\/tbody><\/table><\/p>\n\n\n\n<p><\/p>\n","protected":false},"excerpt":{"rendered":"<p>Pots presentar la teva sol\u00b7licitud gen\u00e8rica, de baixa d&#8217;un alumne\/a o de canvi de mat\u00e8ria en l\u00ednia: Tingues en compte que les sol\u00b7licituds de canvi de mat\u00e8ria (canvi d&#8217;optativa, de religi\u00f3 o d&#8217;activitats c\u00edviques i culturals) nom\u00e9s s&#8217;admetran a l&#8217;inici del curs, durant el primer trimestre. Informaci\u00f3 admissi\u00f3 al llarg del curs CONVALIDACIONS&nbsp;DE M\u00daSICA ESO [&hellip;]<\/p>\n","protected":false},"author":1,"featured_media":0,"parent":81,"menu_order":40,"comment_status":"closed","ping_status":"closed","template":"","meta":{"_bbp_topic_count":0,"_bbp_reply_count":0,"_bbp_total_topic_count":0,"_bbp_total_reply_count":0,"_bbp_voice_count":0,"_bbp_anonymous_reply_count":0,"_bbp_topic_count_hidden":0,"_bbp_reply_count_hidden":0,"_bbp_forum_subforum_count":0,"site-sidebar-layout":"default","site-content-layout":"","ast-site-content-layout":"default","site-content-style":"default","site-sidebar-style":"default","ast-global-header-display":"","ast-banner-title-visibility":"","ast-main-header-display":"","ast-hfb-above-header-display":"","ast-hfb-below-header-display":"","ast-hfb-mobile-header-display":"","site-post-title":"","ast-breadcrumbs-content":"","ast-featured-img":"","footer-sml-layout":"","theme-transparent-header-meta":"","adv-header-id-meta":"","stick-header-meta":"","header-above-stick-meta":"","header-main-stick-meta":"","header-below-stick-meta":"","astra-migrate-meta-layouts":"set","ast-page-background-enabled":"default","ast-page-background-meta":{"desktop":{"background-color":"var(--ast-global-color-4)","background-image":"","background-repeat":"repeat","background-position":"center center","background-size":"auto","background-attachment":"scroll","background-type":"","background-media":"","overlay-type":"","overlay-color":"","overlay-opacity":"","overlay-gradient":""},"tablet":{"background-color":"","background-image":"","background-repeat":"repeat","background-position":"center center","background-size":"auto","background-attachment":"scroll","background-type":"","background-media":"","overlay-type":"","overlay-color":"","overlay-opacity":"","overlay-gradient":""},"mobile":{"background-color":"","background-image":"","background-repeat":"repeat","background-position":"center center","background-size":"auto","background-attachment":"scroll","background-type":"","background-media":"","overlay-type":"","overlay-color":"","overlay-opacity":"","overlay-gradient":""}},"ast-content-background-meta":{"desktop":{"background-color":"var(--ast-global-color-5)","background-image":"","background-repeat":"repeat","background-position":"center center","background-size":"auto","background-attachment":"scroll","background-type":"","background-media":"","overlay-type":"","overlay-color":"","overlay-opacity":"","overlay-gradient":""},"tablet":{"background-color":"var(--ast-global-color-5)","background-image":"","background-repeat":"repeat","background-position":"center center","background-size":"auto","background-attachment":"scroll","background-type":"","background-media":"","overlay-type":"","overlay-color":"","overlay-opacity":"","overlay-gradient":""},"mobile":{"background-color":"var(--ast-global-color-5)","background-image":"","background-repeat":"repeat","background-position":"center center","background-size":"auto","background-attachment":"scroll","background-type":"","background-media":"","overlay-type":"","overlay-color":"","overlay-opacity":"","overlay-gradient":""}},"footnotes":"[]"},"class_list":["post-537","page","type-page","status-publish","hentry"],"post_mailing_queue_ids":[],"_links":{"self":[{"href":"https:\/\/agora.xtec.cat\/insjoanguinjoan\/wp-json\/wp\/v2\/pages\/537","targetHints":{"allow":["GET"]}}],"collection":[{"href":"https:\/\/agora.xtec.cat\/insjoanguinjoan\/wp-json\/wp\/v2\/pages"}],"about":[{"href":"https:\/\/agora.xtec.cat\/insjoanguinjoan\/wp-json\/wp\/v2\/types\/page"}],"author":[{"embeddable":true,"href":"https:\/\/agora.xtec.cat\/insjoanguinjoan\/wp-json\/wp\/v2\/users\/1"}],"replies":[{"embeddable":true,"href":"https:\/\/agora.xtec.cat\/insjoanguinjoan\/wp-json\/wp\/v2\/comments?post=537"}],"version-history":[{"count":6,"href":"https:\/\/agora.xtec.cat\/insjoanguinjoan\/wp-json\/wp\/v2\/pages\/537\/revisions"}],"predecessor-version":[{"id":10913,"href":"https:\/\/agora.xtec.cat\/insjoanguinjoan\/wp-json\/wp\/v2\/pages\/537\/revisions\/10913"}],"up":[{"embeddable":true,"href":"https:\/\/agora.xtec.cat\/insjoanguinjoan\/wp-json\/wp\/v2\/pages\/81"}],"wp:attachment":[{"href":"https:\/\/agora.xtec.cat\/insjoanguinjoan\/wp-json\/wp\/v2\/media?parent=537"}],"curies":[{"name":"wp","href":"https:\/\/api.w.org\/{rel}","templated":true}]}}