{"id":535,"date":"2016-07-01T12:28:03","date_gmt":"2016-07-01T11:28:03","guid":{"rendered":"http:\/\/agora.xtec.cat\/insjoanguinjoan\/?page_id=535"},"modified":"2026-04-08T11:21:57","modified_gmt":"2026-04-08T09:21:57","slug":"beques-i-ajuts","status":"publish","type":"page","link":"https:\/\/agora.xtec.cat\/insjoanguinjoan\/secretaria\/beques-i-ajuts\/","title":{"rendered":"Beques i ajuts"},"content":{"rendered":"\n<h4 class=\"wp-block-heading\"><strong>BEQUES ESTUDIS  NO UNIVERSITARIS (BATXILLERAT I CICLES FORMATIUS)&nbsp;| CURS 2026-2027<\/strong><\/h4>\n\n\n\n<p>Si el teu&nbsp;<strong>domicili familiar<\/strong>&nbsp;\u00e9s a Catalunya, has de fer la teva sol\u00b7licitud directament al web del Departament d&#8217;Educaci\u00f3 i Formaci\u00f3 Professional.<\/p>\n\n\n\n<p>Per accedir al formulari de sol\u00b7licitud cal&nbsp;<strong>identificar-se digitalment<\/strong>.<\/p>\n\n\n\n<p>Si l&#8217;estudiant \u00e9s&nbsp;<strong>menor de 18 anys<\/strong>&nbsp;i no els compleix aquest any, cal que el pare, mare o el tutor\/a legal que faci el tr\u00e0mit tingui una eina d&#8217;identificaci\u00f3 digital com ara l&#8217;idCAT M\u00f2bil, l&#8217;idCAT Certificat, el sistema Cl@ve, el DNI electr\u00f2nic, el certificat FNMT, la T-CAT, el Camefirma, etc.<\/p>\n\n\n\n<p>Si tens&nbsp;<strong>18 anys<\/strong>&nbsp;o els compleixes aquest any, podr\u00e0s tramitar-la tu mateix.<\/p>\n\n\n\n<p><strong>Termini de presentaci\u00f3 de la sol\u00b7licitud:<\/strong><\/p>\n\n\n\n<p>Del <strong>7 d&#8217;abril<\/strong> de 2026 a les 8:00 fins el <strong>18 de maig<\/strong> del 2026 a les 15:00<\/p>\n\n\n\n<div class=\"wp-block-getwid-button-group\"><div class=\"wp-block-getwid-button-group__wrapper\">\n<div class=\"wp-block-button\"><a class=\"wp-block-button__link wp-element-button\" href=\"https:\/\/tramits.gencat.cat\/ca\/tramits\/tramits-temes\/beques-estudis-no-universitaris?category=7449fd1c-a82c-11e3-a972-000c29052e2c&amp;moda=1\" target=\"_blank\" rel=\"noreferrer noopener\"><mark style=\"background-color:rgba(0, 0, 0, 0);color:#030303\" class=\"has-inline-color\">CLICA AQU\u00cd I PRESENTA LA TEVA SOL\u00b7LICITUD DE BECA D&#8217;ESTUDIS NO UNIVERSITARIS PEL CURS 2026-2027<\/mark><\/a><\/div>\n<\/div><\/div>\n\n\n\n<hr class=\"wp-block-separator has-alpha-channel-opacity\"\/>\n\n\n\n<h4 class=\"wp-block-heading\"><strong>BEQUES NESE ALUMNAT D&#8217;ESO, BATXILLERAT I CICLES FORMATIUS<\/strong> | CURS 2026-2027<\/h4>\n\n\n\n<figure class=\"wp-block-table\"><table class=\"has-fixed-layout\"><tbody><tr><td>Estem a l&#8217;espera que s&#8217;obri el termini de presentaci\u00f3 de sol\u00b7licituds d&#8217;aquestes beques pel pr\u00f2xim curs 2026-2027.<br><br><span style=\"font-size: revert; font-family: inherit; font-weight: inherit; color: var(--ast-global-color-3); background-color: var(--ast-global-color-5);\">Vols informaci\u00f3 sobre aquesta beca? Consulta la <a href=\"https:\/\/www.becaseducacion.gob.es\/becas-y-ayudas\/ayudas-apoyo-educativo\/tipos-de-becas.html\" target=\"_blank\" rel=\"noreferrer noopener\">web del <em>Ministerio de Educaci\u00f3n, Formaci\u00f3n Professional y Deportes<\/em><\/a><\/span> o a la <a href=\"https:\/\/educacio.gencat.cat\/ca\/serveis-tramits\/beques\/ajuts-nese\/index.html\" target=\"_blank\" rel=\"noreferrer noopener\">web del Departament d&#8217;Educaci\u00f3 i Formaci\u00f3 Professional <\/a>de la Generalitat de Catalunya.<br><br><span style=\"font-family: inherit; font-size: inherit; font-weight: inherit; color: var(--ast-global-color-3); background-color: var(--ast-global-color-5);\"><strong>Important!<\/strong> La&nbsp;<\/span><b style=\"font-family: inherit; font-size: inherit; color: var(--ast-global-color-3); background-color: var(--ast-global-color-5);\">sol\u00b7licitud no s\u2019ha de lliurar al centre educatiu<\/b><span style=\"font-family: inherit; font-size: inherit; font-weight: inherit; color: var(--ast-global-color-3); background-color: var(--ast-global-color-5);\">.&nbsp;<\/span><u style=\"font-family: inherit; font-size: inherit; font-weight: inherit; color: var(--ast-global-color-3); background-color: var(--ast-global-color-5);\">No<\/u><span style=\"text-decoration: underline;\">&nbsp;s\u2019haur\u00e0 d\u2019imprimir el formulari i presentar-lo al centre educatiu<\/span><span style=\"font-family: inherit; font-size: inherit; font-weight: inherit; color: var(--ast-global-color-3); background-color: var(--ast-global-color-5);\"> com en cursos anteriors. La sol\u00b7licitud es considera presentada en emplenar el formulari en l\u00ednia i obtenir el resguard de presentaci\u00f3.<\/span> <div>&nbsp;<\/div><\/td><\/tr><\/tbody><\/table><\/figure>\n","protected":false},"excerpt":{"rendered":"<p>BEQUES ESTUDIS NO UNIVERSITARIS (BATXILLERAT I CICLES FORMATIUS)&nbsp;| CURS 2026-2027 Si el teu&nbsp;domicili familiar&nbsp;\u00e9s a Catalunya, has de fer la teva sol\u00b7licitud directament al web del Departament d&#8217;Educaci\u00f3 i Formaci\u00f3 Professional. Per accedir al formulari de sol\u00b7licitud cal&nbsp;identificar-se digitalment. Si l&#8217;estudiant \u00e9s&nbsp;menor de 18 anys&nbsp;i no els compleix aquest any, cal que el pare, mare [&hellip;]<\/p>\n","protected":false},"author":1,"featured_media":0,"parent":81,"menu_order":30,"comment_status":"closed","ping_status":"closed","template":"","meta":{"_bbp_topic_count":0,"_bbp_reply_count":0,"_bbp_total_topic_count":0,"_bbp_total_reply_count":0,"_bbp_voice_count":0,"_bbp_anonymous_reply_count":0,"_bbp_topic_count_hidden":0,"_bbp_reply_count_hidden":0,"_bbp_forum_subforum_count":0,"site-sidebar-layout":"default","site-content-layout":"","ast-site-content-layout":"default","site-content-style":"default","site-sidebar-style":"default","ast-global-header-display":"","ast-banner-title-visibility":"","ast-main-header-display":"","ast-hfb-above-header-display":"","ast-hfb-below-header-display":"","ast-hfb-mobile-header-display":"","site-post-title":"","ast-breadcrumbs-content":"","ast-featured-img":"","footer-sml-layout":"","theme-transparent-header-meta":"","adv-header-id-meta":"","stick-header-meta":"","header-above-stick-meta":"","header-main-stick-meta":"","header-below-stick-meta":"","astra-migrate-meta-layouts":"set","ast-page-background-enabled":"default","ast-page-background-meta":{"desktop":{"background-color":"var(--ast-global-color-4)","background-image":"","background-repeat":"repeat","background-position":"center center","background-size":"auto","background-attachment":"scroll","background-type":"","background-media":"","overlay-type":"","overlay-color":"","overlay-opacity":"","overlay-gradient":""},"tablet":{"background-color":"","background-image":"","background-repeat":"repeat","background-position":"center center","background-size":"auto","background-attachment":"scroll","background-type":"","background-media":"","overlay-type":"","overlay-color":"","overlay-opacity":"","overlay-gradient":""},"mobile":{"background-color":"","background-image":"","background-repeat":"repeat","background-position":"center center","background-size":"auto","background-attachment":"scroll","background-type":"","background-media":"","overlay-type":"","overlay-color":"","overlay-opacity":"","overlay-gradient":""}},"ast-content-background-meta":{"desktop":{"background-color":"var(--ast-global-color-5)","background-image":"","background-repeat":"repeat","background-position":"center center","background-size":"auto","background-attachment":"scroll","background-type":"","background-media":"","overlay-type":"","overlay-color":"","overlay-opacity":"","overlay-gradient":""},"tablet":{"background-color":"var(--ast-global-color-5)","background-image":"","background-repeat":"repeat","background-position":"center center","background-size":"auto","background-attachment":"scroll","background-type":"","background-media":"","overlay-type":"","overlay-color":"","overlay-opacity":"","overlay-gradient":""},"mobile":{"background-color":"var(--ast-global-color-5)","background-image":"","background-repeat":"repeat","background-position":"center center","background-size":"auto","background-attachment":"scroll","background-type":"","background-media":"","overlay-type":"","overlay-color":"","overlay-opacity":"","overlay-gradient":""}},"footnotes":""},"class_list":["post-535","page","type-page","status-publish","hentry"],"post_mailing_queue_ids":[],"_links":{"self":[{"href":"https:\/\/agora.xtec.cat\/insjoanguinjoan\/wp-json\/wp\/v2\/pages\/535","targetHints":{"allow":["GET"]}}],"collection":[{"href":"https:\/\/agora.xtec.cat\/insjoanguinjoan\/wp-json\/wp\/v2\/pages"}],"about":[{"href":"https:\/\/agora.xtec.cat\/insjoanguinjoan\/wp-json\/wp\/v2\/types\/page"}],"author":[{"embeddable":true,"href":"https:\/\/agora.xtec.cat\/insjoanguinjoan\/wp-json\/wp\/v2\/users\/1"}],"replies":[{"embeddable":true,"href":"https:\/\/agora.xtec.cat\/insjoanguinjoan\/wp-json\/wp\/v2\/comments?post=535"}],"version-history":[{"count":6,"href":"https:\/\/agora.xtec.cat\/insjoanguinjoan\/wp-json\/wp\/v2\/pages\/535\/revisions"}],"predecessor-version":[{"id":10939,"href":"https:\/\/agora.xtec.cat\/insjoanguinjoan\/wp-json\/wp\/v2\/pages\/535\/revisions\/10939"}],"up":[{"embeddable":true,"href":"https:\/\/agora.xtec.cat\/insjoanguinjoan\/wp-json\/wp\/v2\/pages\/81"}],"wp:attachment":[{"href":"https:\/\/agora.xtec.cat\/insjoanguinjoan\/wp-json\/wp\/v2\/media?parent=535"}],"curies":[{"name":"wp","href":"https:\/\/api.w.org\/{rel}","templated":true}]}}