{"id":3363,"date":"2019-05-14T14:19:15","date_gmt":"2019-05-14T12:19:15","guid":{"rendered":"http:\/\/agora.xtec.cat\/insjoanguinjoan\/?page_id=3363"},"modified":"2019-05-14T14:19:15","modified_gmt":"2019-05-14T12:19:15","slug":"joan-guinjoan-i-gispert","status":"publish","type":"page","link":"https:\/\/agora.xtec.cat\/insjoanguinjoan\/linstitut\/joan-guinjoan-i-gispert\/","title":{"rendered":"Joan Guinjoan i Gispert"},"content":{"rendered":"<p>In memoriam<\/p>\n<p>La not\u00edcia del dec\u00e9s del compositor Joan Guinjoan, just encetat aquest any, va colpir tant el m\u00f3n de la m\u00fasica com la comunitat educativa de l\u2019institut d\u2019ensenyament secundari de Riudoms que duu el seu nom.<\/p>\n<p>Guinjoan, personatge genu\u00ed com pocs, senzill de tracte i de tarann\u00e0 bonhomi\u00f3s, ha esdevingut una figura de refer\u00e8ncia al nostre centre des que es va inaugurar l\u2019any 1996. De la petja com a m\u00fasic \u00ad\u2013 a bastament glossada per cr\u00edtics i especialistes\u2013 poc m\u00e9s es pot afegir si no \u00e9s la profunda admiraci\u00f3 cap a qui \u00e9s considerat el pare de la m\u00fasica contempor\u00e0nia a Catalunya.<\/p>\n<p>Acompanyar el mestre en les estrenes, concerts i actes d\u2019homenatge ha estat, sense cap mena de dubte, un privilegi. Per esmentar-ne uns quants: al Palau de Congressos de Tarragona, a l\u2019Auditori de Barcelona, al Palau de la M\u00fasica, a la Resid\u00e8ncia d\u2019Investigadors, al Conservatori del Liceu i a l\u2019Auditori Josep Carreras, la tardor passada, en qu\u00e8 Guinjoan \u2013 ja per impossibilitat d\u2019assistir al concert\u2013 hi va ser present amb una gravaci\u00f3 enregistrada dies abans. Un altre acte que cal destacar \u00e9s el <em>Cicle dedicat a Joan Guinjoan<\/em> i l\u2019obra programada per inaugurar-lo: el <em>Quartet n\u00ba 1 dedicat a Riudoms,<\/em> interpretat pel prestigi\u00f3s Quartet Gerhard i presentat pel compositor Ramon Humet.<\/p>\n<p>L\u2019estrena del <em>Sincrot\u00f3 Alba<\/em> el 2010, a mans de l\u2019OBC i amb Mart\u00ednez Izquierdo a la batuta, va ser un apropament brillant de la m\u00fasica als aven\u00e7os de la ci\u00e8ncia. Un recordat diumenge de maig que acab\u00e0 amb el <em>2n concert per a piano i orquestra<\/em> de Rakhm\u00e0ninov.<\/p>\n<p>Recordo especialment l\u2019estrena del poema simf\u00f2nic <em>Fiat Lux<\/em> amb l\u2019Orquestra del Gran Teatre del Liceu, dirigida per Josep Pons. Strauss i Wagner completaven un programa en un Palau vestit de gala on suraven els versos del poeta Clap\u00e9s, inspiradors de l\u2019obra:<\/p>\n<p style=\"text-align: center;\"><em>Cad\u00e8ncies d\u2019una m\u00fasica extrema<\/em><\/p>\n<p style=\"text-align: center;\"><em>escampada per l\u2019univers del misteri<\/em><\/p>\n<p>La presentaci\u00f3 del llibre <em>Joan Guinjoan. Les arrels del compositor Riudomenc<\/em>, al mateix institut, va ser tot un esdeveniment; com tamb\u00e9 ho va ser el nomenament de Fill Il\u00b7lustre a l\u2019Ajuntament, actes als quals vam poder acompanyar el mestre.<\/p>\n<p>La seva pres\u00e8ncia a les graduacions dels alumes quan aquests finalitzaven els seus estudis era habitual. Tot cofoi, li agradava dir que \u201canava al seu institut\u201d i s\u2019adre\u00e7ava als alumnes amb paraules sinceres i amables esperonant-los en l\u2019esfor\u00e7 i en la perseveran\u00e7a en el treball, tan importants com l\u2019honestedat per tal d\u2019esdevenir ciutadans responsables. Les seves intervencions acostumaven a acabar amb els versos de Rainer Maria Rilke que, segons deia, l\u2019acompanyaven sempre:<\/p>\n<p><em>\u00a0<\/em><\/p>\n<p style=\"text-align: center;\"><em>Ser artista \u00e9s cr\u00e9ixer com l\u2019arbre<\/em><\/p>\n<p style=\"text-align: center;\"><em>que no pressiona la seva saba,<\/em><\/p>\n<p style=\"text-align: center;\"><em>que resisteix tot confiant<\/em><\/p>\n<p style=\"text-align: center;\"><em>en els grans temps de primavera.<\/em><\/p>\n<p style=\"text-align: center;\"><em>L\u2019estiu arriba, per\u00f2 nom\u00e9s per aquells<\/em><\/p>\n<p style=\"text-align: center;\"><em>que saben esperar tranquils i oberts<\/em><\/p>\n<p style=\"text-align: center;\"><em>com si tinguessin l\u2019eternitat al davant.<\/em><\/p>\n<p style=\"text-align: center;\"><em>Ho aprenc cada dia<\/em><\/p>\n<p style=\"text-align: center;\"><em>a for\u00e7a de sofriments que beneeixo.<\/em><\/p>\n<p style=\"text-align: center;\"><em>Paci\u00e8ncia, res m\u00e9s.<\/em><\/p>\n<p>A banda de la m\u00fasica, si hagu\u00e9s de destacar algun tret d\u2019en Joan \u2013tal com li agradava que l\u2019anomen\u00e9ssim\u2013 fora indubtablement la conversa amena i propera, alhora estimulant i profunda. Escoltar-lo era un plaer. Sentir-lo explicar l\u2019experi\u00e8ncia del <em>Diabolus in Musica<\/em> o la cr\u00edtica d\u2019algun enregistrament, parlar del Quartet Brodsky o de Javier Perianes, el pianista que estrenaria l\u2019\u00faltima obra, <em>La llum naixent<\/em> i, sobretot, aprendre molt sobre Sch\u00f6nberg i Stravinsky era sempre una del\u00edcia.<\/p>\n<p>S\u2019emocionava a l\u2019aula de m\u00fasica de l\u2019institut tot mirant els treballs que havien realitzat els alumnes de primer d\u2019ESO amb les fotografies i els resums sobre la seva biografia. Amatent escoltava com treball\u00e0vem la seva obra i les reaccions de la mainada en escoltar <em>El Diari<\/em>, tan ben interpretat per la Maria Hinojosa o els matisos t\u00edmbrics en el joc de percussions, la for\u00e7a i la vitalitat de <em>l\u2019Homenatge a Carmen Amaya<\/em>.<\/p>\n<p>Cada any, els nois i noies se sorprenen de l\u2019originalitat dels fragments triats, perqu\u00e8 la m\u00fasica de Guinjoan \u00e9s diferent i \u00fanica. L\u2019energia d\u2019en Joan es contagiava f\u00e0cilment i per aix\u00f2 hav\u00edem programat una classe que, temps a venir, ell impartiria sobre <em>la Hist\u00f2ria del soldat<\/em>.<\/p>\n<p>Ens va quedar pendent la classe d\u2019Stravinsky i tamb\u00e9 uns fragments del <em>Concert per a obo\u00e8<\/em> KV 314 de Mozart que el professor Albert Lopeandia tocaria en una visita al carrer P\u00e0dua i que ja no vam poder fer.<\/p>\n<p>Del gran mestratge del bon amic Joan ens queden les paraules ben dites sorgides d\u2019una fresca espontane\u00eftat, d\u2019un home fidel als seus or\u00edgens, d\u2019un savi de gran humanitat.<\/p>\n<p>El nostre agra\u00efment a un home tan agra\u00eft.<\/p>\n<p>&nbsp;<\/p>\n<p>&nbsp;<\/p>\n<p>Pilar L\u00f3pez Bastida<\/p>\n<p>Professora de m\u00fasica de l\u2019Institut Joan Guinjoan i Gispert<\/p>\n","protected":false},"excerpt":{"rendered":"<p>In memoriam La not\u00edcia del dec\u00e9s del compositor Joan Guinjoan, just encetat aquest any, va colpir tant el m\u00f3n de la m\u00fasica com la comunitat educativa de l\u2019institut d\u2019ensenyament secundari de Riudoms que duu el seu nom. Guinjoan, personatge genu\u00ed com pocs, senzill de tracte i de tarann\u00e0 bonhomi\u00f3s, ha esdevingut una figura de refer\u00e8ncia [&hellip;]<\/p>\n","protected":false},"author":1,"featured_media":0,"parent":19,"menu_order":0,"comment_status":"closed","ping_status":"closed","template":"page-templates\/side-menu.php","meta":{"_bbp_topic_count":0,"_bbp_reply_count":0,"_bbp_total_topic_count":0,"_bbp_total_reply_count":0,"_bbp_voice_count":0,"_bbp_anonymous_reply_count":0,"_bbp_topic_count_hidden":0,"_bbp_reply_count_hidden":0,"_bbp_forum_subforum_count":0,"site-sidebar-layout":"default","site-content-layout":"","ast-site-content-layout":"","site-content-style":"default","site-sidebar-style":"default","ast-global-header-display":"","ast-banner-title-visibility":"","ast-main-header-display":"","ast-hfb-above-header-display":"","ast-hfb-below-header-display":"","ast-hfb-mobile-header-display":"","site-post-title":"","ast-breadcrumbs-content":"","ast-featured-img":"","footer-sml-layout":"","theme-transparent-header-meta":"","adv-header-id-meta":"","stick-header-meta":"","header-above-stick-meta":"","header-main-stick-meta":"","header-below-stick-meta":"","astra-migrate-meta-layouts":"default","ast-page-background-enabled":"default","ast-page-background-meta":{"desktop":{"background-color":"var(--ast-global-color-4)","background-image":"","background-repeat":"repeat","background-position":"center center","background-size":"auto","background-attachment":"scroll","background-type":"","background-media":"","overlay-type":"","overlay-color":"","overlay-opacity":"","overlay-gradient":""},"tablet":{"background-color":"","background-image":"","background-repeat":"repeat","background-position":"center center","background-size":"auto","background-attachment":"scroll","background-type":"","background-media":"","overlay-type":"","overlay-color":"","overlay-opacity":"","overlay-gradient":""},"mobile":{"background-color":"","background-image":"","background-repeat":"repeat","background-position":"center center","background-size":"auto","background-attachment":"scroll","background-type":"","background-media":"","overlay-type":"","overlay-color":"","overlay-opacity":"","overlay-gradient":""}},"ast-content-background-meta":{"desktop":{"background-color":"var(--ast-global-color-5)","background-image":"","background-repeat":"repeat","background-position":"center center","background-size":"auto","background-attachment":"scroll","background-type":"","background-media":"","overlay-type":"","overlay-color":"","overlay-opacity":"","overlay-gradient":""},"tablet":{"background-color":"var(--ast-global-color-5)","background-image":"","background-repeat":"repeat","background-position":"center center","background-size":"auto","background-attachment":"scroll","background-type":"","background-media":"","overlay-type":"","overlay-color":"","overlay-opacity":"","overlay-gradient":""},"mobile":{"background-color":"var(--ast-global-color-5)","background-image":"","background-repeat":"repeat","background-position":"center center","background-size":"auto","background-attachment":"scroll","background-type":"","background-media":"","overlay-type":"","overlay-color":"","overlay-opacity":"","overlay-gradient":""}},"footnotes":""},"class_list":["post-3363","page","type-page","status-publish","hentry"],"post_mailing_queue_ids":[],"_links":{"self":[{"href":"https:\/\/agora.xtec.cat\/insjoanguinjoan\/wp-json\/wp\/v2\/pages\/3363","targetHints":{"allow":["GET"]}}],"collection":[{"href":"https:\/\/agora.xtec.cat\/insjoanguinjoan\/wp-json\/wp\/v2\/pages"}],"about":[{"href":"https:\/\/agora.xtec.cat\/insjoanguinjoan\/wp-json\/wp\/v2\/types\/page"}],"author":[{"embeddable":true,"href":"https:\/\/agora.xtec.cat\/insjoanguinjoan\/wp-json\/wp\/v2\/users\/1"}],"replies":[{"embeddable":true,"href":"https:\/\/agora.xtec.cat\/insjoanguinjoan\/wp-json\/wp\/v2\/comments?post=3363"}],"version-history":[{"count":1,"href":"https:\/\/agora.xtec.cat\/insjoanguinjoan\/wp-json\/wp\/v2\/pages\/3363\/revisions"}],"predecessor-version":[{"id":3364,"href":"https:\/\/agora.xtec.cat\/insjoanguinjoan\/wp-json\/wp\/v2\/pages\/3363\/revisions\/3364"}],"up":[{"embeddable":true,"href":"https:\/\/agora.xtec.cat\/insjoanguinjoan\/wp-json\/wp\/v2\/pages\/19"}],"wp:attachment":[{"href":"https:\/\/agora.xtec.cat\/insjoanguinjoan\/wp-json\/wp\/v2\/media?parent=3363"}],"curies":[{"name":"wp","href":"https:\/\/api.w.org\/{rel}","templated":true}]}}