{"id":10903,"date":"2026-03-24T09:52:43","date_gmt":"2026-03-24T08:52:43","guid":{"rendered":"https:\/\/agora.xtec.cat\/insjoanguinjoan\/?page_id=10903"},"modified":"2026-04-23T10:47:27","modified_gmt":"2026-04-23T08:47:27","slug":"proximament-podcast-3r-eso-llenya-a-la-fumera","status":"publish","type":"page","link":"https:\/\/agora.xtec.cat\/insjoanguinjoan\/projecte-educatiu\/proximament-podcast-3r-eso-llenya-a-la-fumera\/","title":{"rendered":"Podcast 3r ESO: Llenya a la fumera"},"content":{"rendered":"\n<p><strong>Arriba \u201cLlenya a la fumera\u201d, el p\u00f2dcast creat per l\u2019alumnat de 3r d\u2019ESO&nbsp;&nbsp;<\/strong><\/p>\n\n\n\n<p>Els alumnes de 3r d\u2019ESO de l\u2019optativa&nbsp;<em>\u201c<\/em>Fem un p\u00f2dcast<em>\u201d<\/em>&nbsp;presenten&nbsp;<strong>\u201cLlenya a la fumera\u201d<\/strong>, un projecte sonor que dona veu a les seves idees i inquietuds.<\/p>\n\n\n\n<p>El primer episodi de la primera temporada es publicar\u00e0 el 21 d\u2019abril. Aquesta temporada tindr\u00e0 un total de 8 episodis que tracten de temes diversos com ara&nbsp; l\u2019amor, les amistats, l\u2019humor, les xarxes socials, els esports&#8230;<\/p>\n\n\n\n<p>La mat\u00e8ria optativa &#8220;Fem un p\u00f2dcast&#8221; \u00e9s una proposta que fomenta la creativitat, la comunicaci\u00f3 i l\u2019expressi\u00f3 oral de l\u2019alumnat.<\/p>\n\n\n\n<figure class=\"wp-block-image size-large\"><a href=\"https:\/\/aicle2.my.canva.site\/llenyaalafumera\"><img loading=\"lazy\" decoding=\"async\" width=\"1024\" height=\"637\" src=\"https:\/\/agora.xtec.cat\/insjoanguinjoan\/wp-content\/uploads\/usu1332\/2026\/03\/Disseny-sense-titol-1024x637.png\" alt=\"\" class=\"wp-image-10907\" srcset=\"https:\/\/agora.xtec.cat\/insjoanguinjoan\/wp-content\/uploads\/usu1332\/2026\/03\/Disseny-sense-titol-1024x637.png 1024w, https:\/\/agora.xtec.cat\/insjoanguinjoan\/wp-content\/uploads\/usu1332\/2026\/03\/Disseny-sense-titol-300x187.png 300w, https:\/\/agora.xtec.cat\/insjoanguinjoan\/wp-content\/uploads\/usu1332\/2026\/03\/Disseny-sense-titol-768x478.png 768w, https:\/\/agora.xtec.cat\/insjoanguinjoan\/wp-content\/uploads\/usu1332\/2026\/03\/Disseny-sense-titol.png 1366w\" sizes=\"auto, (max-width: 1024px) 100vw, 1024px\" \/><\/a><\/figure>\n\n\n\n<p><\/p>\n","protected":false},"excerpt":{"rendered":"<p>Arriba \u201cLlenya a la fumera\u201d, el p\u00f2dcast creat per l\u2019alumnat de 3r d\u2019ESO&nbsp;&nbsp; Els alumnes de 3r d\u2019ESO de l\u2019optativa&nbsp;\u201cFem un p\u00f2dcast\u201d&nbsp;presenten&nbsp;\u201cLlenya a la fumera\u201d, un projecte sonor que dona veu a les seves idees i inquietuds. El primer episodi de la primera temporada es publicar\u00e0 el 21 d\u2019abril. Aquesta temporada tindr\u00e0 un total de [&hellip;]<\/p>\n","protected":false},"author":1,"featured_media":10907,"parent":57,"menu_order":0,"comment_status":"closed","ping_status":"closed","template":"","meta":{"_bbp_topic_count":0,"_bbp_reply_count":0,"_bbp_total_topic_count":0,"_bbp_total_reply_count":0,"_bbp_voice_count":0,"_bbp_anonymous_reply_count":0,"_bbp_topic_count_hidden":0,"_bbp_reply_count_hidden":0,"_bbp_forum_subforum_count":0,"site-sidebar-layout":"default","site-content-layout":"","ast-site-content-layout":"default","site-content-style":"default","site-sidebar-style":"default","ast-global-header-display":"","ast-banner-title-visibility":"","ast-main-header-display":"","ast-hfb-above-header-display":"","ast-hfb-below-header-display":"","ast-hfb-mobile-header-display":"","site-post-title":"","ast-breadcrumbs-content":"","ast-featured-img":"","footer-sml-layout":"","theme-transparent-header-meta":"","adv-header-id-meta":"","stick-header-meta":"","header-above-stick-meta":"","header-main-stick-meta":"","header-below-stick-meta":"","astra-migrate-meta-layouts":"set","ast-page-background-enabled":"default","ast-page-background-meta":{"desktop":{"background-color":"var(--ast-global-color-4)","background-image":"","background-repeat":"repeat","background-position":"center center","background-size":"auto","background-attachment":"scroll","background-type":"","background-media":"","overlay-type":"","overlay-color":"","overlay-opacity":"","overlay-gradient":""},"tablet":{"background-color":"","background-image":"","background-repeat":"repeat","background-position":"center center","background-size":"auto","background-attachment":"scroll","background-type":"","background-media":"","overlay-type":"","overlay-color":"","overlay-opacity":"","overlay-gradient":""},"mobile":{"background-color":"","background-image":"","background-repeat":"repeat","background-position":"center center","background-size":"auto","background-attachment":"scroll","background-type":"","background-media":"","overlay-type":"","overlay-color":"","overlay-opacity":"","overlay-gradient":""}},"ast-content-background-meta":{"desktop":{"background-color":"var(--ast-global-color-5)","background-image":"","background-repeat":"repeat","background-position":"center center","background-size":"auto","background-attachment":"scroll","background-type":"","background-media":"","overlay-type":"","overlay-color":"","overlay-opacity":"","overlay-gradient":""},"tablet":{"background-color":"var(--ast-global-color-5)","background-image":"","background-repeat":"repeat","background-position":"center center","background-size":"auto","background-attachment":"scroll","background-type":"","background-media":"","overlay-type":"","overlay-color":"","overlay-opacity":"","overlay-gradient":""},"mobile":{"background-color":"var(--ast-global-color-5)","background-image":"","background-repeat":"repeat","background-position":"center center","background-size":"auto","background-attachment":"scroll","background-type":"","background-media":"","overlay-type":"","overlay-color":"","overlay-opacity":"","overlay-gradient":""}},"footnotes":""},"class_list":["post-10903","page","type-page","status-publish","has-post-thumbnail","hentry"],"post_mailing_queue_ids":[],"_links":{"self":[{"href":"https:\/\/agora.xtec.cat\/insjoanguinjoan\/wp-json\/wp\/v2\/pages\/10903","targetHints":{"allow":["GET"]}}],"collection":[{"href":"https:\/\/agora.xtec.cat\/insjoanguinjoan\/wp-json\/wp\/v2\/pages"}],"about":[{"href":"https:\/\/agora.xtec.cat\/insjoanguinjoan\/wp-json\/wp\/v2\/types\/page"}],"author":[{"embeddable":true,"href":"https:\/\/agora.xtec.cat\/insjoanguinjoan\/wp-json\/wp\/v2\/users\/1"}],"replies":[{"embeddable":true,"href":"https:\/\/agora.xtec.cat\/insjoanguinjoan\/wp-json\/wp\/v2\/comments?post=10903"}],"version-history":[{"count":5,"href":"https:\/\/agora.xtec.cat\/insjoanguinjoan\/wp-json\/wp\/v2\/pages\/10903\/revisions"}],"predecessor-version":[{"id":10997,"href":"https:\/\/agora.xtec.cat\/insjoanguinjoan\/wp-json\/wp\/v2\/pages\/10903\/revisions\/10997"}],"up":[{"embeddable":true,"href":"https:\/\/agora.xtec.cat\/insjoanguinjoan\/wp-json\/wp\/v2\/pages\/57"}],"wp:featuredmedia":[{"embeddable":true,"href":"https:\/\/agora.xtec.cat\/insjoanguinjoan\/wp-json\/wp\/v2\/media\/10907"}],"wp:attachment":[{"href":"https:\/\/agora.xtec.cat\/insjoanguinjoan\/wp-json\/wp\/v2\/media?parent=10903"}],"curies":[{"name":"wp","href":"https:\/\/api.w.org\/{rel}","templated":true}]}}

<p><strong>Arriba “Llenya a la fumera”, el pòdcast creat per l’alumnat de 3r d’ESO&nbsp;&nbsp;</strong></p>



<p>Els alumnes de 3r d’ESO de l’optativa&nbsp;<em>“</em>Fem un pòdcast<em>”</em>&nbsp;presenten&nbsp;<strong>“Llenya a la fumera”</strong>, un projecte sonor que dona veu a les seves idees i inquietuds.</p>



<p>El primer episodi de la primera temporada es publicarà el 21 d’abril. Aquesta temporada tindrà un total de 8 episodis que tracten de temes diversos com ara&nbsp; l’amor, les amistats, l’humor, les xarxes socials, els esports&#8230;</p>



<p>La matèria optativa &#8220;Fem un pòdcast&#8221; és una proposta que fomenta la creativitat, la comunicació i l’expressió oral de l’alumnat.</p>



<figure class="wp-block-image size-large"><a href="https://aicle2.my.canva.site/llenyaalafumera"><img loading="lazy" decoding="async" width="1024" height="637" src="https://agora.xtec.cat/insjoanguinjoan/wp-content/uploads/usu1332/2026/03/Disseny-sense-titol-1024x637.png" alt="" class="wp-image-10907" srcset="https://agora.xtec.cat/insjoanguinjoan/wp-content/uploads/usu1332/2026/03/Disseny-sense-titol-1024x637.png 1024w, https://agora.xtec.cat/insjoanguinjoan/wp-content/uploads/usu1332/2026/03/Disseny-sense-titol-300x187.png 300w, https://agora.xtec.cat/insjoanguinjoan/wp-content/uploads/usu1332/2026/03/Disseny-sense-titol-768x478.png 768w, https://agora.xtec.cat/insjoanguinjoan/wp-content/uploads/usu1332/2026/03/Disseny-sense-titol.png 1366w" sizes="auto, (max-width: 1024px) 100vw, 1024px" /></a></figure>



<p></p>

<p>Arriba “Llenya a la fumera”, el pòdcast creat per l’alumnat de 3r d’ESO&nbsp;&nbsp; Els alumnes de 3r d’ESO de l’optativa&nbsp;“Fem un pòdcast”&nbsp;presenten&nbsp;“Llenya a la fumera”, un projecte sonor que dona veu a les seves idees i inquietuds. El primer episodi de la primera temporada es publicarà el 21 d’abril. Aquesta temporada tindrà un total de [&hellip;]</p>
