{"id":7686,"date":"2020-06-25T11:24:50","date_gmt":"2020-06-25T09:24:50","guid":{"rendered":"http:\/\/agora.xtec.cat\/insjoandaustria\/?page_id=7686"},"modified":"2020-06-25T11:41:04","modified_gmt":"2020-06-25T09:41:04","slug":"mobilitat-de-professorat","status":"publish","type":"page","link":"https:\/\/agora.xtec.cat\/insjoandaustria\/serveis\/mobilitat-internacional\/mobilitat-de-professorat\/","title":{"rendered":"Mobilitat de professorat"},"content":{"rendered":"<h1>A qui van dirigides<\/h1>\n<p>Al tot el <strong>professorat<\/strong> actual de <strong>cicles formatius de l&#8217;INS Joan d&#8217;\u00c0ustria<\/strong>, ja siguin funcionaris interins, funcionaris en pr\u00e0ctiques o funcionaris de carrera.<\/p>\n<h1>En qu\u00e8 consisteixen<\/h1>\n<p>Actualment, el centre a trav\u00e9s del Departament d&#8217;Educaci\u00f3 ofereix la possibilitat de realitzar <strong>dos tipus de mobilitats<\/strong> depenent dels interessos i preparaci\u00f3 del professorat:<\/p>\n<ul>\n<li style=\"list-style-type: none;\">\n<ul>\n<li><strong>Mobilitat AICLE (CLIL):<\/strong> En aquesta modalitat, durant una setmana, el professorat visita altres centres estrangers i realitza all\u00e0 diferents tallers i activitats relacionades en la implementaci\u00f3 de noves metodologies aplicades a altres pa\u00efsos, les quals poden ser extrapolades despr\u00e9s a les nostres aules.<\/li>\n<li><strong>Mobilitat FP DUAL<\/strong>: En aquesta modalitat, durant una setmana, el professorat visita altres centres estrangers i empreses associades a aquests centres, per comprendre i comprovar el funcionament del DUAL a l&#8217;estranger, i trobar possibles socis per establir nous convenis de col\u00b7laboraci\u00f3.<\/li>\n<\/ul>\n<\/li>\n<\/ul>\n<p>En totes dues modalitats, el professorat implicat estar\u00e0 en contacte directe amb els i les responsables del Departament d&#8217;Educaci\u00f3 en termes de mobilitat, per enllestir els detalls necessaris, determinar l&#8217;itinerari a seguir, les activitats a realitzar\u2026 a m\u00e9s a m\u00e9s, a trav\u00e9s de l&#8217;equip de mobilitat del centre, se&#8217;ls informar\u00e0 i assessorar\u00e0 en els possibles dubtes que sorgeixin durant tot el proc\u00e9s.<\/p>\n<p>Els pa\u00efsos de destinaci\u00f3 poden variar en les diferents convocat\u00f2ries, depenent del programa tancat pel Departament d&#8217;Educaci\u00f3; per\u00f2, entre altres, es treballa amb socis dels pa\u00efsos de Finl\u00e0ndia i Alemanya.<\/p>\n<h1>Quan tenen lloc<\/h1>\n<p>Les mobilitats de professorat es realitzen <strong>durant el mes de juliol<\/strong> (a qualsevol de les dues quinzenes), per impactar el menys possible amb les hores lectives al centre. Aquestes accions es comptabilitzen tamb\u00e9 com a programes de formaci\u00f3 pel professorat implicat.<\/p>\n<h1>Com es pot participar<b><a href=\"https:\/\/docs.google.com\/document\/d\/1FXqDy67Nl7Gk3z6pDvJPBVzqe_xWE4B88KCSPqenXRk\/preview\" target=\"_blank\" rel=\"noopener noreferrer\"><img loading=\"lazy\" decoding=\"async\" class=\" wp-image-6429 alignright\" src=\"https:\/\/agora.xtec.cat\/insjoandaustria\/wp-content\/uploads\/usu216\/2019\/11\/logo-doc.png\" alt=\"logo foc file\" width=\"90\" height=\"90\" srcset=\"https:\/\/agora.xtec.cat\/insjoandaustria\/wp-content\/uploads\/usu216\/2019\/11\/logo-doc.png 512w, https:\/\/agora.xtec.cat\/insjoandaustria\/wp-content\/uploads\/usu216\/2019\/11\/logo-doc-150x150.png 150w, https:\/\/agora.xtec.cat\/insjoandaustria\/wp-content\/uploads\/usu216\/2019\/11\/logo-doc-300x300.png 300w\" sizes=\"auto, (max-width: 90px) 100vw, 90px\" \/><\/a><\/b><\/h1>\n<p>Per tal de participar, el professorat interessat ha de lliurar la <a href=\"https:\/\/docs.google.com\/document\/d\/1FXqDy67Nl7Gk3z6pDvJPBVzqe_xWE4B88KCSPqenXRk\/preview\" target=\"_blank\" rel=\"noopener noreferrer\">sol\u00b7licitud de participaci\u00f3<\/a> impresa i signada a l&#8217;equip de mobilitat del centre <strong>abans que finalitze el mes d&#8217;octubre<\/strong>.<\/p>\n<h1>Criteris de selecci\u00f3<\/h1>\n<p>Per a la selecci\u00f3 d&#8217;aspirants es tindran presents els seg\u00fcents criteris, sempre que el n\u00famero de professorat interessat sigui superior al de places oferides per la mobilitat al centre:<\/p>\n<table style=\"width: 746px; margin: 0 auto;\">\n<tbody>\n<tr>\n<td style=\"width: 470.7px; text-align: center; background-color: #ffdac4;\"><strong>Concepte<\/strong><\/td>\n<td style=\"width: 188.3px; text-align: center; background-color: #ffdac4;\"><strong>Instrument<\/strong><\/td>\n<td style=\"width: 77px; text-align: center; background-color: #ffdac4;\"><strong>Valoraci\u00f3<\/strong><\/td>\n<\/tr>\n<tr>\n<td style=\"width: 470.7px;\">Participaci\u00f3 en jornades JEDAI i participaci\u00f3 en projectes externs proposats pel centre o pel mateix professorat.<\/td>\n<td style=\"width: 188.3px;\">\n<ul>\n<li>Entrevista personal i\/o enquesta.<\/li>\n<li>Recollida d&#8217;informaci\u00f3<\/li>\n<\/ul>\n<\/td>\n<td style=\"width: 77px; text-align: center;\"><strong>30%<\/strong><\/td>\n<\/tr>\n<tr>\n<td style=\"width: 470.7px;\">Nivell adquirit a idiomes estrangers (m\u00ednim un B1).<\/td>\n<td style=\"width: 188.3px;\">Certificats oficials<\/td>\n<td style=\"width: 77px; text-align: center;\"><strong>30%<\/strong><\/td>\n<\/tr>\n<tr>\n<td style=\"width: 470.7px;\">Hores de formaci\u00f3 reconegudes a ATRI, relacionades amb la tipologia de la mobilitat.<\/td>\n<td style=\"width: 188.3px;\">Extracte resum d&#8217;ATRI.<\/td>\n<td style=\"width: 77px; text-align: center;\"><strong>10%<\/strong><\/td>\n<\/tr>\n<tr>\n<td style=\"width: 470.7px;\">Hores d&#8217;implantaci\u00f3 d&#8217;AICLE als m\u00f2duls impartits.<\/p>\n<p>Tutoria de DUAL i\/o FCTs o c\u00e0rrec al centre.<\/td>\n<td style=\"width: 188.3px;\">\n<ul>\n<li>Programaci\u00f3 de M\u00f2dul Professional<\/li>\n<li>Assignaci\u00f3 de pla\u00e7a actual o passada (ATRI).<\/li>\n<\/ul>\n<\/td>\n<td style=\"width: 77px; text-align: center;\"><strong>30%<\/strong><\/td>\n<\/tr>\n<\/tbody>\n<\/table>\n<h1>Comunicaci\u00f3<\/h1>\n<p>El resultat del proc\u00e9s de selecci\u00f3 li ser\u00e0 comunicat al candidat\/a pel responsable de mobilitat del centre, <strong>via correu electr\u00f2nic<\/strong>, tot indicant-ne la posici\u00f3 obtinguda en l\u2019ordre de selecci\u00f3 i el nom del professorat que resta en llista d\u2019espera. Aix\u00ed mateix, es publicar\u00e0 tamb\u00e9 al <strong>suro del corredor<\/strong> de secretaria i a la <strong><a href=\"https:\/\/agora.xtec.cat\/insjoandaustria\/serveis\/mobilitat-internacional\/mobilitats-erasmusjda\/\" target=\"_blank\" rel=\"noopener noreferrer\">web de mobilitat<\/a><\/strong> els resultats de la selecci\u00f3.<\/p>\n<p><a href=\"https:\/\/agora.xtec.cat\/insjoandaustria\/wp-content\/uploads\/usu216\/2019\/11\/ErasmusCofundedLogo.png\"><img loading=\"lazy\" decoding=\"async\" class=\" wp-image-6445 alignright\" src=\"https:\/\/agora.xtec.cat\/insjoandaustria\/wp-content\/uploads\/usu216\/2019\/11\/ErasmusCofundedLogo.png\" alt=\"Erasmus co-funded logo\" width=\"218\" height=\"50\" srcset=\"https:\/\/agora.xtec.cat\/insjoandaustria\/wp-content\/uploads\/usu216\/2019\/11\/ErasmusCofundedLogo.png 844w, https:\/\/agora.xtec.cat\/insjoandaustria\/wp-content\/uploads\/usu216\/2019\/11\/ErasmusCofundedLogo-300x69.png 300w, https:\/\/agora.xtec.cat\/insjoandaustria\/wp-content\/uploads\/usu216\/2019\/11\/ErasmusCofundedLogo-768x176.png 768w\" sizes=\"auto, (max-width: 218px) 100vw, 218px\" \/><\/a><\/p>\n","protected":false},"excerpt":{"rendered":"<p>A qui van dirigides<br \/>\nAl tot el professorat actual de cicles formatius de l&#8217;INS Joan d&#8217;\u00c0ustria, ja siguin funcionaris interins, funcionaris en pr\u00e0ctiques o funcionaris de carrera.<br \/>\nEn qu\u00e8 consisteixen<br \/>\nActualment, el centre a trav\u00e9s del Departament d&#8217;Educaci\u00f3 ofereix la possibilitat de realitzar dos tipus de mobilitats depenent&hellip;  <a href=\"https:\/\/agora.xtec.cat\/insjoandaustria\/serveis\/mobilitat-internacional\/mobilitat-de-professorat\/\" title=\"Read Mobilitat de professorat\">Llegeix m\u00e9s\u00bb<\/a><\/p>\n","protected":false},"author":410,"featured_media":0,"parent":5049,"menu_order":7,"comment_status":"closed","ping_status":"closed","template":"page-templates\/side-menu.php","meta":{"_bbp_topic_count":0,"_bbp_reply_count":0,"_bbp_total_topic_count":0,"_bbp_total_reply_count":0,"_bbp_voice_count":0,"_bbp_anonymous_reply_count":0,"_bbp_topic_count_hidden":0,"_bbp_reply_count_hidden":0,"_bbp_forum_subforum_count":0,"footnotes":""},"class_list":["post-7686","page","type-page","status-publish","hentry"],"post_mailing_queue_ids":[],"_links":{"self":[{"href":"https:\/\/agora.xtec.cat\/insjoandaustria\/wp-json\/wp\/v2\/pages\/7686","targetHints":{"allow":["GET"]}}],"collection":[{"href":"https:\/\/agora.xtec.cat\/insjoandaustria\/wp-json\/wp\/v2\/pages"}],"about":[{"href":"https:\/\/agora.xtec.cat\/insjoandaustria\/wp-json\/wp\/v2\/types\/page"}],"author":[{"embeddable":true,"href":"https:\/\/agora.xtec.cat\/insjoandaustria\/wp-json\/wp\/v2\/users\/410"}],"replies":[{"embeddable":true,"href":"https:\/\/agora.xtec.cat\/insjoandaustria\/wp-json\/wp\/v2\/comments?post=7686"}],"version-history":[{"count":3,"href":"https:\/\/agora.xtec.cat\/insjoandaustria\/wp-json\/wp\/v2\/pages\/7686\/revisions"}],"predecessor-version":[{"id":7737,"href":"https:\/\/agora.xtec.cat\/insjoandaustria\/wp-json\/wp\/v2\/pages\/7686\/revisions\/7737"}],"up":[{"embeddable":true,"href":"https:\/\/agora.xtec.cat\/insjoandaustria\/wp-json\/wp\/v2\/pages\/5049"}],"wp:attachment":[{"href":"https:\/\/agora.xtec.cat\/insjoandaustria\/wp-json\/wp\/v2\/media?parent=7686"}],"curies":[{"name":"wp","href":"https:\/\/api.w.org\/{rel}","templated":true}]}}

<h1>A qui van dirigides</h1>
<p>Al tot el <strong>professorat</strong> actual de <strong>cicles formatius de l&#8217;INS Joan d&#8217;Àustria</strong>, ja siguin funcionaris interins, funcionaris en pràctiques o funcionaris de carrera.</p>
<h1>En què consisteixen</h1>
<p>Actualment, el centre a través del Departament d&#8217;Educació ofereix la possibilitat de realitzar <strong>dos tipus de mobilitats</strong> depenent dels interessos i preparació del professorat:</p>
<ul>
<li style="list-style-type: none;">
<ul>
<li><strong>Mobilitat AICLE (CLIL):</strong> En aquesta modalitat, durant una setmana, el professorat visita altres centres estrangers i realitza allà diferents tallers i activitats relacionades en la implementació de noves metodologies aplicades a altres països, les quals poden ser extrapolades després a les nostres aules.</li>
<li><strong>Mobilitat FP DUAL</strong>: En aquesta modalitat, durant una setmana, el professorat visita altres centres estrangers i empreses associades a aquests centres, per comprendre i comprovar el funcionament del DUAL a l&#8217;estranger, i trobar possibles socis per establir nous convenis de col·laboració.</li>
</ul>
</li>
</ul>
<p>En totes dues modalitats, el professorat implicat estarà en contacte directe amb els i les responsables del Departament d&#8217;Educació en termes de mobilitat, per enllestir els detalls necessaris, determinar l&#8217;itinerari a seguir, les activitats a realitzar… a més a més, a través de l&#8217;equip de mobilitat del centre, se&#8217;ls informarà i assessorarà en els possibles dubtes que sorgeixin durant tot el procés.</p>
<p>Els països de destinació poden variar en les diferents convocatòries, depenent del programa tancat pel Departament d&#8217;Educació; però, entre altres, es treballa amb socis dels països de Finlàndia i Alemanya.</p>
<h1>Quan tenen lloc</h1>
<p>Les mobilitats de professorat es realitzen <strong>durant el mes de juliol</strong> (a qualsevol de les dues quinzenes), per impactar el menys possible amb les hores lectives al centre. Aquestes accions es comptabilitzen també com a programes de formació pel professorat implicat.</p>
<h1>Com es pot participar<b><a href="https://docs.google.com/document/d/1FXqDy67Nl7Gk3z6pDvJPBVzqe_xWE4B88KCSPqenXRk/preview" target="_blank" rel="noopener noreferrer"><img loading="lazy" decoding="async" class=" wp-image-6429 alignright" src="https://agora.xtec.cat/insjoandaustria/wp-content/uploads/usu216/2019/11/logo-doc.png" alt="logo foc file" width="90" height="90" srcset="https://agora.xtec.cat/insjoandaustria/wp-content/uploads/usu216/2019/11/logo-doc.png 512w, https://agora.xtec.cat/insjoandaustria/wp-content/uploads/usu216/2019/11/logo-doc-150x150.png 150w, https://agora.xtec.cat/insjoandaustria/wp-content/uploads/usu216/2019/11/logo-doc-300x300.png 300w" sizes="auto, (max-width: 90px) 100vw, 90px" /></a></b></h1>
<p>Per tal de participar, el professorat interessat ha de lliurar la <a href="https://docs.google.com/document/d/1FXqDy67Nl7Gk3z6pDvJPBVzqe_xWE4B88KCSPqenXRk/preview" target="_blank" rel="noopener noreferrer">sol·licitud de participació</a> impresa i signada a l&#8217;equip de mobilitat del centre <strong>abans que finalitze el mes d&#8217;octubre</strong>.</p>
<h1>Criteris de selecció</h1>
<p>Per a la selecció d&#8217;aspirants es tindran presents els següents criteris, sempre que el número de professorat interessat sigui superior al de places oferides per la mobilitat al centre:</p>
<table style="width: 746px; margin: 0 auto;">
<tbody>
<tr>
<td style="width: 470.7px; text-align: center; background-color: #ffdac4;"><strong>Concepte</strong></td>
<td style="width: 188.3px; text-align: center; background-color: #ffdac4;"><strong>Instrument</strong></td>
<td style="width: 77px; text-align: center; background-color: #ffdac4;"><strong>Valoració</strong></td>
</tr>
<tr>
<td style="width: 470.7px;">Participació en jornades JEDAI i participació en projectes externs proposats pel centre o pel mateix professorat.</td>
<td style="width: 188.3px;">
<ul>
<li>Entrevista personal i/o enquesta.</li>
<li>Recollida d&#8217;informació</li>
</ul>
</td>
<td style="width: 77px; text-align: center;"><strong>30%</strong></td>
</tr>
<tr>
<td style="width: 470.7px;">Nivell adquirit a idiomes estrangers (mínim un B1).</td>
<td style="width: 188.3px;">Certificats oficials</td>
<td style="width: 77px; text-align: center;"><strong>30%</strong></td>
</tr>
<tr>
<td style="width: 470.7px;">Hores de formació reconegudes a ATRI, relacionades amb la tipologia de la mobilitat.</td>
<td style="width: 188.3px;">Extracte resum d&#8217;ATRI.</td>
<td style="width: 77px; text-align: center;"><strong>10%</strong></td>
</tr>
<tr>
<td style="width: 470.7px;">Hores d&#8217;implantació d&#8217;AICLE als mòduls impartits.</p>
<p>Tutoria de DUAL i/o FCTs o càrrec al centre.</td>
<td style="width: 188.3px;">
<ul>
<li>Programació de Mòdul Professional</li>
<li>Assignació de plaça actual o passada (ATRI).</li>
</ul>
</td>
<td style="width: 77px; text-align: center;"><strong>30%</strong></td>
</tr>
</tbody>
</table>
<h1>Comunicació</h1>
<p>El resultat del procés de selecció li serà comunicat al candidat/a pel responsable de mobilitat del centre, <strong>via correu electrònic</strong>, tot indicant-ne la posició obtinguda en l’ordre de selecció i el nom del professorat que resta en llista d’espera. Així mateix, es publicarà també al <strong>suro del corredor</strong> de secretaria i a la <strong><a href="https://agora.xtec.cat/insjoandaustria/serveis/mobilitat-internacional/mobilitats-erasmusjda/" target="_blank" rel="noopener noreferrer">web de mobilitat</a></strong> els resultats de la selecció.</p>
<p><a href="https://agora.xtec.cat/insjoandaustria/wp-content/uploads/usu216/2019/11/ErasmusCofundedLogo.png"><img loading="lazy" decoding="async" class=" wp-image-6445 alignright" src="https://agora.xtec.cat/insjoandaustria/wp-content/uploads/usu216/2019/11/ErasmusCofundedLogo.png" alt="Erasmus co-funded logo" width="218" height="50" srcset="https://agora.xtec.cat/insjoandaustria/wp-content/uploads/usu216/2019/11/ErasmusCofundedLogo.png 844w, https://agora.xtec.cat/insjoandaustria/wp-content/uploads/usu216/2019/11/ErasmusCofundedLogo-300x69.png 300w, https://agora.xtec.cat/insjoandaustria/wp-content/uploads/usu216/2019/11/ErasmusCofundedLogo-768x176.png 768w" sizes="auto, (max-width: 218px) 100vw, 218px" /></a></p>

<p>A qui van dirigides<br />
Al tot el professorat actual de cicles formatius de l&#8217;INS Joan d&#8217;Àustria, ja siguin funcionaris interins, funcionaris en pràctiques o funcionaris de carrera.<br />
En què consisteixen<br />
Actualment, el centre a través del Departament d&#8217;Educació ofereix la possibilitat de realitzar dos tipus de mobilitats depenent&hellip;  <a href="https://agora.xtec.cat/insjoandaustria/serveis/mobilitat-internacional/mobilitat-de-professorat/" title="Read Mobilitat de professorat">Llegeix més»</a></p>
