{"id":6024,"date":"2019-05-13T19:47:12","date_gmt":"2019-05-13T17:47:12","guid":{"rendered":"http:\/\/agora.xtec.cat\/insjoandaustria\/?page_id=6024"},"modified":"2024-02-06T17:37:28","modified_gmt":"2024-02-06T16:37:28","slug":"secretaria","status":"publish","type":"page","link":"https:\/\/agora.xtec.cat\/insjoandaustria\/linstitut\/secretaria\/","title":{"rendered":"Secretaria &#8211; Oficina d&#8217;atenci\u00f3"},"content":{"rendered":"<h1 class=\"widgettitle\">Horari d\u2019atenci\u00f3<\/h1>\n<div class=\"textwidget\">\n<p>Matins:\u00a0<strong>Dilluns a divendres<\/strong><br \/>\nde 9:30h. a 13:30h.<br \/>\nTardes:\u00a0<strong>Dilluns, dimarts i dijous<\/strong><br \/>\nde 15:30h. a 17:30h.<\/p>\n<h2>Horari d&#8217;estiu<\/h2>\n<p>Durant el mes de juliol<br \/>\nMatins:\u00a0<strong>Dilluns a divendres<\/strong><br \/>\nde 9:30h. a 13:30h<\/p>\n<\/div>\n<h1>Tr\u00e0mits<\/h1>\n<p>Pots dirigir-te a les nostres oficines per:<\/p>\n<ul>\n<li>Fer una sol\u00b7licitud o\u00a0<strong>presentar una inst\u00e0ncia<\/strong>.<br \/>\n<a style=\"font-family: inherit;\" href=\"http:\/\/agora.xtec.cat\/insjoandaustria\/wp-content\/uploads\/usu216\/2016\/02\/sol%C2%B7licitud-standard.pdf\">Model per presentar una inst\u00e0ncia o fer una sol\u00b7licitud<\/a><\/li>\n<li><strong style=\"font-family: inherit; font-size: 1em;\">Demanar un certificat<\/strong><span style=\"font-family: inherit; font-size: 1em;\">.<br \/>\n<\/span><a style=\"font-family: inherit;\" href=\"http:\/\/agora.xtec.cat\/insjoandaustria\/wp-content\/uploads\/usu216\/2016\/02\/sol%C2%B7licitud-standard.pdf\">Model per presentar una inst\u00e0ncia o fer una sol\u00b7licitud<br \/>\n<\/a><span style=\"font-family: inherit; font-size: 1em;\">El termini per recollir la documentaci\u00f3 ser\u00e0 de 5 dies h\u00e0bils.<\/span><\/li>\n<li><strong>Demanar el t\u00edtol.<\/strong>\u00a0Si has obtingut un t\u00edtol al nostre centre, has de venir a oficines en horari d\u2019atenci\u00f3 a recollir el document de pagament de les taxes d\u2019expedici\u00f3 del t\u00edtol. Pot venir alguna altra persona en el teu nom.<\/li>\n<li><strong>Sol\u00b7licitar documents<\/strong>\u00a0(autoritzaci\u00f3 de sortides, \u00fas de serveis digitals, etc.)<\/li>\n<li><strong>Autoritzar<\/strong>\u00a0el meu pare, mare o tutor legal a rebre informaci\u00f3 acad\u00e8mica per part del centre en el cas dels alumnes majors d\u2019edat.<br \/>\n<a style=\"font-family: inherit;\" href=\"http:\/\/agora.xtec.cat\/insjoandaustria\/wp-content\/uploads\/usu216\/2016\/02\/Acceptaci%C3%B3-de-comunicaci%C3%B3-amb-els-pares-per-alumnes-majors-dedat.pdf\">Model per autoritzar al centre a enviar informaci\u00f3 als pares en el cas dels fills majors d&#8217;edat<\/a><\/li>\n<li>Demanar\u00a0<strong>beques i ajuts<\/strong><\/li>\n<li><strong>Donar-te de baixa<\/strong>\u00a0del centre.<br \/>\n<a style=\"font-family: inherit;\" href=\"http:\/\/agora.xtec.cat\/insjoandaustria\/wp-content\/uploads\/usu216\/2016\/02\/sol%C2%B7licitud-baixa-del-centre.pdf\">Descarregar model per demanar la baixa del centre<\/a><\/li>\n<\/ul>\n<div id=\"text-35\" class=\"widget widget_text\">\n<div class=\"textwidget\">\n<p>&nbsp;<\/p>\n<\/div>\n<\/div>\n<div id=\"text-40\" class=\"widget widget_text\">\n<div class=\"textwidget\">\n<p>&nbsp;<\/p>\n<\/div>\n<\/div>\n","protected":false},"excerpt":{"rendered":"<p>Horari d\u2019atenci\u00f3<\/p>\n<p>Matins:\u00a0Dilluns a divendres<br \/>\nde 9:30h. a 13:30h.<br \/>\nTardes:\u00a0Dilluns, dimarts i dijous<br \/>\nde 15:30h. a 17:30h.<br \/>\nHorari d&#8217;estiu<br \/>\nDurant el mes de juliol<br \/>\nMatins:\u00a0Dilluns a divendres<br \/>\nde 9:30h. a 13:30h<\/p>\n<p>Tr\u00e0mits<br \/>\nPots dirigir-te a les nostres oficines per:<\/p>\n<ul>\n<li>Fer una sol\u00b7licitud o\u00a0presentar una inst\u00e0ncia.<br \/>\n<a style=\"font-family: inherit;\" href=\"http:\/\/agora.xtec.cat\/insjoandaustria\/wp-content\/uploads\/usu216\/2016\/02\/sol%C2%B7licitud-standard.pdf\">Model per presentar una inst\u00e0ncia o fer una sol\u00b7licitud<\/a><\/li>\n<li>Demanar&hellip;  <a href=\"https:\/\/agora.xtec.cat\/insjoandaustria\/linstitut\/secretaria\/\" title=\"Read Secretaria &#8211; Oficina d&#8217;atenci\u00f3\">Llegeix m\u00e9s\u00bb<\/a><br \/>\n","protected":false},"author":4,"featured_media":0,"parent":19,"menu_order":100,"comment_status":"closed","ping_status":"closed","template":"page-templates\/side-menu.php","meta":{"_bbp_topic_count":0,"_bbp_reply_count":0,"_bbp_total_topic_count":0,"_bbp_total_reply_count":0,"_bbp_voice_count":0,"_bbp_anonymous_reply_count":0,"_bbp_topic_count_hidden":0,"_bbp_reply_count_hidden":0,"_bbp_forum_subforum_count":0,"footnotes":""},"class_list":["post-6024","page","type-page","status-publish","hentry"],"post_mailing_queue_ids":[],"_links":{"self":[{"href":"https:\/\/agora.xtec.cat\/insjoandaustria\/wp-json\/wp\/v2\/pages\/6024","targetHints":{"allow":["GET"]}}],"collection":[{"href":"https:\/\/agora.xtec.cat\/insjoandaustria\/wp-json\/wp\/v2\/pages"}],"about":[{"href":"https:\/\/agora.xtec.cat\/insjoandaustria\/wp-json\/wp\/v2\/types\/page"}],"author":[{"embeddable":true,"href":"https:\/\/agora.xtec.cat\/insjoandaustria\/wp-json\/wp\/v2\/users\/4"}],"replies":[{"embeddable":true,"href":"https:\/\/agora.xtec.cat\/insjoandaustria\/wp-json\/wp\/v2\/comments?post=6024"}],"version-history":[{"count":7,"href":"https:\/\/agora.xtec.cat\/insjoandaustria\/wp-json\/wp\/v2\/pages\/6024\/revisions"}],"predecessor-version":[{"id":10254,"href":"https:\/\/agora.xtec.cat\/insjoandaustria\/wp-json\/wp\/v2\/pages\/6024\/revisions\/10254"}],"up":[{"embeddable":true,"href":"https:\/\/agora.xtec.cat\/insjoandaustria\/wp-json\/wp\/v2\/pages\/19"}],"wp:attachment":[{"href":"https:\/\/agora.xtec.cat\/insjoandaustria\/wp-json\/wp\/v2\/media?parent=6024"}],"curies":[{"name":"wp","href":"https:\/\/api.w.org\/{rel}","templated":true}]}}

Secretaria &#8211; Oficina d&#8217;atenció

<h1 class="widgettitle">Horari d’atenció</h1>
<div class="textwidget">
<p>Matins: <strong>Dilluns a divendres</strong><br />
de 9:30h. a 13:30h.<br />
Tardes: <strong>Dilluns, dimarts i dijous</strong><br />
de 15:30h. a 17:30h.</p>
<h2>Horari d&#8217;estiu</h2>
<p>Durant el mes de juliol<br />
Matins: <strong>Dilluns a divendres</strong><br />
de 9:30h. a 13:30h</p>
</div>
<h1>Tràmits</h1>
<p>Pots dirigir-te a les nostres oficines per:</p>
<ul>
<li>Fer una sol·licitud o <strong>presentar una instància</strong>.<br />
<a style="font-family: inherit;" href="http://agora.xtec.cat/insjoandaustria/wp-content/uploads/usu216/2016/02/sol%C2%B7licitud-standard.pdf">Model per presentar una instància o fer una sol·licitud</a></li>
<li><strong style="font-family: inherit; font-size: 1em;">Demanar un certificat</strong><span style="font-family: inherit; font-size: 1em;">.<br />
</span><a style="font-family: inherit;" href="http://agora.xtec.cat/insjoandaustria/wp-content/uploads/usu216/2016/02/sol%C2%B7licitud-standard.pdf">Model per presentar una instància o fer una sol·licitud<br />
</a><span style="font-family: inherit; font-size: 1em;">El termini per recollir la documentació serà de 5 dies hàbils.</span></li>
<li><strong>Demanar el títol.</strong> Si has obtingut un títol al nostre centre, has de venir a oficines en horari d’atenció a recollir el document de pagament de les taxes d’expedició del títol. Pot venir alguna altra persona en el teu nom.</li>
<li><strong>Sol·licitar documents</strong> (autorització de sortides, ús de serveis digitals, etc.)</li>
<li><strong>Autoritzar</strong> el meu pare, mare o tutor legal a rebre informació acadèmica per part del centre en el cas dels alumnes majors d’edat.<br />
<a style="font-family: inherit;" href="http://agora.xtec.cat/insjoandaustria/wp-content/uploads/usu216/2016/02/Acceptaci%C3%B3-de-comunicaci%C3%B3-amb-els-pares-per-alumnes-majors-dedat.pdf">Model per autoritzar al centre a enviar informació als pares en el cas dels fills majors d&#8217;edat</a></li>
<li>Demanar <strong>beques i ajuts</strong></li>
<li><strong>Donar-te de baixa</strong> del centre.<br />
<a style="font-family: inherit;" href="http://agora.xtec.cat/insjoandaustria/wp-content/uploads/usu216/2016/02/sol%C2%B7licitud-baixa-del-centre.pdf">Descarregar model per demanar la baixa del centre</a></li>
</ul>
<div id="text-35" class="widget widget_text">
<div class="textwidget">
<p>&nbsp;</p>
</div>
</div>
<div id="text-40" class="widget widget_text">
<div class="textwidget">
<p>&nbsp;</p>
</div>
</div>

<p>Horari d’atenció</p>
<p>Matins: Dilluns a divendres<br />
de 9:30h. a 13:30h.<br />
Tardes: Dilluns, dimarts i dijous<br />
de 15:30h. a 17:30h.<br />
Horari d&#8217;estiu<br />
Durant el mes de juliol<br />
Matins: Dilluns a divendres<br />
de 9:30h. a 13:30h</p>
<p>Tràmits<br />
Pots dirigir-te a les nostres oficines per:</p>
<ul>
<li>Fer una sol·licitud o presentar una instància.<br />
<a style="font-family: inherit;" href="http://agora.xtec.cat/insjoandaustria/wp-content/uploads/usu216/2016/02/sol%C2%B7licitud-standard.pdf">Model per presentar una instància o fer una sol·licitud</a></li>
<li>Demanar&hellip;  <a href="https://agora.xtec.cat/insjoandaustria/linstitut/secretaria/" title="Read Secretaria &#8211; Oficina d&#8217;atenció">Llegeix més»</a><br />
