{"id":560,"date":"2015-05-07T16:29:10","date_gmt":"2015-05-07T15:29:10","guid":{"rendered":"http:\/\/agora.xtec.cat\/insjoandaustria\/?page_id=560"},"modified":"2019-06-18T19:09:52","modified_gmt":"2019-06-18T17:09:52","slug":"documentacio","status":"publish","type":"page","link":"https:\/\/agora.xtec.cat\/insjoandaustria\/documentacio\/","title":{"rendered":"Documentaci\u00f3"},"content":{"rendered":"<p>Documentaci\u00f3 p\u00fablica del centre i manuals d&#8217;ajuda a les fam\u00edlies.<\/p>\n","protected":false},"excerpt":{"rendered":"<p>Documentaci\u00f3 p\u00fablica del centre i manuals d&#8217;ajuda a les fam\u00edlies.<\/p>\n","protected":false},"author":4,"featured_media":0,"parent":0,"menu_order":0,"comment_status":"closed","ping_status":"closed","template":"page-templates\/side-menu.php","meta":{"_bbp_topic_count":0,"_bbp_reply_count":0,"_bbp_total_topic_count":0,"_bbp_total_reply_count":0,"_bbp_voice_count":0,"_bbp_anonymous_reply_count":0,"_bbp_topic_count_hidden":0,"_bbp_reply_count_hidden":0,"_bbp_forum_subforum_count":0,"footnotes":""},"class_list":["post-560","page","type-page","status-publish","hentry"],"post_mailing_queue_ids":[],"_links":{"self":[{"href":"https:\/\/agora.xtec.cat\/insjoandaustria\/wp-json\/wp\/v2\/pages\/560","targetHints":{"allow":["GET"]}}],"collection":[{"href":"https:\/\/agora.xtec.cat\/insjoandaustria\/wp-json\/wp\/v2\/pages"}],"about":[{"href":"https:\/\/agora.xtec.cat\/insjoandaustria\/wp-json\/wp\/v2\/types\/page"}],"author":[{"embeddable":true,"href":"https:\/\/agora.xtec.cat\/insjoandaustria\/wp-json\/wp\/v2\/users\/4"}],"replies":[{"embeddable":true,"href":"https:\/\/agora.xtec.cat\/insjoandaustria\/wp-json\/wp\/v2\/comments?post=560"}],"version-history":[{"count":3,"href":"https:\/\/agora.xtec.cat\/insjoandaustria\/wp-json\/wp\/v2\/pages\/560\/revisions"}],"predecessor-version":[{"id":6207,"href":"https:\/\/agora.xtec.cat\/insjoandaustria\/wp-json\/wp\/v2\/pages\/560\/revisions\/6207"}],"wp:attachment":[{"href":"https:\/\/agora.xtec.cat\/insjoandaustria\/wp-json\/wp\/v2\/media?parent=560"}],"curies":[{"name":"wp","href":"https:\/\/api.w.org\/{rel}","templated":true}]}}