{"id":5446,"date":"2019-02-25T20:40:27","date_gmt":"2019-02-25T19:40:27","guid":{"rendered":"http:\/\/agora.xtec.cat\/insjoandaustria\/?page_id=5446"},"modified":"2023-06-12T18:10:17","modified_gmt":"2023-06-12T16:10:17","slug":"carta-de-compromis-educatiu","status":"publish","type":"page","link":"https:\/\/agora.xtec.cat\/insjoandaustria\/documentacio\/carta-de-compromis-educatiu\/","title":{"rendered":"Carta de comprom\u00eds educatiu"},"content":{"rendered":"<p><span style=\"font-weight: 400;\">Les persones sota signants: <\/span>__________________<span style=\"font-weight: 400;\">, director\/a del centre educatiu Institut Joan d\u2019\u00c0ustria i\u00a0 ________ responsable<\/span><span style=\"font-weight: 400;\">\u00a0de l\u2019alumne\/a <\/span><b>_________<\/b><span style=\"font-weight: 400;\">, conscients que l\u2019educaci\u00f3 implica l\u2019acci\u00f3 conjunta de la fam\u00edlia i del centre, signem aquesta carta de comprom\u00eds educatiu, i ens comprometem a:<\/span><\/p>\n<p><b>Per part del centre<\/b><\/p>\n<ul>\n<li style=\"font-weight: 400;\"><span style=\"font-weight: 400;\">Facilitar una formaci\u00f3 que contribueixi al desenvolupament integral de la personalitat de l\u2019alumne o alumna.<\/span><\/li>\n<li style=\"font-weight: 400;\"><span style=\"font-weight: 400;\">Vetllar per fer efectius els drets i deures de l\u2019alumnat en l\u2019\u00e0mbit escolar.<\/span><\/li>\n<li style=\"font-weight: 400;\"><span style=\"font-weight: 400;\">Respectar les realitats diverses dels alumnes i les seves fam\u00edlies.<\/span><\/li>\n<li style=\"font-weight: 400;\"><span style=\"font-weight: 400;\">Donar valor afegit a la cultura de l\u2019esfor\u00e7, a la responsabilitat en la sociabilitat i l\u2019autonomia personal.<\/span><\/li>\n<li style=\"font-weight: 400;\"><span style=\"font-weight: 400;\">Comunicar a les fam\u00edlies les mesures educatives adoptades per atendre les necessitats espec\u00edfiques de l\u2019alumnat.<\/span><\/li>\n<li style=\"font-weight: 400;\"><span style=\"font-weight: 400;\">Informar la fam\u00edlia del projecte educatiu i de les normes d\u2019organitzaci\u00f3 i funcionament del centre a l\u2019inici de cada curs.<\/span><\/li>\n<li style=\"font-weight: 400;\"><span style=\"font-weight: 400;\">Informar l\u2019alumnat dels criteris que s\u2019aplicaran per avaluar el rendiment acad\u00e8mic.<\/span><\/li>\n<li style=\"font-weight: 400;\"><span style=\"font-weight: 400;\">Mantenir una comunicaci\u00f3 regular amb la fam\u00edlia per informar-la de l\u2019evoluci\u00f3 acad\u00e8mica i personal de l\u2019alumnat o qualsevol circumst\u00e0ncia que sigui rellevant per al seu desenvolupament.<\/span><\/li>\n<li style=\"font-weight: 400;\"><span style=\"font-weight: 400;\">Comunicar a les fam\u00edlies les faltes d\u2019assist\u00e8ncia i puntualitat, i tamb\u00e9 les incid\u00e8ncies que es produeixin.<\/span><\/li>\n<li style=\"font-weight: 400;\"><span style=\"font-weight: 400;\">Atendre en un termini raonable les peticions d\u2019entrevista que formuli la fam\u00edlia. <\/span><\/li>\n<li style=\"font-weight: 400;\"><span style=\"font-weight: 400;\">Crear un clima agradable de conviv\u00e8ncia, basat en el respecte mutu i la bona comunicaci\u00f3 entre tots els membres de la comunitat educativa.<\/span><\/li>\n<li style=\"font-weight: 400;\"><span style=\"font-weight: 400;\">Facilitar l\u2019horari extraescolar de refor\u00e7 per als alumnes, que l\u2019equip docent consideri que ho necessita en base al seu rendiment.<\/span><\/li>\n<\/ul>\n<p><b>Per part de la fam\u00edlia o alumne major d&#8217;edat<\/b><\/p>\n<ul>\n<li style=\"font-weight: 400;\"><span style=\"font-weight: 400;\">Respectar el car\u00e0cter propi del centre i recon\u00e8ixer l\u2019autoritat del professorat, de l\u2019equip directiu i del personal d\u2019administraci\u00f3 i serveis, acceptant les decisions del centre en mat\u00e8ria de disciplina d\u2019acord a la normativa.<\/span><\/li>\n<li style=\"font-weight: 400;\"><span style=\"font-weight: 400;\">Participar en la vida del centre, assistint a entrevistes i reunions convocades per l\u2019equip directiu, els tutors i, si escau, per l\u2019AMPA.<\/span><\/li>\n<li style=\"font-weight: 400;\"><span style=\"font-weight: 400;\">Fomentar el respecte, la solidaritat i la resoluci\u00f3 dialogada de conflictes.<\/span><\/li>\n<li style=\"font-weight: 400;\"><span style=\"font-weight: 400;\">Instar el fill o la filla a complir les normes de funcionament del centre, respectant les propostes educatives i correctores del professorat.<\/span><\/li>\n<li style=\"font-weight: 400;\"><span style=\"font-weight: 400;\">Adre\u00e7ar-se directament al centre per contrastar les discrep\u00e0ncies, coincid\u00e8ncies o suggeriments en relaci\u00f3 amb l\u2019aplicaci\u00f3 del projecte educatiu, evitant el manifestar-ho davant de l\u2019alumne o alumna.<\/span><\/li>\n<li style=\"font-weight: 400;\"><span style=\"font-weight: 400;\">Garantir els h\u00e0bits d\u2019higiene, d\u2019ordre, de puntualitat i d\u2019assist\u00e8ncia di\u00e0ria al centre, aix\u00ed com la indument\u00e0ria adequada a un espai p\u00fablic<\/span><\/li>\n<li style=\"font-weight: 400;\"><span style=\"font-weight: 400;\">Informar el centre de l\u2019abs\u00e8ncia de l\u2019alumne en cas d\u2019indisposici\u00f3 o de qualsevol altra circumst\u00e0ncia rellevant, aix\u00ed com acudir (personalment o un familiar proper major d\u2019edat) a recollir l\u2019alumne o alumna en cas d\u2019indisposici\u00f3. <\/span><\/li>\n<li style=\"font-weight: 400;\"><span style=\"font-weight: 400;\">Vetllar perqu\u00e8 l\u2019alumne compleixi el deure b\u00e0sic d\u2019estudiar i d\u2019assistir puntualment a les activitats acad\u00e8miques i tamb\u00e9 perqu\u00e8 faci a casa les tasques encomanades pel professorat.<\/span><\/li>\n<li style=\"font-weight: 400;\"><span style=\"font-weight: 400;\">Assumir el comprom\u00eds de participaci\u00f3 dels alumnes en les activitats educatives organitzades dins i fora del centre.<\/span><\/li>\n<li style=\"font-weight: 400;\"><span style=\"font-weight: 400;\">Signar i controlar els comunicats d\u2019incid\u00e8ncies i de retards aix\u00ed com la resta de documentaci\u00f3 que requereixi el coneixement de la fam\u00edlia.<\/span><\/li>\n<li style=\"font-weight: 400;\"><span style=\"font-weight: 400;\">Avisar la secretaria del centre, de forma presencial, de qualsevol canvi en les dades personals de contacte associades (tel\u00e8fons, adreces, correu electr\u00f2nic).<\/span><\/li>\n<li style=\"font-weight: 400;\"><span style=\"font-weight: 400;\">Col\u00b7laborar en la decisi\u00f3 de l\u2019equip docent, si s\u2019escau, de que els fills assisteixin a sessions de refor\u00e7 al centre en horari extraescolar.<\/span><\/li>\n<li style=\"font-weight: 400;\"><span style=\"font-weight: 400;\">Informar el l\u2019alumne o alumna del contingut d\u2019aquesta carta de comprom\u00eds educatiu i vetllar pel seu compliment.<\/span><\/li>\n<\/ul>\n<p><span style=\"font-weight: 400;\">\u00a0<\/span><\/p>\n","protected":false},"excerpt":{"rendered":"<p>Les persones sota signants: __________________, director\/a del centre educatiu Institut Joan d\u2019\u00c0ustria i\u00a0 ________ responsable\u00a0de l\u2019alumne\/a _________, conscients que l\u2019educaci\u00f3 implica l\u2019acci\u00f3 conjunta de la fam\u00edlia i del centre, signem aquesta carta de comprom\u00eds educatiu, i ens comprometem a:<br \/>\nPer part del centre<\/p>\n<ul>\n<li style=\"font-weight: 400;\">Facilitar una&hellip;  <a href=\"https:\/\/agora.xtec.cat\/insjoandaustria\/documentacio\/carta-de-compromis-educatiu\/\" title=\"Read Carta de comprom\u00eds educatiu\">Llegeix m\u00e9s\u00bb<\/a><br \/>\n","protected":false},"author":270,"featured_media":0,"parent":560,"menu_order":30,"comment_status":"closed","ping_status":"closed","template":"page-templates\/side-menu.php","meta":{"_bbp_topic_count":0,"_bbp_reply_count":0,"_bbp_total_topic_count":0,"_bbp_total_reply_count":0,"_bbp_voice_count":0,"_bbp_anonymous_reply_count":0,"_bbp_topic_count_hidden":0,"_bbp_reply_count_hidden":0,"_bbp_forum_subforum_count":0,"footnotes":""},"class_list":["post-5446","page","type-page","status-publish","hentry"],"post_mailing_queue_ids":[],"_links":{"self":[{"href":"https:\/\/agora.xtec.cat\/insjoandaustria\/wp-json\/wp\/v2\/pages\/5446","targetHints":{"allow":["GET"]}}],"collection":[{"href":"https:\/\/agora.xtec.cat\/insjoandaustria\/wp-json\/wp\/v2\/pages"}],"about":[{"href":"https:\/\/agora.xtec.cat\/insjoandaustria\/wp-json\/wp\/v2\/types\/page"}],"author":[{"embeddable":true,"href":"https:\/\/agora.xtec.cat\/insjoandaustria\/wp-json\/wp\/v2\/users\/270"}],"replies":[{"embeddable":true,"href":"https:\/\/agora.xtec.cat\/insjoandaustria\/wp-json\/wp\/v2\/comments?post=5446"}],"version-history":[{"count":3,"href":"https:\/\/agora.xtec.cat\/insjoandaustria\/wp-json\/wp\/v2\/pages\/5446\/revisions"}],"predecessor-version":[{"id":9761,"href":"https:\/\/agora.xtec.cat\/insjoandaustria\/wp-json\/wp\/v2\/pages\/5446\/revisions\/9761"}],"up":[{"embeddable":true,"href":"https:\/\/agora.xtec.cat\/insjoandaustria\/wp-json\/wp\/v2\/pages\/560"}],"wp:attachment":[{"href":"https:\/\/agora.xtec.cat\/insjoandaustria\/wp-json\/wp\/v2\/media?parent=5446"}],"curies":[{"name":"wp","href":"https:\/\/api.w.org\/{rel}","templated":true}]}}