{"id":5055,"date":"2018-11-26T18:56:31","date_gmt":"2018-11-26T17:56:31","guid":{"rendered":"http:\/\/agora.xtec.cat\/insjoandaustria\/?page_id=5055"},"modified":"2020-12-02T10:34:04","modified_gmt":"2020-12-02T09:34:04","slug":"estades-internacionals-grau-mig","status":"publish","type":"page","link":"https:\/\/agora.xtec.cat\/insjoandaustria\/serveis\/mobilitat-internacional\/estades-internacionals-grau-mig\/","title":{"rendered":"Estades internacionals Grau Mig"},"content":{"rendered":"<p style=\"text-align: justify;\"><b>A qui van dirigides:<\/b><\/p>\n<ul style=\"text-align: justify;\">\n<li>A estudiants de Grau Mig, o recentment graduats al nostre centre (que realitzin la mobilitat dins de l&#8217;any posterior a la data de la seva titulaci\u00f3 i que no estiguin cursant un Cicle Formatiu de Grau superior), i que acreditin els requisits demandats als <a href=\"https:\/\/agora.xtec.cat\/insjoandaustria\/serveis\/mobilitat-internacional\/criteris-de-seleccio\/\" target=\"_blank\" rel=\"noopener noreferrer\">criteris de selecci\u00f3<\/a>.<\/li>\n<\/ul>\n<p style=\"text-align: justify;\"><b>En qu\u00e8 consisteixen:<\/b><\/p>\n<ul style=\"text-align: justify;\">\n<li>S\u00f3n estades de 2 mesos (de durada aproximada) en ciutats europees que formen part dels contactes establerts pel centre i els consorcis als que est\u00e0 adherit. Durant aquest per\u00edode l\u2019estudiant realitzar\u00e0 pr\u00e0ctiques en una empresa del seu \u00e0mbit professional, adquirint experi\u00e8ncia professional i millorant les seves compet\u00e8ncies professionals, ling\u00fc\u00edstiques i socials.<\/li>\n<li>Amb la beca assignada a l\u2019alumnat, aquest podr\u00e0 cobrir les despeses ocasionades pel despla\u00e7ament com: bitllets pel viatge, allotjament, manutenci\u00f3, asseguran\u00e7a, etc.<\/li>\n<li>En cas que l&#8217;alumnat sigui menor d&#8217;edat, aquest podr\u00e0 optar a estar acompanyat durant els viatges d&#8217;anada i tornada per un responsable designat pel centre.<\/li>\n<\/ul>\n<p style=\"text-align: justify;\"><b>Quan tenen lloc:<\/b><\/p>\n<ul style=\"text-align: justify;\">\n<li>Hi han dues possibilitats:\n<ul>\n<li>Octubre i novembre.<\/li>\n<li>Mar\u00e7 i abril.<\/li>\n<\/ul>\n<\/li>\n<\/ul>\n<ul style=\"text-align: justify;\">\n<li><b>Com es pot participar:<\/b>\n<ul>\n<li>Per poder sol\u00b7licitar al centre participar en el programa Erasmus+, l&#8217;alumnat haur\u00e0 de llegir i emplenar la <a href=\"https:\/\/agora.xtec.cat\/insjoandaustria\/wp-content\/uploads\/usu216\/2020\/01\/Carta-de-compromi\u0301s-Erasmus.pdf\" target=\"_blank\" rel=\"noopener noreferrer\">Carta de comprom\u00eds del Programa Erasmus+<\/a> i adjuntar tamb\u00e9 una c\u00f2pia (el m\u00e9s detallada possible) del seu Curr\u00edculum en format <a href=\"https:\/\/europass.cedefop.europa.eu\/editors\/en\/cv\/compose\" target=\"_blank\" rel=\"noopener noreferrer\">EuroPass<\/a>.<\/li>\n<li>Tota aquesta informaci\u00f3 requerida (i qualsevol altra que l&#8217;alumnat considere adient) ha de ser <strong>impresa<\/strong> <strong>i lliurada<\/strong> abans que finalitzi el curs escolar (maig), o no m\u00e9s tard de l&#8217;octubre seg\u00fcent a l&#8217;inici d&#8217;un nou curs escolar, al tutor del cicle; el qual es posar\u00e0 en contacte amb el coordinador de mobilitat del centre.<\/li>\n<li>L&#8217;alumnat del centre que desitge participar en el programa Erasmus+, haur\u00e0 d&#8217;<strong>estar en possessi\u00f3<\/strong> de la <a href=\"https:\/\/sede.seg-social.gob.es\/wps\/portal\/sede\/sede\/Ciudadanos\/!ut\/p\/z1\/rVRdb9owFP0r6wOPia_jEOJJ0xQQYtDSDlhKkxfk2A54gwTyAWW_fnZppxUV2FccKfLNydE959wYxegBxRnbqjmrVJ6xpd5HsTcj2HMxBXzTg34XgnB4HVIyIj3HQ9MnAJy4AkDx-e_vUYxinlXraoGiUgo543lWyUyJvJxx1gBTawBXtWCCZXnZAFaqUiO4Yu9KlqmKFUrjHL1cz7CtuRIoks00baU0sZrUxZYribASl3gWoYyIxPUwFcKgS8kKvphtalnsUfRl0jXF-TJP2NI6vLOSKkNRuy45K571nhAE9KLeqaG_wPAEOGfpeQaMBi8KTH5BlhB_juJCprKQhV0XuryoqvX7BjQgF6rUMu3HSnKbs0pbnddFqS3fKrmz14v1RyU-EM8F5y2yRV5W6OGYBEXapdYvHYbXbQhwuzMc9jsYvBaaGnYUZnmx0l1OjKQdX9kHw-3nMDb1z0AOmYoUEy8hruX6QlhuqoOlPqUW4Q4hjGLPAWLQ085wNgq7Y93G6SQ_gfHplZGv2wQwitXXzSYO9IyasXzUYo-G9GVCVaa4yo-VA_R0ZGEbJvfgYOiRt5T_wcAeG4tHTUN_5_fHIwx-67_QN-98wANwbsAb-hDQ0SS8ucUEWu4_0g8u_R2_4fffHArrVbjyib731rexvyfL7aoT6cLn3Z58b99a0WBrHnEUXF39ADSuuy4!\/dz\/d5\/L2dBISEvZ0FBIS9nQSEh\/\" target=\"_blank\" rel=\"noopener noreferrer\">Targeta Sanit\u00e0ria Europea<\/a> <strong>en vigor<\/strong> durant el per\u00edode en que es realitze l&#8217;estada.<\/li>\n<li>A la secci\u00f3 de <a href=\"https:\/\/agora.xtec.cat\/insjoandaustria\/serveis\/mobilitat-internacional\/documentacio-necessaria\/\" target=\"_blank\" rel=\"noopener noreferrer\">Documentaci\u00f3 necess\u00e0ria<\/a> es pot trobar tota la documentaci\u00f3 que es veur\u00e0 implicada durant el proc\u00e9s complet de participaci\u00f3 en mobilitats internacionals.<\/li>\n<\/ul>\n<\/li>\n<\/ul>\n<ul>\n<li style=\"text-align: justify;\"><b>Durant el per\u00edode de l&#8217;estada, l&#8217;estudiant podr\u00e0 seguir amb normalitat el desenvolupament del curs que est\u00e0 cursant a trav\u00e9s de l&#8217;entorn virtual d&#8217;aprenentatge del centre (moodle i drive).<\/b><\/li>\n<\/ul>\n<p><strong>Distribuci\u00f3 final del finan\u00e7ament:<\/strong><\/p>\n<p>A l&#8217;alumnat objecte d&#8217;aquesta beca, se li calcula l&#8217;import total a percebre depenent de la dist\u00e0ncia a la que es realitzi la mobilitat segons la <a href=\"https:\/\/esn-spain.org\/ayudas-cofinanciacion\" target=\"_blank\" rel=\"noopener noreferrer\">calculadora<\/a> <a href=\"https:\/\/esn-spain.org\/ayudas-cofinanciacion\" target=\"_blank\" rel=\"noopener noreferrer\">de la xarxa Erasmus de l&#8217;estat espanyol<\/a>, o la <a href=\"https:\/\/ec.europa.eu\/programmes\/erasmus-plus\/resources\/distance-calculator_en\" target=\"_blank\" rel=\"noopener noreferrer\">calculadora proporcionada per la Comissi\u00f3 Europea<\/a> (totes dues utilitzen la mateixa base de dades). Per norma general, la quantitat total atorgada a l&#8217;alumnat sol cobrir les despeses ocasionades per la mobilitat.<\/p>\n<div style=\"display: flex; justify-content: center; align-items: center;\">\n<div style=\"width: 640px;\" class=\"wp-video\"><!--[if lt IE 9]><script>document.createElement('video');<\/script><![endif]-->\n<video class=\"wp-video-shortcode\" id=\"video-5055-1\" width=\"640\" height=\"360\" preload=\"metadata\" controls=\"controls\"><source type=\"video\/mp4\" src=\"https:\/\/agora.xtec.cat\/insjoandaustria\/wp-content\/uploads\/usu216\/2019\/12\/INS-Joan-dA\u0300ustria-Erasmus.mp4?_=1\" \/><a href=\"https:\/\/agora.xtec.cat\/insjoandaustria\/wp-content\/uploads\/usu216\/2019\/12\/INS-Joan-dA\u0300ustria-Erasmus.mp4\">https:\/\/agora.xtec.cat\/insjoandaustria\/wp-content\/uploads\/usu216\/2019\/12\/INS-Joan-dA\u0300ustria-Erasmus.mp4<\/a><\/video><\/div>\n<\/div>\n<p><img loading=\"lazy\" decoding=\"async\" class=\"alignright wp-image-6445\" src=\"https:\/\/agora.xtec.cat\/insjoandaustria\/wp-content\/uploads\/usu216\/2019\/11\/ErasmusCofundedLogo.png\" alt=\"Erasmus co-funded logo\" width=\"218\" height=\"50\" srcset=\"https:\/\/agora.xtec.cat\/insjoandaustria\/wp-content\/uploads\/usu216\/2019\/11\/ErasmusCofundedLogo.png 844w, https:\/\/agora.xtec.cat\/insjoandaustria\/wp-content\/uploads\/usu216\/2019\/11\/ErasmusCofundedLogo-300x69.png 300w, https:\/\/agora.xtec.cat\/insjoandaustria\/wp-content\/uploads\/usu216\/2019\/11\/ErasmusCofundedLogo-768x176.png 768w\" sizes=\"auto, (max-width: 218px) 100vw, 218px\" \/><\/p>\n","protected":false},"excerpt":{"rendered":"<p>A qui van dirigides:<\/p>\n<ul style=\"text-align: justify;\">\n<li>A estudiants de Grau Mig, o recentment graduats al nostre centre (que realitzin la mobilitat dins de l&#8217;any posterior a la data de la seva titulaci\u00f3 i que no estiguin cursant un Cicle Formatiu de Grau superior), i que acreditin&hellip;  <a href=\"https:\/\/agora.xtec.cat\/insjoandaustria\/serveis\/mobilitat-internacional\/estades-internacionals-grau-mig\/\" title=\"Read Estades internacionals Grau Mig\">Llegeix m\u00e9s\u00bb<\/a><br \/>\n","protected":false},"author":4,"featured_media":0,"parent":5049,"menu_order":0,"comment_status":"closed","ping_status":"closed","template":"page-templates\/side-menu.php","meta":{"_bbp_topic_count":0,"_bbp_reply_count":0,"_bbp_total_topic_count":0,"_bbp_total_reply_count":0,"_bbp_voice_count":0,"_bbp_anonymous_reply_count":0,"_bbp_topic_count_hidden":0,"_bbp_reply_count_hidden":0,"_bbp_forum_subforum_count":0,"footnotes":""},"class_list":["post-5055","page","type-page","status-publish","hentry"],"post_mailing_queue_ids":[],"_links":{"self":[{"href":"https:\/\/agora.xtec.cat\/insjoandaustria\/wp-json\/wp\/v2\/pages\/5055","targetHints":{"allow":["GET"]}}],"collection":[{"href":"https:\/\/agora.xtec.cat\/insjoandaustria\/wp-json\/wp\/v2\/pages"}],"about":[{"href":"https:\/\/agora.xtec.cat\/insjoandaustria\/wp-json\/wp\/v2\/types\/page"}],"author":[{"embeddable":true,"href":"https:\/\/agora.xtec.cat\/insjoandaustria\/wp-json\/wp\/v2\/users\/4"}],"replies":[{"embeddable":true,"href":"https:\/\/agora.xtec.cat\/insjoandaustria\/wp-json\/wp\/v2\/comments?post=5055"}],"version-history":[{"count":3,"href":"https:\/\/agora.xtec.cat\/insjoandaustria\/wp-json\/wp\/v2\/pages\/5055\/revisions"}],"predecessor-version":[{"id":7916,"href":"https:\/\/agora.xtec.cat\/insjoandaustria\/wp-json\/wp\/v2\/pages\/5055\/revisions\/7916"}],"up":[{"embeddable":true,"href":"https:\/\/agora.xtec.cat\/insjoandaustria\/wp-json\/wp\/v2\/pages\/5049"}],"wp:attachment":[{"href":"https:\/\/agora.xtec.cat\/insjoandaustria\/wp-json\/wp\/v2\/media?parent=5055"}],"curies":[{"name":"wp","href":"https:\/\/api.w.org\/{rel}","templated":true}]}}

<p style="text-align: justify;"><b>A qui van dirigides:</b></p>
<ul style="text-align: justify;">
<li>A estudiants de Grau Mig, o recentment graduats al nostre centre (que realitzin la mobilitat dins de l&#8217;any posterior a la data de la seva titulació i que no estiguin cursant un Cicle Formatiu de Grau superior), i que acreditin els requisits demandats als <a href="https://agora.xtec.cat/insjoandaustria/serveis/mobilitat-internacional/criteris-de-seleccio/" target="_blank" rel="noopener noreferrer">criteris de selecció</a>.</li>
</ul>
<p style="text-align: justify;"><b>En què consisteixen:</b></p>
<ul style="text-align: justify;">
<li>Són estades de 2 mesos (de durada aproximada) en ciutats europees que formen part dels contactes establerts pel centre i els consorcis als que està adherit. Durant aquest període l’estudiant realitzarà pràctiques en una empresa del seu àmbit professional, adquirint experiència professional i millorant les seves competències professionals, lingüístiques i socials.</li>
<li>Amb la beca assignada a l’alumnat, aquest podrà cobrir les despeses ocasionades pel desplaçament com: bitllets pel viatge, allotjament, manutenció, assegurança, etc.</li>
<li>En cas que l&#8217;alumnat sigui menor d&#8217;edat, aquest podrà optar a estar acompanyat durant els viatges d&#8217;anada i tornada per un responsable designat pel centre.</li>
</ul>
<p style="text-align: justify;"><b>Quan tenen lloc:</b></p>
<ul style="text-align: justify;">
<li>Hi han dues possibilitats:
<ul>
<li>Octubre i novembre.</li>
<li>Març i abril.</li>
</ul>
</li>
</ul>
<ul style="text-align: justify;">
<li><b>Com es pot participar:</b>
<ul>
<li>Per poder sol·licitar al centre participar en el programa Erasmus+, l&#8217;alumnat haurà de llegir i emplenar la <a href="https://agora.xtec.cat/insjoandaustria/wp-content/uploads/usu216/2020/01/Carta-de-compromís-Erasmus.pdf" target="_blank" rel="noopener noreferrer">Carta de compromís del Programa Erasmus+</a> i adjuntar també una còpia (el més detallada possible) del seu Currículum en format <a href="https://europass.cedefop.europa.eu/editors/en/cv/compose" target="_blank" rel="noopener noreferrer">EuroPass</a>.</li>
<li>Tota aquesta informació requerida (i qualsevol altra que l&#8217;alumnat considere adient) ha de ser <strong>impresa</strong> <strong>i lliurada</strong> abans que finalitzi el curs escolar (maig), o no més tard de l&#8217;octubre següent a l&#8217;inici d&#8217;un nou curs escolar, al tutor del cicle; el qual es posarà en contacte amb el coordinador de mobilitat del centre.</li>
<li>L&#8217;alumnat del centre que desitge participar en el programa Erasmus+, haurà d&#8217;<strong>estar en possessió</strong> de la <a href="https://sede.seg-social.gob.es/wps/portal/sede/sede/Ciudadanos/!ut/p/z1/rVRdb9owFP0r6wOPia_jEOJJ0xQQYtDSDlhKkxfk2A54gwTyAWW_fnZppxUV2FccKfLNydE959wYxegBxRnbqjmrVJ6xpd5HsTcj2HMxBXzTg34XgnB4HVIyIj3HQ9MnAJy4AkDx-e_vUYxinlXraoGiUgo543lWyUyJvJxx1gBTawBXtWCCZXnZAFaqUiO4Yu9KlqmKFUrjHL1cz7CtuRIoks00baU0sZrUxZYribASl3gWoYyIxPUwFcKgS8kKvphtalnsUfRl0jXF-TJP2NI6vLOSKkNRuy45K571nhAE9KLeqaG_wPAEOGfpeQaMBi8KTH5BlhB_juJCprKQhV0XuryoqvX7BjQgF6rUMu3HSnKbs0pbnddFqS3fKrmz14v1RyU-EM8F5y2yRV5W6OGYBEXapdYvHYbXbQhwuzMc9jsYvBaaGnYUZnmx0l1OjKQdX9kHw-3nMDb1z0AOmYoUEy8hruX6QlhuqoOlPqUW4Q4hjGLPAWLQ085wNgq7Y93G6SQ_gfHplZGv2wQwitXXzSYO9IyasXzUYo-G9GVCVaa4yo-VA_R0ZGEbJvfgYOiRt5T_wcAeG4tHTUN_5_fHIwx-67_QN-98wANwbsAb-hDQ0SS8ucUEWu4_0g8u_R2_4fffHArrVbjyib731rexvyfL7aoT6cLn3Z58b99a0WBrHnEUXF39ADSuuy4!/dz/d5/L2dBISEvZ0FBIS9nQSEh/" target="_blank" rel="noopener noreferrer">Targeta Sanitària Europea</a> <strong>en vigor</strong> durant el període en que es realitze l&#8217;estada.</li>
<li>A la secció de <a href="https://agora.xtec.cat/insjoandaustria/serveis/mobilitat-internacional/documentacio-necessaria/" target="_blank" rel="noopener noreferrer">Documentació necessària</a> es pot trobar tota la documentació que es veurà implicada durant el procés complet de participació en mobilitats internacionals.</li>
</ul>
</li>
</ul>
<ul>
<li style="text-align: justify;"><b>Durant el període de l&#8217;estada, l&#8217;estudiant podrà seguir amb normalitat el desenvolupament del curs que està cursant a través de l&#8217;entorn virtual d&#8217;aprenentatge del centre (moodle i drive).</b></li>
</ul>
<p><strong>Distribució final del finançament:</strong></p>
<p>A l&#8217;alumnat objecte d&#8217;aquesta beca, se li calcula l&#8217;import total a percebre depenent de la distància a la que es realitzi la mobilitat segons la <a href="https://esn-spain.org/ayudas-cofinanciacion" target="_blank" rel="noopener noreferrer">calculadora</a> <a href="https://esn-spain.org/ayudas-cofinanciacion" target="_blank" rel="noopener noreferrer">de la xarxa Erasmus de l&#8217;estat espanyol</a>, o la <a href="https://ec.europa.eu/programmes/erasmus-plus/resources/distance-calculator_en" target="_blank" rel="noopener noreferrer">calculadora proporcionada per la Comissió Europea</a> (totes dues utilitzen la mateixa base de dades). Per norma general, la quantitat total atorgada a l&#8217;alumnat sol cobrir les despeses ocasionades per la mobilitat.</p>
<div style="display: flex; justify-content: center; align-items: center;">
<div style="width: 640px;" class="wp-video"><!--[if lt IE 9]><script>document.createElement('video');</script><![endif]-->
<video class="wp-video-shortcode" id="video-5055-1" width="640" height="360" preload="metadata" controls="controls"><source type="video/mp4" src="https://agora.xtec.cat/insjoandaustria/wp-content/uploads/usu216/2019/12/INS-Joan-dÀustria-Erasmus.mp4?_=1" /><a href="https://agora.xtec.cat/insjoandaustria/wp-content/uploads/usu216/2019/12/INS-Joan-dÀustria-Erasmus.mp4">https://agora.xtec.cat/insjoandaustria/wp-content/uploads/usu216/2019/12/INS-Joan-dÀustria-Erasmus.mp4</a></video></div>
</div>
<p><img loading="lazy" decoding="async" class="alignright wp-image-6445" src="https://agora.xtec.cat/insjoandaustria/wp-content/uploads/usu216/2019/11/ErasmusCofundedLogo.png" alt="Erasmus co-funded logo" width="218" height="50" srcset="https://agora.xtec.cat/insjoandaustria/wp-content/uploads/usu216/2019/11/ErasmusCofundedLogo.png 844w, https://agora.xtec.cat/insjoandaustria/wp-content/uploads/usu216/2019/11/ErasmusCofundedLogo-300x69.png 300w, https://agora.xtec.cat/insjoandaustria/wp-content/uploads/usu216/2019/11/ErasmusCofundedLogo-768x176.png 768w" sizes="auto, (max-width: 218px) 100vw, 218px" /></p>

<p>A qui van dirigides:</p>
<ul style="text-align: justify;">
<li>A estudiants de Grau Mig, o recentment graduats al nostre centre (que realitzin la mobilitat dins de l&#8217;any posterior a la data de la seva titulació i que no estiguin cursant un Cicle Formatiu de Grau superior), i que acreditin&hellip;  <a href="https://agora.xtec.cat/insjoandaustria/serveis/mobilitat-internacional/estades-internacionals-grau-mig/" title="Read Estades internacionals Grau Mig">Llegeix més»</a><br />
