{"id":19,"date":"2014-09-17T14:56:56","date_gmt":"2014-09-17T14:56:56","guid":{"rendered":"http:\/\/agora.xtec.cat\/insjoandaustria\/?page_id=19"},"modified":"2024-02-06T12:10:17","modified_gmt":"2024-02-06T11:10:17","slug":"linstitut","status":"publish","type":"page","link":"https:\/\/agora.xtec.cat\/insjoandaustria\/linstitut\/","title":{"rendered":"L&#8217;institut"},"content":{"rendered":"<p>Aquest \u00e9s el portal web de l&#8217;<strong>Institut Joan d&#8217;\u00c0ustria<\/strong>, un centre educatiu de Barcelona amb <strong>m\u00e9s de 50 anys de tradici\u00f3 educativa<\/strong>. Tota la comunitat escolar (professors, alumnes, pares i mares, PAS&#8230;) us convidem a visitar els diferents racons d&#8217;aquest portal i que us informeu de la nostra oferta educativa, tant d&#8217;ESO i Batxillerat com de cicles formatius.<\/p>\n<p>A l&#8217;apartat <a href=\"http:\/\/agora.xtec.cat\/insjoandaustria\/doc_families\/\" target=\"_blank\" rel=\"noopener\">Documentaci\u00f3 <\/a>trobareu els diferents documents que caracteritzen el centre, com el <a href=\"http:\/\/agora.xtec.cat\/insjoandaustria\/wp-content\/uploads\/usu216\/2014\/09\/JDA_PE01-PEC.pdf\" target=\"_blank\" rel=\"noopener\">Projecte Educatiu de Centre<\/a>.<\/p>\n<p>Tanmateix, si ho preferiu, us atendrem de forma personalitzada en el mateix centre i us informarem de tot all\u00f2 que vulgueu saber.<\/p>\n","protected":false},"excerpt":{"rendered":"<p>Aquest \u00e9s el portal web de l&#8217;Institut Joan d&#8217;\u00c0ustria, un centre educatiu de Barcelona amb m\u00e9s de 50 anys de tradici\u00f3 educativa. Tota la comunitat escolar (professors, alumnes, pares i mares, PAS&#8230;) us convidem a visitar els diferents racons d&#8217;aquest portal i que us informeu&hellip;  <a href=\"https:\/\/agora.xtec.cat\/insjoandaustria\/linstitut\/\" title=\"Read L&#8217;institut\">Llegeix m\u00e9s\u00bb<\/a><\/p>\n","protected":false},"author":1,"featured_media":0,"parent":0,"menu_order":0,"comment_status":"closed","ping_status":"closed","template":"page-templates\/side-menu.php","meta":{"_bbp_topic_count":0,"_bbp_reply_count":0,"_bbp_total_topic_count":0,"_bbp_total_reply_count":0,"_bbp_voice_count":0,"_bbp_anonymous_reply_count":0,"_bbp_topic_count_hidden":0,"_bbp_reply_count_hidden":0,"_bbp_forum_subforum_count":0,"footnotes":""},"class_list":["post-19","page","type-page","status-publish","hentry"],"post_mailing_queue_ids":[],"_links":{"self":[{"href":"https:\/\/agora.xtec.cat\/insjoandaustria\/wp-json\/wp\/v2\/pages\/19","targetHints":{"allow":["GET"]}}],"collection":[{"href":"https:\/\/agora.xtec.cat\/insjoandaustria\/wp-json\/wp\/v2\/pages"}],"about":[{"href":"https:\/\/agora.xtec.cat\/insjoandaustria\/wp-json\/wp\/v2\/types\/page"}],"author":[{"embeddable":true,"href":"https:\/\/agora.xtec.cat\/insjoandaustria\/wp-json\/wp\/v2\/users\/1"}],"replies":[{"embeddable":true,"href":"https:\/\/agora.xtec.cat\/insjoandaustria\/wp-json\/wp\/v2\/comments?post=19"}],"version-history":[{"count":4,"href":"https:\/\/agora.xtec.cat\/insjoandaustria\/wp-json\/wp\/v2\/pages\/19\/revisions"}],"predecessor-version":[{"id":10248,"href":"https:\/\/agora.xtec.cat\/insjoandaustria\/wp-json\/wp\/v2\/pages\/19\/revisions\/10248"}],"wp:attachment":[{"href":"https:\/\/agora.xtec.cat\/insjoandaustria\/wp-json\/wp\/v2\/media?parent=19"}],"curies":[{"name":"wp","href":"https:\/\/api.w.org\/{rel}","templated":true}]}}

<p>Aquest és el portal web de l&#8217;<strong>Institut Joan d&#8217;Àustria</strong>, un centre educatiu de Barcelona amb <strong>més de 50 anys de tradició educativa</strong>. Tota la comunitat escolar (professors, alumnes, pares i mares, PAS&#8230;) us convidem a visitar els diferents racons d&#8217;aquest portal i que us informeu de la nostra oferta educativa, tant d&#8217;ESO i Batxillerat com de cicles formatius.</p>
<p>A l&#8217;apartat <a href="http://agora.xtec.cat/insjoandaustria/doc_families/" target="_blank" rel="noopener">Documentació </a>trobareu els diferents documents que caracteritzen el centre, com el <a href="http://agora.xtec.cat/insjoandaustria/wp-content/uploads/usu216/2014/09/JDA_PE01-PEC.pdf" target="_blank" rel="noopener">Projecte Educatiu de Centre</a>.</p>
<p>Tanmateix, si ho preferiu, us atendrem de forma personalitzada en el mateix centre i us informarem de tot allò que vulgueu saber.</p>

<p>Aquest és el portal web de l&#8217;Institut Joan d&#8217;Àustria, un centre educatiu de Barcelona amb més de 50 anys de tradició educativa. Tota la comunitat escolar (professors, alumnes, pares i mares, PAS&#8230;) us convidem a visitar els diferents racons d&#8217;aquest portal i que us informeu&hellip;  <a href="https://agora.xtec.cat/insjoandaustria/linstitut/" title="Read L&#8217;institut">Llegeix més»</a></p>
