{"id":3048,"date":"2024-02-19T19:17:11","date_gmt":"2024-02-19T18:17:11","guid":{"rendered":"https:\/\/agora.xtec.cat\/insinvestigadorblanxart\/?page_id=3048"},"modified":"2024-02-20T12:27:38","modified_gmt":"2024-02-20T11:27:38","slug":"salut-i-escola","status":"publish","type":"page","link":"https:\/\/agora.xtec.cat\/insinvestigadorblanxart\/serveis\/salut-i-escola\/","title":{"rendered":"Salut i escola"},"content":{"rendered":"<div>\n<p data-crawling=\"principal-body\"><span style=\"color: #000000;\"><strong><a href=\"https:\/\/agora.xtec.cat\/insinvestigadorblanxart\/wp-content\/uploads\/usu1264\/2024\/02\/264x264_baner3_salut_i_escola.png\"><img loading=\"lazy\" decoding=\"async\" class=\"alignleft wp-image-3053\" src=\"https:\/\/agora.xtec.cat\/insinvestigadorblanxart\/wp-content\/uploads\/usu1264\/2024\/02\/264x264_baner3_salut_i_escola.png\" alt=\"\" width=\"182\" height=\"181\" srcset=\"https:\/\/agora.xtec.cat\/insinvestigadorblanxart\/wp-content\/uploads\/usu1264\/2024\/02\/264x264_baner3_salut_i_escola.png 263w, https:\/\/agora.xtec.cat\/insinvestigadorblanxart\/wp-content\/uploads\/usu1264\/2024\/02\/264x264_baner3_salut_i_escola-150x150.png 150w\" sizes=\"auto, (max-width: 182px) 100vw, 182px\" \/><\/a>Salut i Escola<\/strong> \u00e9s un programa impulsat pel Departament de Salut i el Departament d\u2019Educaci\u00f3 que es desenvolupa als centres educatius de secund\u00e0ria de Catalunya. L&#8217;objectiu del programa \u00e9s millorar la salut dels adolescents mitjan\u00e7ant accions de promoci\u00f3 d&#8217;h\u00e0bits saludables, prevenci\u00f3 de situacions de risc i detecci\u00f3 preco\u00e7 de problemes relacionats amb la salut mental, la salut afectiva i sexual, el consum de drogues, alcohol i tabac. Amb aquesta finalitat, una infermera o infermer de refer\u00e8ncia assignat per l&#8217;Equip d&#8217;Atenci\u00f3 Prim\u00e0ria es coordina amb la direcci\u00f3, l&#8217;equip docent i l&#8217;equip d&#8217;assessorament psicopedag\u00f2gic del centre educatiu per concretar les intervencions que es duran a terme i l&#8217;establiment del servei Consulta Oberta. Consulta Oberta \u00e9s un servei d&#8217;assessorament i d&#8217;atenci\u00f3 confidencial per a joves que s&#8217;ofereix dins el mateix centre educatiu.<\/span><\/p>\n<p><span style=\"color: #000000;\">Els \u00e0mbits d\u2019intervenci\u00f3 prioritaris dels professionals del PSiE s\u00f3n els seg\u00fcents:<\/span><\/p>\n<\/div>\n<div>\n<ul>\n<li><span style=\"color: #000000;\">Salut mental i benestar emocional<\/span><\/li>\n<li><span style=\"color: #000000;\">Salut sexual i educaci\u00f3 afectiva<\/span><\/li>\n<li><span style=\"color: #000000;\">Consum de subst\u00e0ncies addictives (drogues, alcohol i tabac), incloent-hi les addiccions comportamentals (TICs, xarxes socials, videojocs&#8230;)<\/span><\/li>\n<li><span style=\"color: #000000;\">H\u00e0bits saludables (alimentaci\u00f3 saludable, activitat f\u00edsica, horaris\/son, higiene&#8230;)<\/span><\/li>\n<li><span style=\"color: #000000;\">Maltractaments i viol\u00e8ncies (masclista, familiar, entre iguals&#8230;)<\/span><\/li>\n<li><span style=\"color: #000000;\">Salut social i entorn (pertinen\u00e7a a bandes, immigraci\u00f3&#8230;)<\/span><\/li>\n<\/ul>\n<p><span style=\"color: #000000;\">La poblaci\u00f3 objecte del programa s\u00f3n adolescents que cursen\u00a0<strong>3r i 4t d\u2019ESO,<\/strong>\u00a0per\u00f2 el programa tamb\u00e9 est\u00e0 obert a\u00a0<strong>1r i 2on d&#8217;ESO i Batxillerat,<\/strong>\u00a0ja que entenem que la salut \u00e9s universal i es fonamenta en el principi d\u2019equitat.<\/span><\/p>\n<p>Al nostre institut \u00e9s la infermera Laura Enguix qui cada dijous,\u00a0<span class=\"hiddenGrammarError\">d&#8217;11.30<\/span>\u00a0h a 12.30 h, at\u00e9n\u00a0<span class=\"hiddenGrammarError\" style=\"padding-bottom: 2px; background-image: url('..\/..\/..\/..\/..\/images\/squiggle.png'); background-repeat: repeat-x; background-position: left bottom; cursor: default; color: #000000; font-family: 'Open Sans', Helvetica, Arial, sans-serif; font-size: 16px; font-style: normal; font-variant-ligatures: normal; font-variant-caps: normal; font-weight: 300; letter-spacing: normal; orphans: 2; text-align: start; text-indent: 0px; text-transform: none; widows: 2; word-spacing: 0px; -webkit-text-stroke-width: 0px; white-space: normal; text-decoration-thickness: initial; text-decoration-style: initial; text-decoration-color: initial;\">el<\/span>\u00a0nostre alumnat.<\/p>\n<\/div>\n","protected":false},"excerpt":{"rendered":"<p><a href=\"https:\/\/agora.xtec.cat\/insinvestigadorblanxart\/wp-content\/uploads\/usu1264\/2024\/02\/264x264_baner3_salut_i_escola.png\"><\/a>Salut i Escola \u00e9s un programa impulsat pel Departament de Salut i el Departament d\u2019Educaci\u00f3 que es desenvolupa als centres educatius de secund\u00e0ria de Catalunya. L&#8217;objectiu del programa \u00e9s millorar la salut dels adolescents mitjan\u00e7ant accions de promoci\u00f3 d&#8217;h\u00e0bits saludables, prevenci\u00f3 de situacions de&hellip;  <a href=\"https:\/\/agora.xtec.cat\/insinvestigadorblanxart\/serveis\/salut-i-escola\/\" title=\"Read Salut i escola\">Llegeix m\u00e9s\u00bb<\/a><\/p>\n","protected":false},"author":1,"featured_media":0,"parent":63,"menu_order":4,"comment_status":"closed","ping_status":"closed","template":"page-templates\/side-menu.php","meta":{"_bbp_topic_count":0,"_bbp_reply_count":0,"_bbp_total_topic_count":0,"_bbp_total_reply_count":0,"_bbp_voice_count":0,"_bbp_anonymous_reply_count":0,"_bbp_topic_count_hidden":0,"_bbp_reply_count_hidden":0,"_bbp_forum_subforum_count":0,"footnotes":""},"class_list":["post-3048","page","type-page","status-publish","hentry"],"post_mailing_queue_ids":[],"_links":{"self":[{"href":"https:\/\/agora.xtec.cat\/insinvestigadorblanxart\/wp-json\/wp\/v2\/pages\/3048","targetHints":{"allow":["GET"]}}],"collection":[{"href":"https:\/\/agora.xtec.cat\/insinvestigadorblanxart\/wp-json\/wp\/v2\/pages"}],"about":[{"href":"https:\/\/agora.xtec.cat\/insinvestigadorblanxart\/wp-json\/wp\/v2\/types\/page"}],"author":[{"embeddable":true,"href":"https:\/\/agora.xtec.cat\/insinvestigadorblanxart\/wp-json\/wp\/v2\/users\/1"}],"replies":[{"embeddable":true,"href":"https:\/\/agora.xtec.cat\/insinvestigadorblanxart\/wp-json\/wp\/v2\/comments?post=3048"}],"version-history":[{"count":6,"href":"https:\/\/agora.xtec.cat\/insinvestigadorblanxart\/wp-json\/wp\/v2\/pages\/3048\/revisions"}],"predecessor-version":[{"id":3080,"href":"https:\/\/agora.xtec.cat\/insinvestigadorblanxart\/wp-json\/wp\/v2\/pages\/3048\/revisions\/3080"}],"up":[{"embeddable":true,"href":"https:\/\/agora.xtec.cat\/insinvestigadorblanxart\/wp-json\/wp\/v2\/pages\/63"}],"wp:attachment":[{"href":"https:\/\/agora.xtec.cat\/insinvestigadorblanxart\/wp-json\/wp\/v2\/media?parent=3048"}],"curies":[{"name":"wp","href":"https:\/\/api.w.org\/{rel}","templated":true}]}}