{"id":2355,"date":"2024-02-09T10:31:30","date_gmt":"2024-02-09T09:31:30","guid":{"rendered":"https:\/\/agora.xtec.cat\/insinvestigadorblanxart\/?page_id=2355"},"modified":"2024-03-15T19:24:06","modified_gmt":"2024-03-15T18:24:06","slug":"orientacio-educativa","status":"publish","type":"page","link":"https:\/\/agora.xtec.cat\/insinvestigadorblanxart\/serveis\/orientacio-educativa\/","title":{"rendered":"Orientaci\u00f3 educativa"},"content":{"rendered":"<h3><strong>Projecte d&#8217;orientaci\u00f3 del centre<\/strong><\/h3>\n<p><span style=\"font-weight: 400;\">El passat 19 de febrer v\u00e0rem fer una p\u00edndola formativa per les fam\u00edlies de 1r i 2n de l\u2019ESO. <\/span><span style=\"font-weight: 400;\">L\u2019objectiu \u00e9s que les fam\u00edlies tinguin la informaci\u00f3 necess\u00e0ria per acompanyar els seus fills i filles en el proc\u00e9s de presa de decisions de l\u2019educaci\u00f3 postobligat\u00f2ria.\u00a0<\/span><\/p>\n<p><iframe loading=\"lazy\" title=\"YouTube video player\" src=\"https:\/\/www.youtube.com\/embed\/PC1eWMBs8Zw?si=g5Qf7_G9aZ4WCRno\" width=\"560\" height=\"315\" frameborder=\"0\" allowfullscreen=\"allowfullscreen\"><\/iframe><\/p>\n<p><span style=\"color: #000000;\"><strong><i>Enlla\u00e7os anomenats durant el v\u00eddeo<\/i>:<\/strong><\/span><\/p>\n<table style=\"border-collapse: collapse; width: 65.1768%; height: 60px;\">\n<tbody>\n<tr style=\"height: 100px;\">\n<td style=\"width: 52.3297%; height: 40px; vertical-align: top;\">\n<h3><strong>Tria educativa FP<\/strong><\/h3>\n<p>Hi trobareu tota la informaci\u00f3 actualitzada sobre la formaci\u00f3 professional, els itineraris educatius, els requisits d\u2019acc\u00e9s, el proc\u00e9s de matriculaci\u00f3 i les sortides acad\u00e8miques i professionals.<\/td>\n<td style=\"width: 94.3466%; text-align: center; height: 40px;\"><a href=\"https:\/\/triaeducativa.gencat.cat\/ca\/fp\/index.html\"><img loading=\"lazy\" decoding=\"async\" class=\"alignleft wp-image-3122\" src=\"https:\/\/agora.xtec.cat\/insinvestigadorblanxart\/wp-content\/uploads\/usu1264\/2024\/02\/Captura-de-pantalla-2024-02-26-a-les-8.38.42-300x206.png\" alt=\"\" width=\"252\" height=\"173\" srcset=\"https:\/\/agora.xtec.cat\/insinvestigadorblanxart\/wp-content\/uploads\/usu1264\/2024\/02\/Captura-de-pantalla-2024-02-26-a-les-8.38.42-300x206.png 300w, https:\/\/agora.xtec.cat\/insinvestigadorblanxart\/wp-content\/uploads\/usu1264\/2024\/02\/Captura-de-pantalla-2024-02-26-a-les-8.38.42.png 458w\" sizes=\"auto, (max-width: 252px) 100vw, 252px\" \/><\/a><\/td>\n<\/tr>\n<tr style=\"height: 185px;\">\n<td style=\"width: 52.3297%; vertical-align: top; height: 10px;\">\n<h3><strong>Tria educativa Batxillerat<\/strong><\/h3>\n<p>Hi trobareu tota la informaci\u00f3 actualitzada pel que fa al Batxillerat, els itineraris educatius, els requisits d\u2019acc\u00e9s, el proc\u00e9s de matriculaci\u00f3 i les sortides acad\u00e8miques i professionals.<\/td>\n<td style=\"width: 94.3466%; text-align: left; height: 10px;\"><a href=\"https:\/\/triaeducativa.gencat.cat\/ca\/batxillerat\/index.html\"><img loading=\"lazy\" decoding=\"async\" class=\"alignleft wp-image-3123\" src=\"https:\/\/agora.xtec.cat\/insinvestigadorblanxart\/wp-content\/uploads\/usu1264\/2024\/02\/Captura-de-pantalla-2024-02-26-a-les-8.38.33-300x206.png\" alt=\"\" width=\"252\" height=\"173\" srcset=\"https:\/\/agora.xtec.cat\/insinvestigadorblanxart\/wp-content\/uploads\/usu1264\/2024\/02\/Captura-de-pantalla-2024-02-26-a-les-8.38.33-300x206.png 300w, https:\/\/agora.xtec.cat\/insinvestigadorblanxart\/wp-content\/uploads\/usu1264\/2024\/02\/Captura-de-pantalla-2024-02-26-a-les-8.38.33.png 458w\" sizes=\"auto, (max-width: 252px) 100vw, 252px\" \/><\/a><\/td>\n<\/tr>\n<tr style=\"height: 222px;\">\n<td style=\"width: 52.3297%; height: 10px; vertical-align: top;\">\n<h3><strong>Professionals que inspiren<\/strong><\/h3>\n<p>Descobriu el m\u00f3n professional amb les experi\u00e8ncies reals.<\/td>\n<td style=\"width: 94.3466%; height: 10px; text-align: left; vertical-align: top;\"><a href=\"https:\/\/agora.xtec.cat\/insinvestigadorblanxart\/wp-content\/uploads\/usu1264\/2024\/02\/Captura-de-pantalla-2024-02-26-a-les-16.25.45.png\"><img loading=\"lazy\" decoding=\"async\" class=\"alignleft wp-image-3126\" src=\"https:\/\/agora.xtec.cat\/insinvestigadorblanxart\/wp-content\/uploads\/usu1264\/2024\/02\/Captura-de-pantalla-2024-02-26-a-les-16.25.45-300x207.png\" alt=\"\" width=\"252\" height=\"174\" srcset=\"https:\/\/agora.xtec.cat\/insinvestigadorblanxart\/wp-content\/uploads\/usu1264\/2024\/02\/Captura-de-pantalla-2024-02-26-a-les-16.25.45-300x207.png 300w, https:\/\/agora.xtec.cat\/insinvestigadorblanxart\/wp-content\/uploads\/usu1264\/2024\/02\/Captura-de-pantalla-2024-02-26-a-les-16.25.45.png 522w\" sizes=\"auto, (max-width: 252px) 100vw, 252px\" \/><\/a><\/td>\n<\/tr>\n<\/tbody>\n<\/table>\n<p>&nbsp;<\/p>\n","protected":false},"excerpt":{"rendered":"<p>Projecte d&#8217;orientaci\u00f3 del centre<br \/>\nEl passat 19 de febrer v\u00e0rem fer una p\u00edndola formativa per les fam\u00edlies de 1r i 2n de l\u2019ESO. L\u2019objectiu \u00e9s que les fam\u00edlies tinguin la informaci\u00f3 necess\u00e0ria per acompanyar els seus fills i filles en el proc\u00e9s de presa de decisions&hellip;  <a href=\"https:\/\/agora.xtec.cat\/insinvestigadorblanxart\/serveis\/orientacio-educativa\/\" title=\"Read Orientaci\u00f3 educativa\">Llegeix m\u00e9s\u00bb<\/a><\/p>\n","protected":false},"author":1,"featured_media":0,"parent":63,"menu_order":1,"comment_status":"closed","ping_status":"closed","template":"page-templates\/side-menu.php","meta":{"_bbp_topic_count":0,"_bbp_reply_count":0,"_bbp_total_topic_count":0,"_bbp_total_reply_count":0,"_bbp_voice_count":0,"_bbp_anonymous_reply_count":0,"_bbp_topic_count_hidden":0,"_bbp_reply_count_hidden":0,"_bbp_forum_subforum_count":0,"footnotes":""},"class_list":["post-2355","page","type-page","status-publish","hentry"],"post_mailing_queue_ids":[],"_links":{"self":[{"href":"https:\/\/agora.xtec.cat\/insinvestigadorblanxart\/wp-json\/wp\/v2\/pages\/2355","targetHints":{"allow":["GET"]}}],"collection":[{"href":"https:\/\/agora.xtec.cat\/insinvestigadorblanxart\/wp-json\/wp\/v2\/pages"}],"about":[{"href":"https:\/\/agora.xtec.cat\/insinvestigadorblanxart\/wp-json\/wp\/v2\/types\/page"}],"author":[{"embeddable":true,"href":"https:\/\/agora.xtec.cat\/insinvestigadorblanxart\/wp-json\/wp\/v2\/users\/1"}],"replies":[{"embeddable":true,"href":"https:\/\/agora.xtec.cat\/insinvestigadorblanxart\/wp-json\/wp\/v2\/comments?post=2355"}],"version-history":[{"count":7,"href":"https:\/\/agora.xtec.cat\/insinvestigadorblanxart\/wp-json\/wp\/v2\/pages\/2355\/revisions"}],"predecessor-version":[{"id":3905,"href":"https:\/\/agora.xtec.cat\/insinvestigadorblanxart\/wp-json\/wp\/v2\/pages\/2355\/revisions\/3905"}],"up":[{"embeddable":true,"href":"https:\/\/agora.xtec.cat\/insinvestigadorblanxart\/wp-json\/wp\/v2\/pages\/63"}],"wp:attachment":[{"href":"https:\/\/agora.xtec.cat\/insinvestigadorblanxart\/wp-json\/wp\/v2\/media?parent=2355"}],"curies":[{"name":"wp","href":"https:\/\/api.w.org\/{rel}","templated":true}]}}