{"id":1961,"date":"2024-02-05T19:20:35","date_gmt":"2024-02-05T18:20:35","guid":{"rendered":"https:\/\/agora.xtec.cat\/insinvestigadorblanxart\/?page_id=1961"},"modified":"2025-12-15T18:28:48","modified_gmt":"2025-12-15T17:28:48","slug":"ambits","status":"publish","type":"page","link":"https:\/\/agora.xtec.cat\/insinvestigadorblanxart\/linstitut\/organigrama\/ambits\/","title":{"rendered":"\u00c0mbits"},"content":{"rendered":"\n<p><strong>Caps d&#8217;\u00c0mbit<\/strong><\/p>\n\n\n\n<ul class=\"wp-block-list\">\n<li><strong>Lleng\u00fces:<\/strong> Carme Calatayud<\/li>\n\n\n\n<li><strong>Lleng\u00fces estrangeres:<\/strong> Carme Rengel<\/li>\n\n\n\n<li><strong>Matem\u00e0tiques: <\/strong>Xavier Costa<\/li>\n\n\n\n<li><strong>Cient\u00edfic-tecnol\u00f2gic: <\/strong>Pedro Mart\u00ednez<\/li>\n\n\n\n<li><strong>Social: <\/strong>Mois\u00e9s Ruiz<\/li>\n\n\n\n<li><strong>Art\u00edstic:<\/strong> Marta Ruiz<\/li>\n\n\n\n<li><strong>Orientaci\u00f3:<\/strong> Imma Navarro<\/li>\n\n\n\n<li><strong>Educaci\u00f3 F\u00edsica:<\/strong> Carles Garrido<\/li>\n\n\n\n<li><strong>CCFF Sanitat:<\/strong> Pili Tom\u00e9.<\/li>\n<\/ul>\n\n\n\n<p><\/p>\n","protected":false},"excerpt":{"rendered":"<p>Caps d&#8217;\u00c0mbit<\/p>\n<ul class=\"wp-block-list\">\n<li>Lleng\u00fces: Carme Calatayud<\/li>\n<li>Lleng\u00fces estrangeres: Carme Rengel<\/li>\n<li>Matem\u00e0tiques: Xavier Costa<\/li>\n<li>Cient\u00edfic-tecnol\u00f2gic: Pedro Mart\u00ednez<\/li>\n<li>Social: Mois\u00e9s Ruiz<\/li>\n<li>Art\u00edstic: Marta Ruiz<\/li>\n<li>Orientaci\u00f3: Imma Navarro<\/li>\n<li>Educaci\u00f3 F\u00edsica: Carles Garrido<\/li>\n<li>CCFF Sanitat: Pili Tom\u00e9.<\/li>\n<\/ul>\n","protected":false},"author":1,"featured_media":0,"parent":46,"menu_order":0,"comment_status":"closed","ping_status":"closed","template":"page-templates\/side-menu.php","meta":{"_bbp_topic_count":0,"_bbp_reply_count":0,"_bbp_total_topic_count":0,"_bbp_total_reply_count":0,"_bbp_voice_count":0,"_bbp_anonymous_reply_count":0,"_bbp_topic_count_hidden":0,"_bbp_reply_count_hidden":0,"_bbp_forum_subforum_count":0,"footnotes":""},"class_list":["post-1961","page","type-page","status-publish","hentry"],"post_mailing_queue_ids":[],"_links":{"self":[{"href":"https:\/\/agora.xtec.cat\/insinvestigadorblanxart\/wp-json\/wp\/v2\/pages\/1961","targetHints":{"allow":["GET"]}}],"collection":[{"href":"https:\/\/agora.xtec.cat\/insinvestigadorblanxart\/wp-json\/wp\/v2\/pages"}],"about":[{"href":"https:\/\/agora.xtec.cat\/insinvestigadorblanxart\/wp-json\/wp\/v2\/types\/page"}],"author":[{"embeddable":true,"href":"https:\/\/agora.xtec.cat\/insinvestigadorblanxart\/wp-json\/wp\/v2\/users\/1"}],"replies":[{"embeddable":true,"href":"https:\/\/agora.xtec.cat\/insinvestigadorblanxart\/wp-json\/wp\/v2\/comments?post=1961"}],"version-history":[{"count":4,"href":"https:\/\/agora.xtec.cat\/insinvestigadorblanxart\/wp-json\/wp\/v2\/pages\/1961\/revisions"}],"predecessor-version":[{"id":8018,"href":"https:\/\/agora.xtec.cat\/insinvestigadorblanxart\/wp-json\/wp\/v2\/pages\/1961\/revisions\/8018"}],"up":[{"embeddable":true,"href":"https:\/\/agora.xtec.cat\/insinvestigadorblanxart\/wp-json\/wp\/v2\/pages\/46"}],"wp:attachment":[{"href":"https:\/\/agora.xtec.cat\/insinvestigadorblanxart\/wp-json\/wp\/v2\/media?parent=1961"}],"curies":[{"name":"wp","href":"https:\/\/api.w.org\/{rel}","templated":true}]}}