{"id":1915,"date":"2024-02-05T13:25:04","date_gmt":"2024-02-05T12:25:04","guid":{"rendered":"https:\/\/agora.xtec.cat\/insinvestigadorblanxart\/?page_id=1915"},"modified":"2024-03-04T13:25:11","modified_gmt":"2024-03-04T12:25:11","slug":"batxillerat","status":"publish","type":"page","link":"https:\/\/agora.xtec.cat\/insinvestigadorblanxart\/estudis\/batxillerat\/","title":{"rendered":"Batxillerat"},"content":{"rendered":"<p><span style=\"color: #000000;\">El\u00a0Batxillerat\u00a0\u00e9s l&#8217;etapa del\u00a0sistema educatiu\u00a0que s&#8217;inicia en acabar l&#8217;Educaci\u00f3 Secund\u00e0ria Obligat\u00f2ria (ESO). \u00c9s una etapa no obligat\u00f2ria destinada en principi a alumnes d&#8217;entre 16 i 18 anys.\u00a0Consta de dos cursos acad\u00e8mics, 1r i 2n de Batxillerat.<\/span><\/p>\n<p><span style=\"color: #000000;\">L&#8217;alumne pot triar entre diferents modalitats. La modalitat escollida determinar\u00e0 la via a seguir a les Proves d&#8217;Acc\u00e9s a la Universitat (PAU).<\/span><\/p>\n<p><span style=\"color: #000000;\">Facilita l&#8217;acc\u00e9s a la universitat o a cicles formatius de grau superior i tamb\u00e9 permet la incorporaci\u00f3 directa al m\u00f3n laboral. Els alumnes que hagin cursat aquests estudis satisfact\u00f2riament rebran el t\u00edtol de Batxillerat.<\/span><\/p>\n<table style=\"border-collapse: collapse; width: 50%;\">\n<tbody>\n<tr>\n<td style=\"width: 50%;\"><a href=\"https:\/\/agora.xtec.cat\/insinvestigadorblanxart\/estudis\/batxillerat\/batxillerat-diurn\/\"><img loading=\"lazy\" decoding=\"async\" class=\"alignleft size-medium wp-image-3348\" src=\"https:\/\/agora.xtec.cat\/insinvestigadorblanxart\/wp-content\/uploads\/usu1264\/2024\/03\/diurn-300x200.png\" alt=\"\" width=\"300\" height=\"200\" srcset=\"https:\/\/agora.xtec.cat\/insinvestigadorblanxart\/wp-content\/uploads\/usu1264\/2024\/03\/diurn-300x200.png 300w, https:\/\/agora.xtec.cat\/insinvestigadorblanxart\/wp-content\/uploads\/usu1264\/2024\/03\/diurn.png 415w\" sizes=\"auto, (max-width: 300px) 100vw, 300px\" \/><\/a><\/td>\n<td style=\"width: 50%;\"><a href=\"https:\/\/agora.xtec.cat\/insinvestigadorblanxart\/estudis\/batxillerat\/batxillerat-nocturn\/\"><img loading=\"lazy\" decoding=\"async\" class=\"alignleft size-medium wp-image-3349\" src=\"https:\/\/agora.xtec.cat\/insinvestigadorblanxart\/wp-content\/uploads\/usu1264\/2024\/03\/nocturn-300x200.png\" alt=\"\" width=\"300\" height=\"200\" srcset=\"https:\/\/agora.xtec.cat\/insinvestigadorblanxart\/wp-content\/uploads\/usu1264\/2024\/03\/nocturn-300x200.png 300w, https:\/\/agora.xtec.cat\/insinvestigadorblanxart\/wp-content\/uploads\/usu1264\/2024\/03\/nocturn.png 421w\" sizes=\"auto, (max-width: 300px) 100vw, 300px\" \/><\/a><\/td>\n<\/tr>\n<\/tbody>\n<\/table>\n","protected":false},"excerpt":{"rendered":"<p>El\u00a0Batxillerat\u00a0\u00e9s l&#8217;etapa del\u00a0sistema educatiu\u00a0que s&#8217;inicia en acabar l&#8217;Educaci\u00f3 Secund\u00e0ria Obligat\u00f2ria (ESO). \u00c9s una etapa no obligat\u00f2ria destinada en principi a alumnes d&#8217;entre 16 i 18 anys.\u00a0Consta de dos cursos acad\u00e8mics, 1r i 2n de Batxillerat.<br \/>\nL&#8217;alumne pot triar entre diferents modalitats. La modalitat escollida determinar\u00e0 la&hellip;  <a href=\"https:\/\/agora.xtec.cat\/insinvestigadorblanxart\/estudis\/batxillerat\/\" title=\"Read Batxillerat\">Llegeix m\u00e9s\u00bb<\/a><\/p>\n","protected":false},"author":1,"featured_media":0,"parent":195,"menu_order":1,"comment_status":"closed","ping_status":"closed","template":"page-templates\/side-menu.php","meta":{"_bbp_topic_count":0,"_bbp_reply_count":0,"_bbp_total_topic_count":0,"_bbp_total_reply_count":0,"_bbp_voice_count":0,"_bbp_anonymous_reply_count":0,"_bbp_topic_count_hidden":0,"_bbp_reply_count_hidden":0,"_bbp_forum_subforum_count":0,"footnotes":""},"class_list":["post-1915","page","type-page","status-publish","hentry"],"post_mailing_queue_ids":[],"_links":{"self":[{"href":"https:\/\/agora.xtec.cat\/insinvestigadorblanxart\/wp-json\/wp\/v2\/pages\/1915","targetHints":{"allow":["GET"]}}],"collection":[{"href":"https:\/\/agora.xtec.cat\/insinvestigadorblanxart\/wp-json\/wp\/v2\/pages"}],"about":[{"href":"https:\/\/agora.xtec.cat\/insinvestigadorblanxart\/wp-json\/wp\/v2\/types\/page"}],"author":[{"embeddable":true,"href":"https:\/\/agora.xtec.cat\/insinvestigadorblanxart\/wp-json\/wp\/v2\/users\/1"}],"replies":[{"embeddable":true,"href":"https:\/\/agora.xtec.cat\/insinvestigadorblanxart\/wp-json\/wp\/v2\/comments?post=1915"}],"version-history":[{"count":6,"href":"https:\/\/agora.xtec.cat\/insinvestigadorblanxart\/wp-json\/wp\/v2\/pages\/1915\/revisions"}],"predecessor-version":[{"id":3356,"href":"https:\/\/agora.xtec.cat\/insinvestigadorblanxart\/wp-json\/wp\/v2\/pages\/1915\/revisions\/3356"}],"up":[{"embeddable":true,"href":"https:\/\/agora.xtec.cat\/insinvestigadorblanxart\/wp-json\/wp\/v2\/pages\/195"}],"wp:attachment":[{"href":"https:\/\/agora.xtec.cat\/insinvestigadorblanxart\/wp-json\/wp\/v2\/media?parent=1915"}],"curies":[{"name":"wp","href":"https:\/\/api.w.org\/{rel}","templated":true}]}}