{"id":81,"date":"2014-09-18T10:38:05","date_gmt":"2014-09-18T10:38:05","guid":{"rendered":"http:\/\/agora.xtec.cat\/insils\/?page_id=81"},"modified":"2024-09-22T22:48:17","modified_gmt":"2024-09-22T20:48:17","slug":"secretaria","status":"publish","type":"page","link":"https:\/\/agora.xtec.cat\/insils\/secretaria\/","title":{"rendered":"Secretaria"},"content":{"rendered":"<h2 style=\"text-align: left;\"><strong>Horari d&#8217;atenci\u00f3 al p\u00fablic<\/strong><\/h2>\n<table>\n<tbody>\n<tr style=\"height: 33px;\">\n<td style=\"height: 33px;\"><\/td>\n<td style=\"height: 33px; text-align: center;\">Dilluns<\/td>\n<td style=\"height: 33px; text-align: center;\">Dimarts<\/td>\n<td style=\"height: 33px; text-align: center;\">Dimecres<\/td>\n<td style=\"height: 33px; text-align: center;\">Dijous<\/td>\n<td style=\"height: 33px; text-align: center;\">Divendres<\/td>\n<\/tr>\n<tr style=\"height: 33px;\">\n<td style=\"height: 33px; text-align: center;\">Mat\u00ed<\/td>\n<td style=\"height: 33px; text-align: center;\">8:00 &#8211; 13:30<\/td>\n<td style=\"height: 33px; text-align: center;\">8:00 &#8211; 14:30<\/td>\n<td style=\"height: 33px; text-align: center;\">8:00 &#8211; 14:30<\/td>\n<td style=\"height: 33px; text-align: center;\">8:00 &#8211; 14:30<\/td>\n<td style=\"height: 33px; text-align: center;\">8:00 &#8211; 14:30<\/td>\n<\/tr>\n<tr style=\"height: 33px;\">\n<td style=\"height: 33px; text-align: center;\">Tarda<\/td>\n<td style=\"height: 33px; text-align: center;\">15:00 &#8211; 18:00<\/td>\n<td style=\"height: 33px; text-align: center;\"><\/td>\n<td style=\"height: 33px; text-align: center;\"><\/td>\n<td style=\"height: 33px; text-align: center;\"><\/td>\n<td style=\"height: 33px; text-align: center;\"><\/td>\n<\/tr>\n<\/tbody>\n<\/table>\n<p>Per a qualsevol altra informaci\u00f3, podeu posar-vos en contacte amb nosaltres al seg\u00fcent tel\u00e8fon: 972 85 39 77 o al seg\u00fcent correu electr\u00f2nic <a href=\"mailto:b7009308@xtec.cat\">b7009308@xtec.cat<\/a><\/p>\n<ul style=\"list-style-type: square;\">\n<li>Tr\u00e0mits (sol\u00b7licitud de certificats&#8230;)<\/li>\n<li>Beques i ajuts<\/li>\n<li>Proves d&#8217;acc\u00e9s als cicles formatius<\/li>\n<li>etc.<\/li>\n<\/ul>\n","protected":false},"excerpt":{"rendered":"<p>Horari d&#8217;atenci\u00f3 al p\u00fablic<\/p>\n<p>Dilluns<br \/>\nDimarts<br \/>\nDimecres<br \/>\nDijous<br \/>\nDivendres<\/p>\n<p>Mat\u00ed<br \/>\n8:00 &#8211; 13:30<br \/>\n8:00 &#8211; 14:30<br \/>\n8:00 &#8211; 14:30<br \/>\n8:00 &#8211; 14:30<br \/>\n8:00 &#8211; 14:30<\/p>\n<p>Tarda<br \/>\n15:00 &#8211; 18:00<\/p>\n<p>Per a qualsevol altra informaci\u00f3, podeu posar-vos en contacte amb nosaltres al seg\u00fcent tel\u00e8fon: 972 85 39 77 o al seg\u00fcent correu electr\u00f2nic <a href=\"mailto:b7009308@xtec.cat\">b7009308@xtec.cat<\/a><\/p>\n<ul style=\"list-style-type: square;\">\n<li>Tr\u00e0mits (sol\u00b7licitud de certificats&#8230;)<\/li>\n<li>Beques&hellip;  <a href=\"https:\/\/agora.xtec.cat\/insils\/secretaria\/\" title=\"Read Secretaria\">Llegeix m\u00e9s\u00bb<\/a><br \/>\n","protected":false},"author":1,"featured_media":0,"parent":0,"menu_order":0,"comment_status":"closed","ping_status":"closed","template":"page-templates\/side-menu.php","meta":{"_bbp_topic_count":0,"_bbp_reply_count":0,"_bbp_total_topic_count":0,"_bbp_total_reply_count":0,"_bbp_voice_count":0,"_bbp_anonymous_reply_count":0,"_bbp_topic_count_hidden":0,"_bbp_reply_count_hidden":0,"_bbp_forum_subforum_count":0,"footnotes":""},"class_list":["post-81","page","type-page","status-publish","hentry"],"post_mailing_queue_ids":[],"_links":{"self":[{"href":"https:\/\/agora.xtec.cat\/insils\/wp-json\/wp\/v2\/pages\/81","targetHints":{"allow":["GET"]}}],"collection":[{"href":"https:\/\/agora.xtec.cat\/insils\/wp-json\/wp\/v2\/pages"}],"about":[{"href":"https:\/\/agora.xtec.cat\/insils\/wp-json\/wp\/v2\/types\/page"}],"author":[{"embeddable":true,"href":"https:\/\/agora.xtec.cat\/insils\/wp-json\/wp\/v2\/users\/1"}],"replies":[{"embeddable":true,"href":"https:\/\/agora.xtec.cat\/insils\/wp-json\/wp\/v2\/comments?post=81"}],"version-history":[{"count":4,"href":"https:\/\/agora.xtec.cat\/insils\/wp-json\/wp\/v2\/pages\/81\/revisions"}],"predecessor-version":[{"id":5704,"href":"https:\/\/agora.xtec.cat\/insils\/wp-json\/wp\/v2\/pages\/81\/revisions\/5704"}],"wp:attachment":[{"href":"https:\/\/agora.xtec.cat\/insils\/wp-json\/wp\/v2\/media?parent=81"}],"curies":[{"name":"wp","href":"https:\/\/api.w.org\/{rel}","templated":true}]}}