{"id":765,"date":"2018-07-10T23:20:40","date_gmt":"2018-07-10T21:20:40","guid":{"rendered":"http:\/\/agora.xtec.cat\/insgurb\/?page_id=765"},"modified":"2025-09-17T08:54:00","modified_gmt":"2025-09-17T06:54:00","slug":"2n-deso","status":"publish","type":"page","link":"https:\/\/agora.xtec.cat\/insgurb\/estudis\/2n-deso\/","title":{"rendered":"2n d&#8217;ESO"},"content":{"rendered":"<h4><strong>Guia de l\u2019estudiant de 2n d\u2019ESO<\/strong><\/h4>\n<p>Consulta la <a href=\"https:\/\/agora.xtec.cat\/insgurb\/wp-content\/uploads\/usu1744\/2025\/09\/2526_Guia_estudiant_2n.pdf\"><strong>guia de l\u2019estudiant de\u00a02n d\u2019ESO<\/strong><\/a>, on podr\u00e0s veure tot all\u00f2 que necessites saber per comen\u00e7ar el curs ben preparat: normes, horaris, pla d\u2019estudis, etc.<\/p>\n<p>&nbsp;<\/p>\n<h4><strong>Tutories<\/strong><\/h4>\n<ul>\n<li><strong>2n A<\/strong>: N\u00faria Vidal i N\u00faria G\u00fcell<\/li>\n<li><strong>2n B<\/strong>: Isabel Palacio, Dani Blasi i Dafne Mart\u00ednez<\/li>\n<li><strong>2n C<\/strong>: Sandra Lacruz i Pere Vargas<\/li>\n<\/ul>\n<p>&nbsp;<\/p>\n<h4><strong>Professorat de 2n d&#8217;ESO<\/strong><\/h4>\n<ul>\n<li><strong>Catal\u00e0: <\/strong>Marta Gonz\u00e1lez (2n A, B i C)<\/li>\n<li><strong>Castell\u00e0:<\/strong> Paula Maestre (2n A, B i C)<\/li>\n<li><strong>Estructures Ling\u00fc\u00edstiques:<\/strong> Pere Vargas (2n A, B i C)<\/li>\n<li><strong>Projecte Socioling\u00fc\u00edstic: <\/strong>Isabel Palacio (2n A), Sandra Lacruz (2n B) Pere Vargas (2n C)<\/li>\n<li><strong>Angl\u00e8s: <\/strong>Isabel Palacio (2n A, B i C)<\/li>\n<li><strong>Matem\u00e0tiques: <\/strong>Dani Blasi (2n A i B) i Maria Ylla-Catal\u00e0 (2n C)<\/li>\n<li><strong>Socials: <\/strong>Sandra Lacruz (2n A, B i C)<\/li>\n<li><strong>F\u00edsica i Qu\u00edmica: <\/strong>Laura Paloma (2n A, B i C)<\/li>\n<li><strong>STEAM: <\/strong>\u00a0N\u00faria Vidal (2n A), Gen\u00eds Torguet (2n B) i Josep Rubi\u00f3 (2n C)<\/li>\n<li><strong>Educaci\u00f3 F\u00edsica: <\/strong>Dafne Mart\u00ednez (2n A, B i C)<\/li>\n<li><strong>M\u00fasica: <\/strong>N\u00faria G\u00fcell (2n A, B i C)<\/li>\n<li><strong>Optatives<\/strong>: Ada Colomer (Franc\u00e8s), Katharina Hahn (Alemany), Isabel Palacio (Escriptura Creativa), N\u00faria Vidal (Disseny Tecnol\u00f2gic) i Cristina Roca (PIM).<\/li>\n<\/ul>\n<p>&nbsp;<\/p>\n<h4><strong>Material del curs<\/strong><\/h4>\n<p>Consulta tot el <a href=\"https:\/\/agora.xtec.cat\/insgurb\/portada\/menjador-extraescolars-i-material-curs-2025-26\/\"><strong>material<\/strong> <\/a>que necessites pel curs 2025-26.<\/p>\n<p>&nbsp;<\/p>\n<p>&nbsp;<\/p>\n","protected":false},"excerpt":{"rendered":"<p>Guia de l\u2019estudiant de 2n d\u2019ESO<br \/>\nConsulta la <a href=\"https:\/\/agora.xtec.cat\/insgurb\/wp-content\/uploads\/usu1744\/2025\/09\/2526_Guia_estudiant_2n.pdf\">guia de l\u2019estudiant de\u00a02n d\u2019ESO<\/a>, on podr\u00e0s veure tot all\u00f2 que necessites saber per comen\u00e7ar el curs ben preparat: normes, horaris, pla d\u2019estudis, etc.<br \/>\n&nbsp;<br \/>\nTutories<\/p>\n<ul>\n<li>2n A: N\u00faria Vidal i N\u00faria G\u00fcell<\/li>\n<li>2n B: Isabel Palacio, Dani Blasi i Dafne&hellip;  <a href=\"https:\/\/agora.xtec.cat\/insgurb\/estudis\/2n-deso\/\" title=\"Read 2n d&#8217;ESO\">Llegeix m\u00e9s\u00bb<\/a><br \/>\n","protected":false},"author":1,"featured_media":0,"parent":195,"menu_order":0,"comment_status":"closed","ping_status":"closed","template":"","meta":{"_bbp_topic_count":0,"_bbp_reply_count":0,"_bbp_total_topic_count":0,"_bbp_total_reply_count":0,"_bbp_voice_count":0,"_bbp_anonymous_reply_count":0,"_bbp_topic_count_hidden":0,"_bbp_reply_count_hidden":0,"_bbp_forum_subforum_count":0,"footnotes":""},"class_list":["post-765","page","type-page","status-publish","hentry"],"post_mailing_queue_ids":[],"_links":{"self":[{"href":"https:\/\/agora.xtec.cat\/insgurb\/wp-json\/wp\/v2\/pages\/765","targetHints":{"allow":["GET"]}}],"collection":[{"href":"https:\/\/agora.xtec.cat\/insgurb\/wp-json\/wp\/v2\/pages"}],"about":[{"href":"https:\/\/agora.xtec.cat\/insgurb\/wp-json\/wp\/v2\/types\/page"}],"author":[{"embeddable":true,"href":"https:\/\/agora.xtec.cat\/insgurb\/wp-json\/wp\/v2\/users\/1"}],"replies":[{"embeddable":true,"href":"https:\/\/agora.xtec.cat\/insgurb\/wp-json\/wp\/v2\/comments?post=765"}],"version-history":[{"count":6,"href":"https:\/\/agora.xtec.cat\/insgurb\/wp-json\/wp\/v2\/pages\/765\/revisions"}],"predecessor-version":[{"id":6549,"href":"https:\/\/agora.xtec.cat\/insgurb\/wp-json\/wp\/v2\/pages\/765\/revisions\/6549"}],"up":[{"embeddable":true,"href":"https:\/\/agora.xtec.cat\/insgurb\/wp-json\/wp\/v2\/pages\/195"}],"wp:attachment":[{"href":"https:\/\/agora.xtec.cat\/insgurb\/wp-json\/wp\/v2\/media?parent=765"}],"curies":[{"name":"wp","href":"https:\/\/api.w.org\/{rel}","templated":true}]}}