{"id":65,"date":"2014-09-18T10:12:22","date_gmt":"2014-09-18T10:12:22","guid":{"rendered":"http:\/\/agora.xtec.cat\/insgurb\/?page_id=65"},"modified":"2023-07-06T09:32:37","modified_gmt":"2023-07-06T07:32:37","slug":"serveis-digitals","status":"publish","type":"page","link":"https:\/\/agora.xtec.cat\/insgurb\/serveis\/serveis-digitals\/","title":{"rendered":"Serveis digitals"},"content":{"rendered":"<p>L\u2019Institut de Gurb utilitza els <strong>serveis\u00a0digitals<\/strong>\u00a0seg\u00fcents:<\/p>\n<ul>\n<li><a href=\"http:\/\/agora.xtec.cat\/insgurb\/moodle\"><strong>Moodle.<\/strong><\/a> \u00c9s l&#8217;entorn virtual d&#8217;aprenentatge que s&#8217;utilitza a tots els cursos. El professorat l&#8217;utilitza per compartir tota la informaci\u00f3 de la mat\u00e8ria amb l&#8217;alumnat. Tamb\u00e9 s&#8217;hi recullen les tasques i lliuraments de l&#8217;alumnat i s&#8217;utilitza per fer-los el retorn.<\/li>\n<\/ul>\n<p><a href=\"http:\/\/agora.xtec.cat\/insgurb\/wp-content\/uploads\/usu1744\/2018\/08\/moodle-logo.png\"><img loading=\"lazy\" decoding=\"async\" class=\"alignnone wp-image-905\" src=\"http:\/\/agora.xtec.cat\/insgurb\/wp-content\/uploads\/usu1744\/2018\/08\/moodle-logo-1024x313.png\" sizes=\"auto, (max-width: 222px) 100vw, 222px\" srcset=\"https:\/\/agora.xtec.cat\/insgurb\/wp-content\/uploads\/usu1744\/2018\/08\/moodle-logo-1024x313.png 1024w, https:\/\/agora.xtec.cat\/insgurb\/wp-content\/uploads\/usu1744\/2018\/08\/moodle-logo-300x92.png 300w, https:\/\/agora.xtec.cat\/insgurb\/wp-content\/uploads\/usu1744\/2018\/08\/moodle-logo-768x234.png 768w, https:\/\/agora.xtec.cat\/insgurb\/wp-content\/uploads\/usu1744\/2018\/08\/moodle-logo.png 1091w\" alt=\"\" width=\"222\" height=\"68\" \/><\/a><\/p>\n<ul>\n<li><strong>Google Workspace. <\/strong>El centre t\u00e9 un compte de Google Workspace per a Centres Educatius que li proporciona eines d&#8217;emmagatzematge i edici\u00f3 col\u00b7laborativa de documents per a l&#8217;alumnat i professorat (Drive), comunicaci\u00f3 (correu corporatiu per alumnat i professorat i Google Meet) i organitzaci\u00f3 (calendari). El coordinador digital \u00e9s l&#8217;encarregat de crear i gestionar els usuaris, i tamb\u00e9 s&#8217;encarrega del manteniment de la plataforma en general.<\/li>\n<\/ul>\n<p><a href=\"https:\/\/agora.xtec.cat\/insgurb\/wp-content\/uploads\/usu1744\/2023\/05\/Google-workspace.jpg\"><img loading=\"lazy\" decoding=\"async\" class=\"alignnone size-full wp-image-4764\" src=\"https:\/\/agora.xtec.cat\/insgurb\/wp-content\/uploads\/usu1744\/2023\/05\/Google-workspace.jpg\" alt=\"\" width=\"296\" height=\"101\" \/><\/a><\/p>\n<ul>\n<li><strong>iEduca. <\/strong>\u00c9s el programa de gesti\u00f3 del centre, a trav\u00e9s del qual es fa el control de l&#8217;assist\u00e8ncia, les convocat\u00f2ries i actes de les reunions i la gesti\u00f3 de les gu\u00e0rdies. Tamb\u00e9 s&#8217;hi troba tota la informaci\u00f3 de contacte de l&#8217;alumnat i les fam\u00edlies i l&#8217;historial que recull totes les actuacions que es duen a terme amb l&#8217;alumnat a nivell de tutoria individual. Tamb\u00e9 es pot utilitzar per gestionar la disciplina, consultar horaris i reservar espais de reuni\u00f3.<\/li>\n<\/ul>\n<p><a href=\"http:\/\/agora.xtec.cat\/insgurb\/wp-content\/uploads\/usu1744\/2018\/08\/iEduca.jpg\"><img loading=\"lazy\" decoding=\"async\" class=\"alignnone wp-image-899\" src=\"http:\/\/agora.xtec.cat\/insgurb\/wp-content\/uploads\/usu1744\/2018\/08\/iEduca-1024x318.jpg\" sizes=\"auto, (max-width: 238px) 100vw, 238px\" srcset=\"https:\/\/agora.xtec.cat\/insgurb\/wp-content\/uploads\/usu1744\/2018\/08\/iEduca-1024x318.jpg 1024w, https:\/\/agora.xtec.cat\/insgurb\/wp-content\/uploads\/usu1744\/2018\/08\/iEduca-300x93.jpg 300w, https:\/\/agora.xtec.cat\/insgurb\/wp-content\/uploads\/usu1744\/2018\/08\/iEduca-768x238.jpg 768w, https:\/\/agora.xtec.cat\/insgurb\/wp-content\/uploads\/usu1744\/2018\/08\/iEduca.jpg 1076w\" alt=\"\" width=\"238\" height=\"74\" \/><\/a><\/p>\n<ul>\n<li><strong>App<\/strong>\n<ul>\n<li style=\"list-style-type: none;\">\n<ul>\n<li><strong>TokApp<\/strong>: la plataforma de gesti\u00f3 cont\u00e9 una aplicaci\u00f3 per al m\u00f2bil, l&#8217;<strong>iEduca Tokapp<\/strong>, que s&#8217;utilitza des de la coordinaci\u00f3 de comunicaci\u00f3 per enviar comunicacions instant\u00e0nies a les fam\u00edlies. Aquestes tamb\u00e9 poden consultar les faltes d&#8217;assist\u00e8ncia, retards, incid\u00e8ncies i faltes de materials dels seus fills\/es.<\/li>\n<\/ul>\n<\/li>\n<\/ul>\n<\/li>\n<\/ul>\n<p><a href=\"https:\/\/agora.xtec.cat\/insgurb\/wp-content\/uploads\/usu1744\/2023\/05\/iEduca-Tokapp.png\"><img loading=\"lazy\" decoding=\"async\" class=\"alignnone wp-image-4774\" src=\"https:\/\/agora.xtec.cat\/insgurb\/wp-content\/uploads\/usu1744\/2023\/05\/iEduca-Tokapp.png\" alt=\"\" width=\"303\" height=\"63\" srcset=\"https:\/\/agora.xtec.cat\/insgurb\/wp-content\/uploads\/usu1744\/2023\/05\/iEduca-Tokapp.png 1151w, https:\/\/agora.xtec.cat\/insgurb\/wp-content\/uploads\/usu1744\/2023\/05\/iEduca-Tokapp-300x63.png 300w, https:\/\/agora.xtec.cat\/insgurb\/wp-content\/uploads\/usu1744\/2023\/05\/iEduca-Tokapp-1024x214.png 1024w, https:\/\/agora.xtec.cat\/insgurb\/wp-content\/uploads\/usu1744\/2023\/05\/iEduca-Tokapp-768x160.png 768w\" sizes=\"auto, (max-width: 303px) 100vw, 303px\" \/><\/a><\/p>\n<ul>\n<li><strong>Llibres digitals<\/strong>\n<ul>\n<li>A la mat\u00e8ria de Ci\u00e8ncies s&#8217;utilitza el llibre digital <strong>Science Bits<\/strong> com a eina de suport per a la realitzaci\u00f3 d&#8217;exercicis pr\u00e0ctics i simulacions. L&#8217;eina permet la realitzaci\u00f3 d&#8217;activitats en angl\u00e8s.<\/li>\n<\/ul>\n<\/li>\n<\/ul>\n<p><a href=\"http:\/\/agora.xtec.cat\/insgurb\/wp-content\/uploads\/usu1744\/2018\/08\/baixa.jpg\"><img loading=\"lazy\" decoding=\"async\" class=\"alignnone wp-image-902\" src=\"http:\/\/agora.xtec.cat\/insgurb\/wp-content\/uploads\/usu1744\/2018\/08\/baixa.jpg\" sizes=\"auto, (max-width: 236px) 100vw, 236px\" srcset=\"https:\/\/agora.xtec.cat\/insgurb\/wp-content\/uploads\/usu1744\/2018\/08\/baixa.jpg 351w, https:\/\/agora.xtec.cat\/insgurb\/wp-content\/uploads\/usu1744\/2018\/08\/baixa-300x123.jpg 300w\" alt=\"\" width=\"236\" height=\"97\" \/><\/a><\/p>\n<ul>\n<li><strong>eP\u00e8rgam. <\/strong>\u00c9s el programa que s&#8217;utilitza per a la catalogaci\u00f3 dels llibres de la Biblioteca i que properament permetr\u00e0 la gesti\u00f3 dels pr\u00e9stecs.<\/li>\n<\/ul>\n<p><a href=\"https:\/\/agora.xtec.cat\/insgurb\/wp-content\/uploads\/usu1744\/2023\/05\/ePergam.png\"><img loading=\"lazy\" decoding=\"async\" class=\"alignnone wp-image-4762 \" src=\"https:\/\/agora.xtec.cat\/insgurb\/wp-content\/uploads\/usu1744\/2023\/05\/ePergam.png\" alt=\"\" width=\"326\" height=\"108\" srcset=\"https:\/\/agora.xtec.cat\/insgurb\/wp-content\/uploads\/usu1744\/2023\/05\/ePergam.png 389w, https:\/\/agora.xtec.cat\/insgurb\/wp-content\/uploads\/usu1744\/2023\/05\/ePergam-300x99.png 300w\" sizes=\"auto, (max-width: 326px) 100vw, 326px\" \/><\/a><\/p>\n<ul>\n<li><strong>Canva for education. <\/strong>Aquesta aplicaci\u00f3 permet crear p\u00f2ster digitals a l&#8217;alumnat i professorat. El centre hi est\u00e0 registrat i aix\u00f2 dona els serveis de la versi\u00f3 Premium a tota la comunitat educativa.<\/li>\n<\/ul>\n<p><a href=\"https:\/\/agora.xtec.cat\/insgurb\/wp-content\/uploads\/usu1744\/2023\/05\/Canva.png\"><img loading=\"lazy\" decoding=\"async\" class=\"alignnone wp-image-4765\" src=\"https:\/\/agora.xtec.cat\/insgurb\/wp-content\/uploads\/usu1744\/2023\/05\/Canva.png\" alt=\"\" width=\"320\" height=\"136\" srcset=\"https:\/\/agora.xtec.cat\/insgurb\/wp-content\/uploads\/usu1744\/2023\/05\/Canva.png 399w, https:\/\/agora.xtec.cat\/insgurb\/wp-content\/uploads\/usu1744\/2023\/05\/Canva-300x128.png 300w\" sizes=\"auto, (max-width: 320px) 100vw, 320px\" \/><\/a><\/p>\n<ul>\n<li><strong>Domini.cat. <\/strong>El centre t\u00e9 el domini propi <a href=\"http:\/\/institutdegurb.cat\">institutdegurb.cat<\/a>.<\/li>\n<\/ul>\n<p><a href=\"https:\/\/agora.xtec.cat\/insgurb\/wp-content\/uploads\/usu1744\/2023\/05\/domini.jpg\"><img loading=\"lazy\" decoding=\"async\" class=\"alignnone wp-image-4767\" src=\"https:\/\/agora.xtec.cat\/insgurb\/wp-content\/uploads\/usu1744\/2023\/05\/domini.jpg\" alt=\"\" width=\"307\" height=\"95\" \/><\/a><\/p>\n<ul>\n<li><strong>Nodes<\/strong> \u00e9s la plataforma on s&#8217;allotja la p\u00e0gina web del centre. Pertany al Departament d&#8217;Educaci\u00f3 de la Generalitat de Catalunya.<\/li>\n<\/ul>\n<p><a href=\"https:\/\/agora.xtec.cat\/insgurb\/wp-content\/uploads\/usu1744\/2023\/05\/nodes.png\"><img loading=\"lazy\" decoding=\"async\" class=\"alignnone wp-image-4770\" src=\"https:\/\/agora.xtec.cat\/insgurb\/wp-content\/uploads\/usu1744\/2023\/05\/nodes.png\" alt=\"\" width=\"315\" height=\"98\" srcset=\"https:\/\/agora.xtec.cat\/insgurb\/wp-content\/uploads\/usu1744\/2023\/05\/nodes.png 402w, https:\/\/agora.xtec.cat\/insgurb\/wp-content\/uploads\/usu1744\/2023\/05\/nodes-300x93.png 300w\" sizes=\"auto, (max-width: 315px) 100vw, 315px\" \/><\/a><\/p>\n<ul>\n<li><strong>Xarxes socials. <\/strong>Per a la difusi\u00f3 de les activitats que es duen a terme al centre en el seu dia a dia s&#8217;utilitzen les xarxes socials seg\u00fcents:\n<ul>\n<li>Instagram (institutdegurb)<\/li>\n<li>Facebook (Ins de Gurb)<\/li>\n<li>Twitter (@institutdegurb)<\/li>\n<\/ul>\n<\/li>\n<\/ul>\n<p>&nbsp;<\/p>\n","protected":false},"excerpt":{"rendered":"<p>L\u2019Institut de Gurb utilitza els serveis\u00a0digitals\u00a0seg\u00fcents:<\/p>\n<ul>\n<li><a href=\"http:\/\/agora.xtec.cat\/insgurb\/moodle\">Moodle.<\/a> \u00c9s l&#8217;entorn virtual d&#8217;aprenentatge que s&#8217;utilitza a tots els cursos. El professorat l&#8217;utilitza per compartir tota la informaci\u00f3 de la mat\u00e8ria amb l&#8217;alumnat. Tamb\u00e9 s&#8217;hi recullen les tasques i lliuraments de l&#8217;alumnat i s&#8217;utilitza per fer-los el retorn.<\/li>\n<\/ul>\n<p><a&hellip;  <a href=\"https:\/\/agora.xtec.cat\/insgurb\/serveis\/serveis-digitals\/\" title=\"Read Serveis digitals\">Llegeix m\u00e9s\u00bb<\/a><\/p>\n","protected":false},"author":1,"featured_media":0,"parent":63,"menu_order":10,"comment_status":"closed","ping_status":"closed","template":"page-templates\/side-menu.php","meta":{"_bbp_topic_count":0,"_bbp_reply_count":0,"_bbp_total_topic_count":0,"_bbp_total_reply_count":0,"_bbp_voice_count":0,"_bbp_anonymous_reply_count":0,"_bbp_topic_count_hidden":0,"_bbp_reply_count_hidden":0,"_bbp_forum_subforum_count":0,"footnotes":""},"class_list":["post-65","page","type-page","status-publish","hentry"],"post_mailing_queue_ids":[],"_links":{"self":[{"href":"https:\/\/agora.xtec.cat\/insgurb\/wp-json\/wp\/v2\/pages\/65","targetHints":{"allow":["GET"]}}],"collection":[{"href":"https:\/\/agora.xtec.cat\/insgurb\/wp-json\/wp\/v2\/pages"}],"about":[{"href":"https:\/\/agora.xtec.cat\/insgurb\/wp-json\/wp\/v2\/types\/page"}],"author":[{"embeddable":true,"href":"https:\/\/agora.xtec.cat\/insgurb\/wp-json\/wp\/v2\/users\/1"}],"replies":[{"embeddable":true,"href":"https:\/\/agora.xtec.cat\/insgurb\/wp-json\/wp\/v2\/comments?post=65"}],"version-history":[{"count":4,"href":"https:\/\/agora.xtec.cat\/insgurb\/wp-json\/wp\/v2\/pages\/65\/revisions"}],"predecessor-version":[{"id":4897,"href":"https:\/\/agora.xtec.cat\/insgurb\/wp-json\/wp\/v2\/pages\/65\/revisions\/4897"}],"up":[{"embeddable":true,"href":"https:\/\/agora.xtec.cat\/insgurb\/wp-json\/wp\/v2\/pages\/63"}],"wp:attachment":[{"href":"https:\/\/agora.xtec.cat\/insgurb\/wp-json\/wp\/v2\/media?parent=65"}],"curies":[{"name":"wp","href":"https:\/\/api.w.org\/{rel}","templated":true}]}}